000
CXUS51 KRNK 011324
CLMBLF


CLIMATE REPORT
NATIONAL WEATHER SERVICE BLACKSBURG VA
859 AM EDT FRI JUN 1 2018

...................................

...THE BLUEFIELD WV CLIMATE SUMMARY FOR THE MONTH OF MAY 2018...

CLIMATE NORMAL PERIOD 1981 TO 2010
CLIMATE RECORD PERIOD 1959 TO 2018

WEATHER         OBSERVED          NORMAL  DEPART  LAST YEAR`S
                 VALUE   DATE(S)  VALUE   FROM    VALUE
                                          NORMAL
.............................................................
TEMPERATURE (F)
RECORD
 HIGH              90   05/31/2011
 LOW               24   05/10/1966
HIGHEST            82   05/14                         84
                        05/13
LOWEST             46   05/07                         37
AVG. MAXIMUM     74.7              72.1     2.6     67.8
AVG. MINIMUM     58.2              53.2     5.0     51.5
MEAN             66.4              62.6     3.8     59.6
DAYS MAX >= 90      0               0.1    -0.1        0
DAYS MAX <= 32      0               0.0     0.0        0
DAYS MIN <= 32      0               0.0     0.0        0
DAYS MIN <= 0       0               0.0     0.0        0

PRECIPITATION (INCHES)
RECORD
 MAXIMUM         7.97   2001
 MINIMUM         1.40   1969
TOTALS           5.42              4.31    1.11     6.78
DAILY AVG.       0.17              0.14    0.03     0.22
DAYS >= .01        17              14.6     2.4       21
DAYS >= .10        12               9.6     2.4       14
DAYS >= .50         5               2.8     2.2        6
DAYS >= 1.00        0               0.9    -0.9        1
GREATEST
 24 HR. TOTAL    0.86                               1.22

SNOWFALL (INCHES)
TOTALS            0.0                                0.0
DAYS >= TRACE       0                                  0
DAYS >= 1.0         0                                  0
GREATEST
 24 HR TOTAL      0.0                                0.0

DEGREE_DAYS
HEATING TOTAL      38               136     -98      187
COOLING TOTAL      89                63      26       30
..............................................................

WIND (MPH)
AVERAGE WIND SPEED              6.2
HIGHEST WIND SPEED/DIRECTION    25/230    DATE  05/19
HIGHEST GUST SPEED/DIRECTION    33/240    DATE  05/19

SKY COVER
AVERAGE SKY COVER           0.50

AVERAGE RH (PERCENT)     73

WEATHER CONDITIONS. NUMBER OF DAYS WITH:
THUNDERSTORM             11     MIXED PRECIP                 0
HEAVY RAIN                9     RAIN                        12
LIGHT RAIN               18     FREEZING RAIN                0
LT FREEZING RAIN          0     HAIL                         0
HEAVY SNOW                0     SNOW                         0
LIGHT SNOW                0     SLEET                        0
FOG                      18     FOG W/VIS <= 1/4 MILE        2
HAZE                      0

-  INDICATES NEGATIVE NUMBERS.
R  INDICATES RECORD WAS SET OR TIED.
MM INDICATES DATA IS MISSING.
T  INDICATES TRACE AMOUNT.

$$
