000
CXUS51 KRNK 020219
CLMBLF


CLIMATE REPORT
NATIONAL WEATHER SERVICE BLACKSBURG VA
852 PM EST SAT DEC 1 2018

...................................

...THE BLUEFIELD WV CLIMATE SUMMARY FOR THE MONTH OF NOVEMBER 2018...

CLIMATE NORMAL PERIOD 1981 TO 2010
CLIMATE RECORD PERIOD 1909 TO 2018

WEATHER         OBSERVED          NORMAL  DEPART  LAST YEAR`S
                 VALUE   DATE(S)  VALUE   FROM    VALUE
                                          NORMAL
.............................................................
TEMPERATURE (F)
RECORD
 HIGH              81   11/14/1993
 LOW                7   11/25/1970
                        11/24/1970
HIGHEST            64   11/01                         69
LOWEST             12   11/29                         20
AVG. MAXIMUM     46.4              55.6    -9.2     53.5
AVG. MINIMUM     31.3              38.6    -7.3     36.0
MEAN             38.8              47.1    -8.3     44.7
DAYS MAX >= 90      0               0.0     0.0        0
DAYS MAX <= 32      3               0.8     2.2        0
DAYS MIN <= 32     18               8.3     9.7       13
DAYS MIN <= 0       0               0.0     0.0        0

PRECIPITATION (INCHES)
RECORD
 MAXIMUM         5.63   1985
 MINIMUM         0.46   2001
TOTALS           4.70              2.69    2.01     1.37
DAILY AVG.       0.16              0.09    0.07     0.05
DAYS >= .01        18              11.0     7.0       13
DAYS >= .10         8               5.9     2.1        3
DAYS >= .50         4               1.6     2.4        1
DAYS >= 1.00        0               0.4    -0.4        0
GREATEST
 24 HR. TOTAL    0.83                               0.52

SNOWFALL (INCHES)
TOTALS            2.9                                  T
DAYS >= TRACE      11                                  1
DAYS >= 1.0         1                                  0
GREATEST
 24 HR TOTAL      1.7                                  T

DEGREE_DAYS
HEATING TOTAL     777               539     238      602
COOLING TOTAL       0                 2      -2        0
..............................................................

WIND (MPH)
AVERAGE WIND SPEED              7.5
HIGHEST WIND SPEED/DIRECTION    33/240    DATE  11/26
HIGHEST GUST SPEED/DIRECTION    46/240    DATE  11/26

SKY COVER
AVERAGE SKY COVER           0.60

AVERAGE RH (PERCENT)     74

WEATHER CONDITIONS. NUMBER OF DAYS WITH
THUNDERSTORM              1     MIXED PRECIP                 0
HEAVY RAIN                4     RAIN                         8
LIGHT RAIN               19     FREEZING RAIN                2
LIGHT FREEZING RAIN       5     HAIL                         0
HEAVY SNOW                0     SNOW                         1
LIGHT SNOW                9     SLEET                        3
FOG                      20     FOG W/VIS <= 1/4 MILE        2
HAZE                      0

-  INDICATES NEGATIVE NUMBERS.
R  INDICATES RECORD WAS SET OR TIED.
MM INDICATES DATA IS MISSING.
T  INDICATES TRACE AMOUNT.

$$

RAB
