000
CXUS56 KSEW 011035
CLMBLI


CLIMATE REPORT
NATIONAL WEATHER SERVICE SEATTLE WA
335 AM PDT SUN JUL 1 2018

...................................

...THE BELLINGHAM WA AIRPORT CLIMATE SUMMARY FOR THE MONTH OF JUNE 2018...

CLIMATE NORMAL PERIOD 1981 TO 2010
CLIMATE RECORD PERIOD 1949 TO 2018

WEATHER         OBSERVED          NORMAL  DEPART  LAST YEAR`S
                 VALUE   DATE(S)  VALUE   FROM    VALUE  DATE(S)
                                          NORMAL
................................................................
TEMPERATURE (F)
RECORD
 HIGH              93   06/09/1955
 LOW               37   06/02/1999
                        06/02/1954
                        06/13/1952
HIGHEST            83   06/18        MM      MM       86  06/24
LOWEST             43   06/12        MM      MM       42  06/05
AVG. MAXIMUM     67.9              66.6     1.3     68.9
AVG. MINIMUM     52.0              50.3     1.7     52.0
MEAN             59.9              58.5     1.4     60.5
DAYS MAX >= 90      0               0.0     0.0        0
DAYS MAX <= 32      0               0.0     0.0        0
DAYS MIN <= 32      0               0.0     0.0        0
DAYS MIN <= 0       0               0.0     0.0        0

PRECIPITATION (INCHES)
RECORD
 MAXIMUM         4.78   1971
 MINIMUM         0.25   1977
TOTALS           0.89              1.86   -0.97     0.95
DAILY AVG.       0.03              0.06   -0.03     0.03
DAYS >= .01        10              10.0     0.0        8
DAYS >= .10         3               5.4    -2.4        3
DAYS >= .50         0               0.9    -0.9        0
DAYS >= 1.00        0               0.1    -0.1        0
GREATEST
 24 HR. TOTAL    0.29   06/08 TO 06/08

DEGREE_DAYS
HEATING TOTAL     156               201     -45      137
COOLING TOTAL      13                 4       9       10
 SINCE 1/1         14                 4      10       12
.................................................................

WIND (MPH)
AVERAGE WIND SPEED              6.8
HIGHEST WIND SPEED/DIRECTION    26/150    DATE  06/08
HIGHEST GUST SPEED/DIRECTION    38/150    DATE  06/08

SKY COVER
POSSIBLE SUNSHINE (PERCENT)   MM
AVERAGE SKY COVER           0.50
NUMBER OF DAYS FAIR           10
NUMBER OF DAYS PC             12
NUMBER OF DAYS CLOUDY          8

AVERAGE RH (PERCENT)     69

WEATHER CONDITIONS. NUMBER OF DAYS WITH
  0
  3
  0
  0
  0
  0
  0
HAZE                      0

-  INDICATES NEGATIVE NUMBERS.
R  INDICATES RECORD WAS SET OR TIED.
MM INDICATES DATA IS MISSING.
T  INDICATES TRACE AMOUNT.

$$
