000
CXUS53 KIND 011627
CLMBMG


CLIMATE REPORT
NATIONAL WEATHER SERVICE INDIANAPOLIS IN
1211 PM EDT SAT SEP 1 2018

...................................

...THE BLOOMINGTON IN CLIMATE SUMMARY FOR THE MONTH OF AUGUST 2018...

CLIMATE NORMAL PERIOD 1981 TO 2010
CLIMATE RECORD PERIOD 9999 TO 9999

WEATHER         OBSERVED          NORMAL  DEPART  LAST YEAR`S
                 VALUE   DATE(S)  VALUE   FROM    VALUE  DATE(S)
                                          NORMAL
................................................................
TEMPERATURE (F)
HIGHEST            92   08/28                         92  08/20
LOWEST             52   08/23                         50  08/26
                                                          08/24
                                                          08/05
AVG. MAXIMUM     84.9              84.4     0.5     83.3
AVG. MINIMUM     65.0              61.5     3.5     58.9
MEAN             75.0              73.0     2.0     71.1
DAYS MAX >= 90      5               4.1     0.9        2
DAYS MAX <= 32      0               0.0     0.0        0
DAYS MIN <= 32      0               0.0     0.0        0
DAYS MIN <= 0       0               0.0     0.0        0

PRECIPITATION (INCHES)
TOTALS           4.65              3.52    1.13     0.74
DAILY AVG.       0.15              0.11    0.04     0.02
DAYS >= .01        12                MM      MM        8
DAYS >= .10         8                MM      MM        2
DAYS >= .50         3                MM      MM        0
DAYS >= 1.00        1                MM      MM        0
GREATEST
 24 HR. TOTAL    1.49   07/31 TO 08/01

DEGREE_DAYS
HEATING TOTAL       2                 5      -3        3
 SINCE 7/1          2                 7      -5        3
COOLING TOTAL     317               251      66      198
 SINCE 1/1       1193               817     376      888
.................................................................

WIND (MPH)
AVERAGE WIND SPEED              4.3
HIGHEST WIND SPEED/DIRECTION    21/220    DATE  08/31
HIGHEST GUST SPEED/DIRECTION    29/180    DATE  08/20

SKY COVER
POSSIBLE SUNSHINE (PERCENT)   MM
AVERAGE SKY COVER           0.30
NUMBER OF DAYS FAIR           17
NUMBER OF DAYS PC             13
NUMBER OF DAYS CLOUDY          1

AVERAGE RH (PERCENT)     80

WEATHER CONDITIONS. NUMBER OF DAYS WITH
THUNDERSTORM              5     MIXED PRECIP                0
HEAVY RAIN                5     RAIN                        6
LIGHT RAIN               10     FREEZING RAIN               0
LT FREEZING RAIN          0     HAIL                        0
HEAVY SNOW                0     SNOW                        0
LIGHT SNOW                0     SLEET                       0
FOG                      23     FOG W/VIS <= 1/4 MILE       4
HAZE                      6


-  INDICATES NEGATIVE NUMBERS.
R  INDICATES RECORD WAS SET OR TIED.
MM INDICATES DATA IS MISSING.
T  INDICATES TRACE AMOUNT.

$$
