000
CXUS53 KIND 011620
CLMBMG


CLIMATE REPORT
NATIONAL WEATHER SERVICE INDIANAPOLIS IN
1110 AM EST SAT DEC 1 2018

...................................

...THE BLOOMINGTON IN CLIMATE SUMMARY FOR THE MONTH OF NOVEMBER 2018...

CLIMATE NORMAL PERIOD 1981 TO 2010
CLIMATE RECORD PERIOD 9999 TO 9999

WEATHER         OBSERVED          NORMAL  DEPART  LAST YEAR`S
                 VALUE   DATE(S)  VALUE   FROM    VALUE  DATE(S)
                                          NORMAL
................................................................
TEMPERATURE (F)
HIGHEST            63   11/25                         72  11/05
LOWEST             17   11/28                         23  11/26
AVG. MAXIMUM     46.1              53.8    -7.7     54.6
AVG. MINIMUM     30.7              33.8    -3.1     34.9
MEAN             38.4              43.8    -5.4     44.7
DAYS MAX >= 90      0               0.0     0.0        0
DAYS MAX <= 32      2               0.4     1.6        0
DAYS MIN <= 32     19              13.9     5.1       15
DAYS MIN <= 0       0               0.0     0.0        0

PRECIPITATION (INCHES)
TOTALS           3.56              3.94   -0.38     5.43
DAILY AVG.       0.12              0.13   -0.01     0.18
DAYS >= .01        12                MM      MM       11
DAYS >= .10         7                MM      MM        8
DAYS >= .50         1                MM      MM        5
DAYS >= 1.00        1                MM      MM        1
GREATEST
 24 HR. TOTAL    2.21   11/01 TO 11/01

DEGREE_DAYS
HEATING TOTAL     792               637     155      601
 SINCE 7/1       1190              1056     134      917
COOLING TOTAL       0                 1      -1        0
 SINCE 1/1       1507               927     580     1088
.................................................................

WIND (MPH)
AVERAGE WIND SPEED              7.0
HIGHEST WIND SPEED/DIRECTION    25/220    DATE  11/26
HIGHEST GUST SPEED/DIRECTION    38/270    DATE  11/26

SKY COVER
POSSIBLE SUNSHINE (PERCENT)   MM
AVERAGE SKY COVER           0.60
NUMBER OF DAYS FAIR            7
NUMBER OF DAYS PC             10
NUMBER OF DAYS CLOUDY         13

AVERAGE RH (PERCENT)     80

WEATHER CONDITIONS. NUMBER OF DAYS WITH
THUNDERSTORM              1     MIXED PRECIP                0
HEAVY RAIN                2     RAIN                        5
LIGHT RAIN               12     FREEZING RAIN               2
LT FREEZING RAIN          3     HAIL                        0
HEAVY SNOW                0     SNOW                        1
LIGHT SNOW                7     SLEET                       2
FOG                      21     FOG W/VIS <= 1/4 MILE       2
HAZE                      3


-  INDICATES NEGATIVE NUMBERS.
R  INDICATES RECORD WAS SET OR TIED.
MM INDICATES DATA IS MISSING.
T  INDICATES TRACE AMOUNT.

$$
