000
CXUS53 KIND 011516
CLMBMG


CLIMATE REPORT
NATIONAL WEATHER SERVICE INDIANAPOLIS IN
1116 AM EDT FRI JUN 1 2018

...................................

...THE BLOOMINGTON IN CLIMATE SUMMARY FOR THE MONTH OF MAY 2018...

CLIMATE NORMAL PERIOD 1981 TO 2010
CLIMATE RECORD PERIOD 9999 TO 9999

WEATHER         OBSERVED          NORMAL  DEPART  LAST YEAR`S
                 VALUE   DATE(S)  VALUE   FROM    VALUE  DATE(S)
                                          NORMAL
................................................................
TEMPERATURE (F)
HIGHEST            92   05/28                         86  05/18
                                                          05/16
LOWEST             42   05/01                         36  05/08
AVG. MAXIMUM     83.5              73.8     9.7     73.5
AVG. MINIMUM     60.8              51.4     9.4     52.9
MEAN             72.2              62.6     9.6     63.2
DAYS MAX >= 90      4               0.3     3.7        0
DAYS MAX <= 32      0               0.0     0.0        0
DAYS MIN <= 32      0               0.2    -0.2        0
DAYS MIN <= 0       0               0.0     0.0        0

PRECIPITATION (INCHES)
TOTALS           3.47              5.24   -1.77     6.20
DAILY AVG.       0.11              0.17   -0.06     0.20
DAYS >= .01        12                MM      MM       15
DAYS >= .10         8                MM      MM       11
DAYS >= .50         4                MM      MM        6
DAYS >= 1.00        0                MM      MM        1
GREATEST
 24 HR. TOTAL    0.73   05/21 TO 05/21

DEGREE_DAYS
HEATING TOTAL      10               137    -127      136
 SINCE 7/1       5128              5251    -123     4117
COOLING TOTAL     240                63     177       86
 SINCE 1/1        253                82     171      131
.................................................................

WIND (MPH)
AVERAGE WIND SPEED              6.5
HIGHEST WIND SPEED/DIRECTION    36/250    DATE  05/31
HIGHEST GUST SPEED/DIRECTION    47/240    DATE  05/31

SKY COVER
POSSIBLE SUNSHINE (PERCENT)   MM
AVERAGE SKY COVER           0.20
NUMBER OF DAYS FAIR           23
NUMBER OF DAYS PC              7
NUMBER OF DAYS CLOUDY          1

AVERAGE RH (PERCENT)     70

WEATHER CONDITIONS. NUMBER OF DAYS WITH
THUNDERSTORM             13     MIXED PRECIP                0
HEAVY RAIN                4     RAIN                        3
LIGHT RAIN               13     FREEZING RAIN               0
LT FREEZING RAIN          0     HAIL                        0
HEAVY SNOW                0     SNOW                        0
LIGHT SNOW                0     SLEET                       0
FOG                      16     FOG W/VIS <= 1/4 MILE       1
HAZE                      4

-  INDICATES NEGATIVE NUMBERS.
R  INDICATES RECORD WAS SET OR TIED.
MM INDICATES DATA IS MISSING.
T  INDICATES TRACE AMOUNT.

$$
