000
CXUS54 KOHX 100741
CLMBNA


CLIMATE REPORT
NATIONAL WEATHER SERVICE NASHVILLE TN
240 AM CDT TUE APR 10 2018

...................................

...THE NASHVILLE CLIMATE SUMMARY FOR THE MONTH OF MARCH 2018...

CLIMATE NORMAL PERIOD 1981 TO 2010
CLIMATE RECORD PERIOD 1871 TO 2018

WEATHER         OBSERVED          NORMAL  DEPART  LAST YEAR`S
                 VALUE   DATE(S)  VALUE   FROM    VALUE
                                          NORMAL
.............................................................
TEMPERATURE (F)
RECORD
 HIGH              89   03/21/1907
 LOW                2   03/03/1980
HIGHEST            80   03/17
LOWEST             26   03/09
AVG. MAXIMUM     60.5              61.0    -0.5
AVG. MINIMUM     40.4              39.0     1.4
MEAN             50.5              50.0     0.5     53.5
DAYS MAX >= 90      0
DAYS MAX <= 32      0
DAYS MIN <= 32      5
DAYS MIN <= 0       0

PRECIPITATION (INCHES)
RECORD
 MAXIMUM        12.35   1975
 MINIMUM         0.85   1910
TOTALS           4.83              4.11    0.72
DAYS >= .01        15
DAYS >= .10         9
DAYS >= .50         4
DAYS >= 1.00        1
GREATEST
 24 HR. TOTAL    1.55   03/28 TO 03/28

SNOWFALL (INCHES)
TOTALS            0.6               0.9    -0.3
SINCE 7/1         3.0                      -3.3
DAYS >= TRACE       4
DAYS >= 1.0         0

DEGREE_DAYS
HEATING TOTAL     444               473     -29
 SINCE 7/1       3091              3411    -320
COOLING TOTAL       2                 8      -6
 SINCE 1/1         23                 8      15
..............................................................

WIND (MPH)
AVERAGE WIND SPEED              8.5
HIGHEST GUST SPEED/DIRECTION    39/290    DATE  03/06

SKY COVER
POSSIBLE SUNSHINE (PERCENT)   MM
AVERAGE SKY COVER           0.60
NUMBER OF DAYS FAIR            6
NUMBER OF DAYS PC             11
NUMBER OF DAYS CLOUDY         14

AVERAGE RH (PERCENT)     63

WEATHER CONDITIONS. NUMBER OF DAYS WITH
THUNDERSTORM              0     MIXED PRECIP               0
HEAVY RAIN                4     RAIN                       5
LIGHT RAIN               14     FREEZING RAIN              0
LT FREEZING RAIN          0     HAIL                       0
HEAVY SNOW                0     SNOW                       0
LIGHT SNOW                4     SLEET                      0
FOG                      18     FOG W/VIS <= 1/4 MILE      0
HAZE                      7

-  INDICATES NEGATIVE NUMBERS.
R  INDICATES RECORD WAS SET OR TIED.
MM INDICATES DATA IS MISSING.
T  INDICATES TRACE AMOUNT.

$$
