000
CXUS54 KOHX 020724
CLMBNA


CLIMATE REPORT
NATIONAL WEATHER SERVICE NASHVILLE TN
201 AM CDT TUE OCT 2 2018

...................................

...THE NASHVILLE CLIMATE SUMMARY FOR THE MONTH OF SEPTEMBER 2018...

CLIMATE NORMAL PERIOD 1981 TO 2010
CLIMATE RECORD PERIOD 1871 TO 2018

WEATHER         OBSERVED          NORMAL  DEPART  LAST YEAR`S
                 VALUE   DATE(S)  VALUE   FROM    VALUE
                                          NORMAL
.............................................................
TEMPERATURE (F)
RECORD
 HIGH             105   09/05/1954
 LOW               36   09/24/1983
                        09/22/1983
                        09/30/1949
HIGHEST            97   09/20
LOWEST             55   09/28
AVG. MAXIMUM     86.3              82.4     3.9
AVG. MINIMUM     68.3              60.7     7.6
MEAN             77.3              71.5     5.8     71.8
DAYS MAX >= 90     14
DAYS MAX <= 32      0
DAYS MIN <= 32      0
DAYS MIN <= 0       0

PRECIPITATION (INCHES)
RECORD
 MAXIMUM        11.44   1979
 MINIMUM         0.13   1903
TOTALS           6.90              3.41    3.49
DAYS >= .01        12
DAYS >= .10         9
DAYS >= .50         6
DAYS >= 1.00        1
GREATEST
 24 HR. TOTAL    1.87   09/23 TO 09/23

SNOWFALL (INCHES)
TOTALS            0.0               0.0     0.0
SINCE 7/1         0.0                       0.0
DAYS >= TRACE       0
DAYS >= 1.0         0

DEGREE_DAYS
HEATING TOTAL       2                24     -22
 SINCE 7/1          2                24     -22
COOLING TOTAL     381               220     161
 SINCE 1/1       2198              1594     604
..............................................................

WIND (MPH)
AVERAGE WIND SPEED              5.3
HIGHEST GUST SPEED/DIRECTION    41/190    DATE  09/06

SKY COVER
POSSIBLE SUNSHINE (PERCENT)   MM
AVERAGE SKY COVER           0.60
NUMBER OF DAYS FAIR            8
NUMBER OF DAYS PC             11
NUMBER OF DAYS CLOUDY         11

AVERAGE RH (PERCENT)     71



-  INDICATES NEGATIVE NUMBERS.
R  INDICATES RECORD WAS SET OR TIED.
MM INDICATES DATA IS MISSING.
T  INDICATES TRACE AMOUNT.

$$
