000
CXUS54 KOHX 012159
CLMBNA


CLIMATE REPORT
NATIONAL WEATHER SERVICE NASHVILLE TN
354 PM CST TUE JAN 1 2019

...................................

...THE NASHVILLE CLIMATE SUMMARY FOR THE MONTH OF DECEMBER 2018...

CLIMATE NORMAL PERIOD 1981 TO 2010
CLIMATE RECORD PERIOD 1871 TO 2018

WEATHER         OBSERVED          NORMAL  DEPART  LAST YEAR`S
                 VALUE   DATE(S)  VALUE   FROM    VALUE
                                          NORMAL
.............................................................
TEMPERATURE (F)
RECORD
 HIGH              79   12/03/1982
 LOW              -10   12/22/1989
HIGHEST            71   12/02
LOWEST             20   12/11
AVG. MAXIMUM     53.1              49.5     3.6
AVG. MINIMUM     36.8              31.3     5.5
MEAN             45.0              40.4     4.6     40.3
DAYS MAX >= 90      0
DAYS MAX <= 32      0
DAYS MIN <= 32     10
DAYS MIN <= 0       0

PRECIPITATION (INCHES)
RECORD
 MAXIMUM        13.63   1978
 MINIMUM         0.91   1935
TOTALS           5.41              4.24    1.17
DAYS >= .01        14
DAYS >= .10        11
DAYS >= .50         4
DAYS >= 1.00        1
GREATEST
 24 HR. TOTAL    1.97   12/31 TO 12/31

SNOWFALL (INCHES)
TOTALS            0.2R              0.5    -0.3
SINCE 7/1         0.2                      -0.3
DAYS >= TRACE       3
DAYS >= 1.0         0

DEGREE_DAYS
HEATING TOTAL     613               763    -150
 SINCE 7/1       1356              1437     -81
COOLING TOTAL       0                 1      -1
 SINCE 1/1       2336              1646     690
..............................................................

WIND (MPH)
AVERAGE WIND SPEED              7.1
HIGHEST GUST SPEED/DIRECTION    51/140    DATE  12/01

SKY COVER
POSSIBLE SUNSHINE (PERCENT)    0
AVERAGE SKY COVER           0.70
NUMBER OF DAYS FAIR            5
NUMBER OF DAYS PC              8
NUMBER OF DAYS CLOUDY         18

AVERAGE RH (PERCENT)     69


-  INDICATES NEGATIVE NUMBERS.
R  INDICATES RECORD WAS SET OR TIED.
MM INDICATES DATA IS MISSING.
T  INDICATES TRACE AMOUNT.

$$
