000
CXUS54 KOHX 070227
CLMBNA


CLIMATE REPORT
NATIONAL WEATHER SERVICE NASHVILLE TN
917 PM CDT FRI JUL 6 2018

...................................

...THE NASHVILLE CLIMATE SUMMARY FOR THE MONTH OF JUNE 2018...

CLIMATE NORMAL PERIOD 1981 TO 2010
CLIMATE RECORD PERIOD 1871 TO 2018

WEATHER         OBSERVED          NORMAL  DEPART  LAST YEAR`S
                 VALUE   DATE(S)  VALUE   FROM    VALUE
                                          NORMAL
.............................................................
TEMPERATURE (F)
RECORD
 HIGH             109   06/29/2012
 LOW               42   06/01/1966
                        06/01/1894
HIGHEST            96   06/17
                        06/16
LOWEST             60   06/06
                        06/04
AVG. MAXIMUM     90.2              86.0     4.2
AVG. MINIMUM     69.3              65.4     3.9
MEAN             79.7              75.7     4.0     76.2
DAYS MAX >= 90     19
DAYS MAX <= 32      0
DAYS MIN <= 32      0
DAYS MIN <= 0       0

PRECIPITATION (INCHES)
RECORD
 MAXIMUM        11.95   1998
 MINIMUM         0.21   1936
TOTALS           3.82              4.14   -0.32
DAYS >= .01        10
DAYS >= .10         8
DAYS >= .50         2
DAYS >= 1.00        1
GREATEST
 24 HR. TOTAL    1.51   06/10 TO 06/10

SNOWFALL (INCHES)
TOTALS            0.0               0.0     0.0
SINCE 7/1         3.0                      -3.3
DAYS >= TRACE       0
DAYS >= 1.0         0

DEGREE_DAYS
HEATING TOTAL       0                 3      -3
 SINCE 7/1       3387              3688    -301
COOLING TOTAL     450               324     126
 SINCE 1/1        818               503     315
..............................................................

WIND (MPH)
AVERAGE WIND SPEED              5.3
HIGHEST GUST SPEED/DIRECTION    43/330    DATE  06/17

SKY COVER
POSSIBLE SUNSHINE (PERCENT)   MM
AVERAGE SKY COVER           0.50
NUMBER OF DAYS FAIR            5
NUMBER OF DAYS PC             21
NUMBER OF DAYS CLOUDY          4

AVERAGE RH (PERCENT)     69

WEATHER CONDITIONS. NUMBER OF DAYS WITH
THUNDERSTORM             13     MIXED PRECIP              0
HEAVY RAIN                4     RAIN                      3
LIGHT RAIN               14     FREEZING RAIN             0
LT FREEZING RAIN          0     HAIL                      0
HEAVY SNOW                0     SNOW                      0
LIGHT SNOW                0     SLEET                     0
FOG                       10    FOG W/VIS <= 1/4 MILE     0
HAZE                      3

-  INDICATES NEGATIVE NUMBERS.
R  INDICATES RECORD WAS SET OR TIED.
MM INDICATES DATA IS MISSING.
T  INDICATES TRACE AMOUNT.

$$
