000
CXUS56 KBOI 062130
CLMBNO

CLIMATE REPORT
NATIONAL WEATHER SERVICE BOISE ID
330 PM MDT WED JUN 6 2018...CORRECTED

...................................

...THE BURNS OR CLIMATE SUMMARY FOR THE MONTH OF MAY 2018...

CLIMATE NORMAL PERIOD 1981 TO 2010
CLIMATE RECORD PERIOD 1938 TO 2018

WEATHER         OBSERVED          NORMAL  DEPART
                 VALUE   DATE(S)  VALUE   FROM
                                          NORMAL
................................................
TEMPERATURE (F)
HIGHEST            84   05/08        MM      MM
LOWEST             26   05/03        MM      MM
AVG. MAXIMUM     71.7              66.1     5.6
AVG. MINIMUM     39.0              36.4     2.6
MEAN             55.4              51.2     4.2
DAYS MAX >= 90      0
DAYS MAX <= 32      0
DAYS MIN <= 32      4
DAYS MIN <= 0       0

PRECIPITATION (INCHES)
RECORD
 MAXIMUM         3.26   2005
TOTALS           1.11              1.23   -0.43
DAYS >= .01         8
DAYS >= .10         4
DAYS >= .50         0
DAYS >= 1.00        0
GREATEST
 24 HR. TOTAL    0.31   05/25 TO 05/25

DEGREE_DAYS
HEATING TOTAL     292               430    -138
 SINCE 7/1       7079              7470    -391
COOLING TOTAL       0                 3      -3
 SINCE 1/1          0                 3      -3
.................................................

WIND (MPH)
AVERAGE WIND SPEED              7.9
RESULTANT WIND SPEED/DIRECTION   4/293
HIGHEST WIND SPEED/DIRECTION    43/150    DATE  05/25
HIGHEST GUST SPEED/DIRECTION    57/150    DATE  05/25

AVERAGE RH (PERCENT)     60


-  INDICATES NEGATIVE NUMBERS.
R  INDICATES RECORD WAS SET OR TIED.
MM INDICATES DATA IS MISSING.
T  INDICATES TRACE AMOUNT.

$$
