000
CXUS56 KBOI 011730
CLMBNO


CLIMATE REPORT
NATIONAL WEATHER SERVICE BOISE ID
1028 AM MST SAT DEC 1 2018

...................................

...THE BURNS OR CLIMATE SUMMARY FOR THE MONTH OF NOVEMBER 2018...

CLIMATE NORMAL PERIOD 1981 TO 2010
CLIMATE RECORD PERIOD 1938 TO 2018

WEATHER         OBSERVED          NORMAL  DEPART
                 VALUE   DATE(S)  VALUE   FROM
                                          NORMAL
................................................
TEMPERATURE (F)
HIGHEST            61   11/02        MM      MM
LOWEST             -3   11/11        MM      MM
AVG. MAXIMUM     47.0              45.1     1.9
AVG. MINIMUM     13.8              21.5    -7.7
MEAN             30.4              33.3    -2.9
DAYS MAX >= 90      0
DAYS MAX <= 32      0
DAYS MIN <= 32     30
DAYS MIN <= 0       2

PRECIPITATION (INCHES)
RECORD
 MAXIMUM         3.45   1942
TOTALS           0.78              1.17   -0.39
DAYS >= .01         6
DAYS >= .10         4
DAYS >= .50         0
DAYS >= 1.00        0
GREATEST
 24 HR. TOTAL    0.35   11/23 TO 11/23

DEGREE_DAYS
HEATING TOTAL    1032               951      81
 SINCE 7/1       2133              2001     132
COOLING TOTAL       0                 0       0
 SINCE 1/1        235               215      20
.................................................

WIND (MPH)
AVERAGE WIND SPEED              5.5
RESULTANT WIND SPEED/DIRECTION   2/268
HIGHEST WIND SPEED/DIRECTION    31/270    DATE  11/04
HIGHEST GUST SPEED/DIRECTION    40/240    DATE  11/02

AVERAGE RH (PERCENT)     64


-  INDICATES NEGATIVE NUMBERS.
R  INDICATES RECORD WAS SET OR TIED.
MM INDICATES DATA IS MISSING.
T  INDICATES TRACE AMOUNT.

$$
