000
CXUS55 KRIW 011914
CLMBPI

CLIMATE REPORT
NATIONAL WEATHER SERVICE RIVERTON WY
1241 PM MDT SUN JUL 1 2018

...PRELIMINARY MONTHLY CLIMATE SUMMARY FOR THE MILEY MEMORIAL FIELD
NEAR BIG PINEY FOR THE MONTH OF JUNE 2018...

...OFFICIAL CLIMATE DATA FOR THE MONTH OF JUNE 2018 WILL BE AVAILABLE
APPROXIMATELY IN 60 DAYS FROM THE NATIONAL CENTERS FOR ENVIRONMENTAL
INFORMATION (HTTP://WWW.NCDC.NOAA.GOV/CDO-WEB/DATASETS). UNOFFICIAL
ASOS DAILY SUMMARIES ARE AVAILABLE ON THE INTERNET AT
HTTP://WWW.WEATHER.GOV/CLIMATE/INDEX.PHP?WFO=RIW

...JUNE WAS WARMER AND MUCH WETTER THAN AVERAGE FOR BIG PINEY...

THE AVERAGE TEMPERATURE FOR BIG PINEY IN JUNE WAS 56.4 DEGREES...
WHICH WAS 1.5 DEGREES ABOVE NORMAL.  THIS WAS THE SEVENTH WARMEST
JUNE ON RECORD. THE WARMEST READING FOR THE MONTH WAS 85 DEGREES ON
THE 13TH...27TH...AND 28TH...AND THE COLDEST WAS 24 DEGREES ON THE
11TH. A RECORD HIGH WAS TIED ON THE 13TH...WITH 85 DEGREES...AND A
RECORD HIGH WAS BROKEN ON THE 14TH...WITH 84 DEGREES. A LOW
TEMPERATURE RECORD WAS TIED ON THE 2ND WITH 27 DEGREES...FROM 2000.

BIG PINEY HAD A PRECIPITATION TOTAL OF 1.66 INCHES. THIS IS 210
PERCENT OF NORMAL...MAKING IT THE 3RD WETTEST JUNE ON RECORD. THE
WETTEST DAY FOR THE MONTH WAS ON THE 17TH WHEN 1.13 INCHES FELL.
THIS ALSO BROKE THE PREVIOUS DAILY RECORD OF 0.96 SET IN 2004. THE
HIGHEST WIND GUST WAS 53 MPH ON THE 8TH.

...THE BIG PINEY  WY CLIMATE SUMMARY FOR THE MONTH OF JUNE 2018...

CLIMATE NORMAL PERIOD 1981 TO 2010
CLIMATE RECORD PERIOD 1976 TO 2018

WEATHER         OBSERVED          NORMAL  DEPART
                 VALUE   DATE(S)  VALUE   FROM
                                          NORMAL
................................................
TEMPERATURE (F)
RECORD
 HIGH              93   06/28/2013
 LOW               13   06/04/1984
HIGHEST            85   06/28
                        06/27
                        06/13
LOWEST             24   06/11
AVG. MAXIMUM     75.5              72.2     3.3
AVG. MINIMUM     37.2              37.6    -0.4
MEAN             56.4              54.9     1.5
DAYS MAX >= 90      0
DAYS MAX <= 32      0
DAYS MIN <= 32      4
DAYS MIN <= 0       0

PRECIPITATION (INCHES)
RECORD
 MAXIMUM         3.71   2009
 MINIMUM            T   2013
TOTALS           1.66              0.79    0.87
DAILY AVG.       0.06
DAYS >= .01         3
DAYS >= .10         3
DAYS >= .50         1
DAYS >= 1.00        1
GREATEST
 24 HR. TOTAL    1.13   06/17 TO 06/17

DEGREE_DAYS
HEATING TOTAL     253               305     -52
 SINCE 7/1       9163             10431   -1268
COOLING TOTAL       0                 2      -2
 SINCE 1/1          0                 2      -2
.................................................

WIND (MPH)
AVERAGE WIND SPEED              9.2
HIGHEST WIND SPEED/DIRECTION    40/210    DATE  06/06
HIGHEST GUST SPEED/DIRECTION    53/210    DATE  06/08

SKY COVER
POSSIBLE SUNSHINE (PERCENT)   MM
AVERAGE SKY COVER           0.10
NUMBER OF DAYS FAIR           26
NUMBER OF DAYS PC              4
NUMBER OF DAYS CLOUDY          0

AVERAGE RH (PERCENT)     50

WEATHER CONDITIONS. NUMBER OF DAYS WITH
THUNDERSTORM              3     MIXED PRECIP               0
HEAVY RAIN                3     RAIN                       8
LIGHT RAIN                8     FREEZING RAIN              0
LT FREEZING RAIN          0     HAIL                       0
HEAVY SNOW                0     SNOW                       0
LIGHT SNOW                0     SLEET                      0
FOG                       3     FOG W/VIS <= 1/4 MILE      0
HAZE                      0

-  INDICATES NEGATIVE NUMBERS.
R  INDICATES RECORD WAS SET OR TIED.
MM INDICATES DATA IS MISSING.
T  INDICATES TRACE AMOUNT.

LOOKING AHEAD TO JULY 2018...THE AVERAGE HIGH TEMPERATURE ON THE
FIRST OF THE MONTH IS 78 DEGREES...AND THE AVERAGE LOW TEMPERATURE
IS 41 DEGREES. THE AVERAGE HIGH BY THE END OF THE MONTH IS 82
DEGREES...AND THE AVERAGE LOW TEMPERATURE IS 44. THE AVERAGE MONTHLY
PRECIPITATION IS 0.71 INCHES.

$$
