000
CXUS54 KLCH 031500
CLMBPT


CLIMATE REPORT
NATIONAL WEATHER SERVICE LAKE CHARLES, LA
900 AM CST MON DEC 3 2018

...................................

...THE BEAUMONT PORT ARTHUR CLIMATE SUMMARY FOR THE MONTH OF NOVEMBER 2018...

CLIMATE NORMAL PERIOD 1981 TO 2010
CLIMATE RECORD PERIOD 1901 TO 2018

WEATHER         OBSERVED          NORMAL  DEPART  LAST YEAR`S
                 VALUE   DATE(S)  VALUE   FROM    VALUE  DATE(S)
                                          NORMAL
................................................................
TEMPERATURE (F)
RECORD
 HIGH              94   11/24/1923
 LOW               22   11/30/1976
HIGHEST            89   11/06        MM      MM       MM  MM
LOWEST             30   11/15        MM      MM       MM  MM
AVG. MAXIMUM     69.2              71.7    -2.5       MM
AVG. MINIMUM     49.7              51.8    -2.1       MM
MEAN             59.4              61.7    -2.3       MM
DAYS MAX >= 90      0               0.0     0.0       MM
DAYS MAX <= 32      0               0.0     0.0       MM
DAYS MIN <= 32      1               0.4     0.6       MM
DAYS MIN <= 0       0               0.0     0.0       MM

PRECIPITATION (INCHES)
RECORD
 MAXIMUM        22.74   1902
 MINIMUM         0.15   1967
TOTALS           7.12              4.40    2.72       MM
DAILY AVG.       0.24              0.15    0.09       MM
DAYS >= .01        16               8.1     7.9       MM
DAYS >= .10         6               5.6     0.4       MM
DAYS >= .50         4               2.8     1.2       MM
DAYS >= 1.00        3               1.4     1.6       MM
GREATEST
 24 HR. TOTAL    2.34   11/19 TO 11/19

SNOWFALL (INCHES)
RECORDS
 TOTAL            0.0   5
                        0
                        -26215
TOTALS            0.0               0.0     0.0       MM
SINCE 7/1         0.0               0.0     0.0       MM
SNOWDEPTH AVG.      0                MM      MM       MM
DAYS >= 1.0         0               0.0     0.0       MM
GREATEST
 SNOW DEPTH         0   MM                            MM  MM
 24 HR TOTAL      0.0   11/30 TO 11/30

DEGREE_DAYS
HEATING TOTAL     215               161      54       MM
 SINCE 7/1        223               195      28       MM
.................................................................

WIND (MPH)
AVERAGE WIND SPEED              8.4
HIGHEST WIND SPEED/DIRECTION    28/010    DATE  11/09
HIGHEST GUST SPEED/DIRECTION    35/320    DATE  11/12

SKY COVER
POSSIBLE SUNSHINE (PERCENT)   MM
AVERAGE SKY COVER           0.50
NUMBER OF DAYS FAIR           10
NUMBER OF DAYS PC             11
NUMBER OF DAYS CLOUDY          9

AVERAGE RH (PERCENT)     73

WEATHER CONDITIONS. NUMBER OF DAYS WITH
  0
  6
  0
  0
  0
  0
  5
HAZE                      1

-  INDICATES NEGATIVE NUMBERS.
R  INDICATES RECORD WAS SET OR TIED.
MM INDICATES DATA IS MISSING.
T  INDICATES TRACE AMOUNT.

$$
