178
CXUS54 KLCH 010836
CLMBPT


CLIMATE REPORT
NATIONAL WEATHER SERVICE LAKE CHARLES, LA
335 AM CDT FRI JUN 1 2018

...................................

...THE BEAUMONT PORT ARTHUR CLIMATE SUMMARY FOR THE MONTH OF MAY 2018...

CLIMATE NORMAL PERIOD 1981 TO 2010
CLIMATE RECORD PERIOD 1901 TO 2018

WEATHER         OBSERVED          NORMAL  DEPART  LAST YEAR`S
                 VALUE   DATE(S)  VALUE   FROM    VALUE  DATE(S)
                                          NORMAL
................................................................
TEMPERATURE (F)
RECORD
 HIGH             101   05/28/1905
 LOW               42   05/04/2013
HIGHEST            96   05/29        MM      MM       91  05/20
                        05/28
                        05/17
LOWEST             58   05/06        MM      MM       50  05/01
AVG. MAXIMUM     90.4              84.8     5.6     84.5
AVG. MINIMUM     69.0              67.0     2.0     64.8
MEAN             79.7              75.9     3.8     74.7
DAYS MAX >= 90     18               2.4    15.6        2
DAYS MAX <= 32      0               0.0     0.0        0
DAYS MIN <= 32      0               0.0     0.0        0
DAYS MIN <= 0       0               0.0     0.0        0

PRECIPITATION (INCHES)
RECORD
 MAXIMUM        20.58   1923
 MINIMUM         0.01   2003
TOTALS           3.18              5.23   -2.05     5.57
DAILY AVG.       0.10              0.17   -0.07     0.18
DAYS >= .01         9               6.6     2.4        8
DAYS >= .10         5               4.7     0.3        4
DAYS >= .50         2               2.8    -0.8        2
DAYS >= 1.00        2               1.8     0.2        2
GREATEST
 24 HR. TOTAL    1.45   05/21 TO 05/21

DEGREE_DAYS
COOLING TOTAL     464               339     125      309
 SINCE 1/1        760               566     194      885
.................................................................

WIND (MPH)
AVERAGE WIND SPEED              7.5
HIGHEST WIND SPEED/DIRECTION    63/150    DATE  05/26
HIGHEST GUST SPEED/DIRECTION    65/150    DATE  05/26

SKY COVER
POSSIBLE SUNSHINE (PERCENT)   MM
AVERAGE SKY COVER           0.30
NUMBER OF DAYS FAIR           23
NUMBER OF DAYS PC              6
NUMBER OF DAYS CLOUDY          2

AVERAGE RH (PERCENT)     70

WEATHER CONDITIONS. NUMBER OF DAYS WITH
  0
  5
  0
  0
  0
  0
  4
HAZE                      4

-  INDICATES NEGATIVE NUMBERS.
R  INDICATES RECORD WAS SET OR TIED.
MM INDICATES DATA IS MISSING.
T  INDICATES TRACE AMOUNT.

$$
