000
CXUS53 KDLH 021530
CLMBRD


CLIMATE REPORT
NATIONAL WEATHER SERVICE DULUTH MN
1020 AM CDT SAT JUN 2 2018

...................................

...THE BRAINERD CLIMATE SUMMARY FOR THE MONTH OF MAY 2018...

CLIMATE NORMAL PERIOD 1981 TO 2010
CLIMATE RECORD PERIOD 1899 TO 2018

WEATHER         OBSERVED          NORMAL  DEPART  LAST YEAR`S
                 VALUE   DATE(S)  VALUE   FROM    VALUE  DATE(S)
                                          NORMAL
................................................................
TEMPERATURE (F)
RECORD
 HIGH             101   05/31/1934
 LOW               16   05/04/1967
                        05/03/1967
HIGHEST            94   05/29        MM      MM       79  05/05
LOWEST             32   05/20        MM      MM       32  05/01
AVG. MAXIMUM     75.9              67.6     8.3     63.7
AVG. MINIMUM     47.8              44.4     3.4     42.9
MEAN             61.9              56.0     5.9     53.3
DAYS MAX >= 90      3                MM      MM        0
DAYS MAX <= 32      0                MM      MM        0
DAYS MIN <= 32      1                MM      MM        1
DAYS MIN <= 0       0                MM      MM        0

PRECIPITATION (INCHES)
RECORD
 MAXIMUM         9.40   1959
 MINIMUM         0.58   1952
TOTALS           1.71              3.37   -1.66
DAILY AVG.       0.06              0.11   -0.05
DAYS >= .01         9              11.2    -2.2
DAYS >= .10         5               6.8    -1.8
DAYS >= .50         1               2.3    -1.3
DAYS >= 1.00        0               0.7    -0.7
GREATEST
 24 HR. TOTAL    0.73   05/29 TO 05/29

SNOWFALL (INCHES)
RECORDS
 TOTAL            1.0   2017
TOTALS            0.0               0.0     0.0
SNOWDEPTH AVG.      0                MM      MM
DAYS >= 1.0         0               0.0     0.0
GREATEST
 SNOW DEPTH         0   MM
 24 HR TOTAL      0.0   05/31 TO 05/31

DEGREE_DAYS
HEATING TOTAL     176               299    -123
COOLING TOTAL      87                20      67
.................................................................

WIND (MPH)
AVERAGE WIND SPEED              6.8
HIGHEST WIND SPEED/DIRECTION    32/240    DATE  05/29
HIGHEST GUST SPEED/DIRECTION    39/260    DATE  05/29

SKY COVER
POSSIBLE SUNSHINE (PERCENT)   MM
AVERAGE SKY COVER           0.30
NUMBER OF DAYS FAIR           22
NUMBER OF DAYS PC              7
NUMBER OF DAYS CLOUDY          2

AVERAGE RH (PERCENT)     57

WEATHER CONDITIONS. NUMBER OF DAYS WITH
THUNDERSTORM              5     MIXED PRECIP                0
HEAVY RAIN                4     RAIN                        3
LIGHT RAIN               14     FREEZING RAIN               0
LT FREEZING RAIN          0     HAIL                        0
HEAVY SNOW                0     SNOW                        0
LIGHT SNOW                0     SLEET                       0
FOG                      10     FOG W/VIS <= 1/4 MILE       3
HAZE                      9

-  INDICATES NEGATIVE NUMBERS.
R  INDICATES RECORD WAS SET OR TIED.
MM INDICATES DATA IS MISSING.
T  INDICATES TRACE AMOUNT.

$$

.MAY 2018 WAS WARMER THAN NORMAL WITH BELOW NORMAL PRECIPITATION AT
BRAINERD MN...

THE AVERAGE TEMPERATURE FOR MAY WAS 61.9 DEGREES. THIS WAS 5.9
DEGREES ABOVE THE NORMAL OF 56.0 DEGREES...MAKING THIS THE 4TH
WARMEST MAY IN STATION HISTORY. THE HIGHEST TEMPERATURE FOR THE
MONTH WAS 94 DEGREES ON THE 29TH. THE LOWEST TEMPERATURE WAS 32
DEGREES 20TH. THREE DAILY TEMPERATURE RECORDS WERE BROKEN FOR THE
MONTH. ON THE 25TH THE RECORD DAILY HIGH TEMPERATURE OF 90 DEGREES
WAS SET. THIS BROKE THE PREVIOUS RECORD OF 86 DEGREES SET IN 1980.
ON THE 26TH THE RECORD DAILY HIGH TEMPERATURE OF 92 DEGREES WAS SET.
THIS BROKE THE PREVIOUS RECORD OF 88 DEGREES SET IN 1977...WHICH WAS
TIED IN 1988 AND 2014. ON THE 29TH THE RECORD DAILY HIGH TEMPERATURE
OF 94 DEGREES WAS SET. THIS BROKE THE PREVIOUS RECORD OF 92 DEGREES
SET IN 2006. SEVEN DAYS HAD AVERAGE TEMPERATURES BELOW NORMAL.

MAY 2018 WAS BELOW NORMAL FOR PRECIPITATION WITH A TOTAL OF 1.71
INCHES OF PRECIPITATION RECORDED FOR THE MONTH. THIS WAS 1.66 INCHES
BELOW THE NORMAL OF 3.37 INCHES...MAKING THIS THE 11TH DRIEST MAY IN
STATION HISTORY. THE GREATEST AMOUNT OF PRECIPITATION IN A 24 HOUR
PERIOD OCCURRED ON THE 29TH WHEN 0.73 INCHES WAS RECORDED. AT LEAST
A TRACE OF PRECIPITATION WAS RECORDED ON 15 DAYS. AT LEAST 0.01
INCHES OF PRECIPITATION FELL ON 9 DAYS. AT LEAST 0.10 INCHES FELL ON
5 DAYS. AT LEAST 0.50 INCHES FELL ON 1 DAY. NO DAILY PRECIPITATION
RECORDS WERE BROKEN FOR THE MONTH.

THE AVERAGE WIND SPEED FOR THE MONTH WAS 6.8 MPH. THE WINDIEST DAY
OF THE MONTH WAS ON THE 19TH WITH AN AVERAGE WIND OF 13.6 MPH. THE
HIGHEST SUSTAINED WIND OCCURRED ON THE 29TH WITH A SPEED OF 32 MPH
OUT OF THE WEST SOUTHWEST. A PEAK WIND GUST OF 39 MPH WAS RECORDED
ON THE 29TH OUT OF THE WEST.

THERE WERE 176 HEATING DEGREE DAYS FOR THE MONTH WHICH WAS 123 BELOW
THE NORMAL OF 299. THERE WERE 87 COOLING DEGREE DAYS FOR THE MONTH
WHICH WAS 67 ABOVE THE NORMAL OF 20.

THE OUTLOOK FOR JUNE...NORMAL HIGHS BEGIN IN THE LOW TO MID 70S AT
THE BEGINNING OF THE MONTH AND WARM TO THE LOW 80S BY THE END OF THE
MONTH. NORMAL LOWS BEGIN IN THE LOW 50S AT THE BEGINNING OF THE
MONTH AND WARM TO THE  MID 50S BY THE END OF THE MONTH. NORMAL
PRECIPITATION FOR JUNE IS 4.39 INCHES. THE LATEST CLIMATE PREDICTION
CENTER OUTLOOK INDICATES THAT ODDS ARE TILTED TOWARD ABOVE NORMAL
TEMPERATURES AND THERE IS NO CLEAR SIGNAL FOR ABOVE OR BELOW NORMAL
PRECIPITATION.

$$

WL
