021
CXUS53 KDLH 011643
CLMBRD


CLIMATE REPORT
NATIONAL WEATHER SERVICE DULUTH MN
1021 AM CST SAT DEC 1 2018

...................................

...THE BRAINERD CLIMATE SUMMARY FOR THE MONTH OF NOVEMBER 2018...

CLIMATE NORMAL PERIOD 1981 TO 2010
CLIMATE RECORD PERIOD 1899 TO 2018

WEATHER         OBSERVED          NORMAL  DEPART  LAST YEAR`S
                 VALUE   DATE(S)  VALUE   FROM    VALUE  DATE(S)
                                          NORMAL
................................................................
TEMPERATURE (F)
RECORD
 HIGH              73   11/04/1975
 LOW              -24   11/30/1964
HIGHEST            46   11/23        MM      MM       53  11/27
                        11/02
LOWEST             -5   11/20        MM      MM        1  11/10
AVG. MAXIMUM     30.7              38.2    -7.5     37.1
AVG. MINIMUM     16.6              22.0    -5.4     20.7
MEAN             23.7              30.1    -6.4     28.9
DAYS MAX >= 90      0               0.0     0.0        0
DAYS MAX <= 32     19               9.8     9.2        8
DAYS MIN <= 32     28              26.0     2.0       28
DAYS MIN <= 0       3               1.3     1.7        0

PRECIPITATION (INCHES)
RECORD
 MAXIMUM         3.79   1996
 MINIMUM         0.15   2013
                        2007
TOTALS           0.73              1.54   -0.81     0.49
DAILY AVG.       0.02              0.05   -0.03     0.02
DAYS >= .01         7               6.7     0.3        7
DAYS >= .10         2               4.0    -2.0        2
DAYS >= .50         0               0.8    -0.8        0
DAYS >= 1.00        0               0.2    -0.2        0
GREATEST
 24 HR. TOTAL    0.39   11/05 TO 11/05

SNOWFALL (INCHES)
RECORDS
 MAXIMUM         28.5   1983
 MINIMUM          0.0   1999
                        2009
TOTALS            4.1               8.4    -4.3      3.6
SINCE 7/1         4.6               8.8    -4.2      6.6
SNOWDEPTH AVG.      1                 3      -2        0
DAYS >= 1.0         3               2.4     0.6        2
GREATEST
 SNOW DEPTH         2   11/14                          2  11/04
                        11/13                             11/02
                        11/12
 24 HR TOTAL      1.5   11/10 TO 11/10

DEGREE_DAYS
HEATING TOTAL    1233              1047     186     1077
 SINCE 7/1       2222              1949     273     1881
COOLING TOTAL       0                 0       0        0
 SINCE 1/1        569               422     147      214
.................................................................

WIND (MPH)
AVERAGE WIND SPEED              8.2
HIGHEST WIND SPEED/DIRECTION    25/310    DATE  11/09
HIGHEST GUST SPEED/DIRECTION    32/310    DATE  11/09

SKY COVER
POSSIBLE SUNSHINE (PERCENT)   MM
AVERAGE SKY COVER           0.70
NUMBER OF DAYS FAIR            3
NUMBER OF DAYS PC             12
NUMBER OF DAYS CLOUDY         15

AVERAGE RH (PERCENT)     71

WEATHER CONDITIONS. NUMBER OF DAYS WITH
THUNDERSTORM              0     MIXED PRECIP                0
HEAVY RAIN                0     RAIN                        0
LIGHT RAIN                5     FREEZING RAIN               0
LT FREEZING RAIN          0     HAIL                        0
HEAVY SNOW                0     SNOW                        2
LIGHT SNOW               14     SLEET                       0
FOG                      16     FOG W/VIS <= 1/4 MILE       3
HAZE                     24


-  INDICATES NEGATIVE NUMBERS.
R  INDICATES RECORD WAS SET OR TIED.
MM INDICATES DATA IS MISSING.
T  INDICATES TRACE AMOUNT.

$$

.NOVEMBER 2018 WAS COLDER THAN NORMAL WITH BELOW NORMAL
PRECIPITATION AT BRAINERD MN...

THE AVERAGE TEMPERATURE FOR NOVEMBER WAS 23.7 DEGREES WHICH WAS 6.4
DEGREES BELOW THE NORMAL OF 30.1 DEGREES...MAKING THIS TIE THE 13TH
COLDEST NOVEMBER IN STATION HISTORY. THE HIGHEST TEMPERATURE FOR THE
MONTH WAS 46 DEGREES ON THE 2ND AND THE 23RD. THE LOWEST TEMPERATURE
WAS -5 DEGREES ON THE 20TH. NO DAILY TEMPERATURE RECORDS WERE BROKEN
FOR THE MONTH. SEVEN DAYS HAD AVERAGE TEMPERATURES ABOVE NORMAL.

NOVEMBER 2018 WAS BELOW NORMAL FOR PRECIPITATION WITH A TOTAL OF
0.73 INCHES OF PRECIPITATION RECORDED FOR THE MONTH. THIS WAS 0.81
INCHES BELOW THE NORMAL OF 1.54 INCHES. THE GREATEST AMOUNT OF
PRECIPITATION IN A 24 HOUR PERIOD OCCURRED ON THE 5TH WHEN 0.39
INCHES WAS RECORDED. AT LEAST A TRACE OF PRECIPITATION WAS RECORDED
ON 18 DAYS. AT LEAST 0.01 INCHES OF PRECIPITATION FELL ON 7 DAYS. AT
LEAST 0.10 INCHES FELL ON 2 DAYS. NO DAILY PRECIPITATION RECORDS
WERE BROKEN FOR THE MONTH.

NOVEMBER 2018 WAS BELOW NORMAL FOR SNOWFALL WITH A TOTAL OF 4.1
INCHES OF SNOW RECORDED FOR THE MONTH. THIS WAS 4.3 INCHES BELOW THE
NORMAL OF 8.4 INCHES...MAKING THIS TIE THE 14TH LEAST SNOWIEST
NOVEMBER IN STATION HISTORY. THE GREATEST AMOUNT OF SNOWFALL IN A 24
HOUR PERIOD OCCURRED ON THE 10TH WHEN 1.5 INCHES OF SNOW WAS
RECORDED. ONE DAILY SNOWFALL RECORD WAS BROKEN THIS MONTH. ON THE
18TH 1 INCH OF SNOW FELL. THIS BROKE THE PREVIOUS RECORD OF A TRACE
SET IN 1978, WHICH WAS TIED IN 1987 AND 1994.

THE AVERAGE WIND SPEED FOR THE MONTH WAS 8.2 MPH. THE WINDIEST DAY
OF THE MONTH WAS ON THE 24TH WITH AN AVERAGE WIND OF 13.4 MPH. THE
HIGHEST SUSTAINED WIND OCCURRED ON THE 9TH WITH A SPEED OF 25 MPH
OUT OF THE NORTHWEST. A PEAK WIND GUST OF 32 MPH OUT OF THE
NORTHWEST WAS RECORDED ON THE 9TH.

THERE WERE 1233 HEATING DEGREE DAYS FOR THE MONTH WHICH WAS 186
ABOVE THE NORMAL OF 1047. THIS BROUGHT THE SEASONAL TOTAL HEATING
DEGREE DAYS TO 2222 WHICH WAS 273 ABOVE THE NORMAL OF 1949. THERE
WERE 0 COOLING DEGREE DAYS FOR THE MONTH WHICH WAS NORMAL. THE
SEASONAL TOTAL COOLING DEGREE DAYS STANDS AT 569 WHICH IS 147 ABOVE
THE NORMAL OF 422.

THE OUTLOOK FOR DECEMBER...NORMAL HIGHS BEGIN IN THE UPPER 20S AT THE
BEGINNING OF THE MONTH AND COOL TO THE LOW 20S BY THE END OF THE
MONTH. NORMAL LOWS FOR THE MONTH BEGIN IN THE MID TEENS AND COOL TO
THE SINGLE DIGITS ABOVE ZERO BY THE END OF THE MONTH. NORMAL
PRECIPITATION FOR DECEMBER IS 0.81 INCHES. NORMAL SNOWFALL FOR
DECEMBER IS 9.7 INCHES. THE LATEST CLIMATE PREDICTION CENTER OUTLOOK
INDICATES THAT ODDS ARE TILTED TOWARD ABOVE NORMAL TEMPERATURES AND
BELOW NORMAL PRECIPITATION FOR DECEMBER.

$$

WL
