457
CXUS53 KDVN 011006
CLMBRL


CLIMATE REPORT
NATIONAL WEATHER SERVICE QUAD CITIES IA IL
440 AM CDT TUE MAY 1 2018

...................................

...THE BURLINGTON IA CLIMATE SUMMARY FOR THE MONTH OF APRIL 2018...

CLIMATE NORMAL PERIOD 1981 TO 2010
CLIMATE RECORD PERIOD 1897 TO 2018

WEATHER         OBSERVED          NORMAL  DEPART
                 VALUE   DATE(S)  VALUE   FROM
                                          NORMAL
................................................
TEMPERATURE (F)
RECORD
 HIGH              93   04/10/1930
 LOW               11   04/06/1982
HIGHEST            84   04/30        70      14
LOWEST             14   04/02        38     -24
AVG. MAXIMUM     55.5              64.8    -9.3
AVG. MINIMUM     33.3              42.7    -9.4
MEAN             44.4              53.8    -9.4
DAYS MAX >= 90      0
DAYS MAX <= 32      1
DAYS MIN <= 32     14
DAYS MIN <= 0       0

PRECIPITATION (INCHES)
TOTALS           0.59              3.76   -3.17
DAILY AVG.       0.02              0.13   -0.11
DAYS >= .01         6
DAYS >= .10         2
DAYS >= .50         0
DAYS >= 1.00        0
GREATEST
 24 HR. TOTAL    0.26   04/08 TO 04/08

DEGREE_DAYS
HEATING TOTAL     614               356     258
 SINCE 7/1       5927              5462     465
COOLING TOTAL       2                18     -16
 SINCE 1/1          2                20     -18
.................................................

WIND (MPH)
AVERAGE WIND SPEED              10.0
HIGHEST WIND SPEED/DIRECTION    29/060    DATE  04/14
HIGHEST GUST SPEED/DIRECTION    37/310    DATE  04/04

SKY COVER
POSSIBLE SUNSHINE (PERCENT)   MM
AVERAGE SKY COVER           0.40
NUMBER OF DAYS FAIR           18
NUMBER OF DAYS PC              5
NUMBER OF DAYS CLOUDY          7

AVERAGE RH (PERCENT)     59

WEATHER CONDITIONS. NUMBER OF DAYS WITH
THUNDERSTORM              1     HAIL                     0
SLEET                     0     FOG                      9
FOG W/VIS <= 1/4 MILE     1     HAZE                     6

-  INDICATES NEGATIVE NUMBERS.
R  INDICATES RECORD WAS SET OR TIED.
MM INDICATES DATA IS MISSING.
T  INDICATES TRACE AMOUNT.

$$
