000
CXUS53 KDVN 010855
CLMBRL


CLIMATE REPORT
NATIONAL WEATHER SERVICE QUAD CITIES IA IL
345 AM CDT THU NOV 1 2018

...................................

...THE BURLINGTON IA CLIMATE SUMMARY FOR THE MONTH OF OCTOBER 2018...

CLIMATE NORMAL PERIOD 1981 TO 2010
CLIMATE RECORD PERIOD 1897 TO 2018

WEATHER         OBSERVED          NORMAL  DEPART
                 VALUE   DATE(S)  VALUE   FROM
                                          NORMAL
................................................
TEMPERATURE (F)
RECORD
 HIGH              95   10/03/2006
                        10/13/1899
                        09/06/1922
 LOW               10   10/30/1925
HIGHEST            88   10/03        72      16
LOWEST             25   10/21        40     -15
AVG. MAXIMUM     62.3              66.1    -3.8
AVG. MINIMUM     43.1              44.6    -1.5
MEAN             52.7              55.4    -2.7
DAYS MAX >= 90      0
DAYS MAX <= 32      0
DAYS MIN <= 32      5
DAYS MIN <= 0       0

PRECIPITATION (INCHES)
TOTALS           5.72              3.12    2.60
DAILY AVG.       0.18              0.10    0.08
DAYS >= .01        14
DAYS >= .10         9
DAYS >= .50         5
DAYS >= 1.00        2
GREATEST
 24 HR. TOTAL    2.17   10/09 TO 10/10

DEGREE_DAYS
HEATING TOTAL     410               323      87
 SINCE 7/1        468               394      74
COOLING TOTAL      38                24      14
 SINCE 1/1       1417              1206     211
.................................................

WIND (MPH)
AVERAGE WIND SPEED              8.0
HIGHEST WIND SPEED/DIRECTION    32/210    DATE  10/03
HIGHEST GUST SPEED/DIRECTION    48/320    DATE  10/28

SKY COVER
AVERAGE SKY COVER           0.40
NUMBER OF DAYS FAIR           13
NUMBER OF DAYS PC             11
NUMBER OF DAYS CLOUDY          7

AVERAGE RH (PERCENT)     70

WEATHER CONDITIONS. NUMBER OF DAYS WITH
THUNDERSTORM              6     HAIL                       0
SLEET                     0     FOG                       15
FOG W/VIS <= 1/4 MILE     1     HAZE                       6
-  INDICATES NEGATIVE NUMBERS.
R  INDICATES RECORD WAS SET OR TIED.
MM INDICATES DATA IS MISSING.
T  INDICATES TRACE AMOUNT.

$$

GROSS
