000
CXUS53 KDVN 031455 RRA
CLMBRL

CLIMATE REPORT
NATIONAL WEATHER SERVICE QUAD CITIES IA IL
855 AM CST SUN FEB 3 2019

...................................

...THE BURLINGTON IA CLIMATE SUMMARY FOR THE MONTH OF JANUARY 2019...

CLIMATE NORMAL PERIOD 1981 TO 2010
CLIMATE RECORD PERIOD 1897 TO 2019

WEATHER         OBSERVED          NORMAL  DEPART
                 VALUE   DATE(S)  VALUE   FROM
                                          NORMAL
................................................
TEMPERATURE (F)
RECORD
 HIGH              70   01/31/1989
 LOW              -24   01/14/1957
HIGHEST            61   01/07        36      25
LOWEST            -21   01/31        17     -38
AVG. MAXIMUM     30.3              34.4    -4.1
AVG. MINIMUM     13.2              17.2    -4.0
MEAN             21.8              25.8    -4.0
DAYS MAX >= 90      0
DAYS MAX <= 32     19
DAYS MIN <= 32     29
DAYS MIN <= 0       8

PRECIPITATION (INCHES)
TOTALS           2.40              1.24    1.16
DAILY AVG.       0.07              0.04    0.03
DAYS >= .01        11
DAYS >= .10         6
DAYS >= .50         2
DAYS >= 1.00        0
GREATEST
 24 HR. TOTAL    0.83   01/11 TO 01/12

DEGREE_DAYS
HEATING TOTAL    1332              1215     117
 SINCE 7/1       3719              3401     318
COOLING TOTAL       0                 0       0
 SINCE 1/1          0                 0       0
.................................................

WIND (MPH)
AVERAGE WIND SPEED              9.6
HIGHEST WIND SPEED/DIRECTION    30/300    DATE  01/28
HIGHEST GUST SPEED/DIRECTION    48/300    DATE  01/28

SKY COVER
POSSIBLE SUNSHINE (PERCENT)   MM
AVERAGE SKY COVER           0.50
NUMBER OF DAYS FAIR           11
NUMBER OF DAYS PC              8
NUMBER OF DAYS CLOUDY         12

AVERAGE RH (PERCENT)     74

WEATHER CONDITIONS. NUMBER OF DAYS WITH
THUNDERSTORM              0     HAIL                     0
SLEET                     0     FOG                     19
FOG W/VIS <= 1/4 MILE     6     HAZE                    19

-  INDICATES NEGATIVE NUMBERS.
R  INDICATES RECORD WAS SET OR TIED.
MM INDICATES DATA IS MISSING.
T  INDICATES TRACE AMOUNT.

$$

GROSS
