000
CXUS44 KBRO 011522
CLMBRO


CLIMATE REPORT
NATIONAL WEATHER SERVICE BROWNSVILLE TX
1021 AM CDT SUN APR 1 2018

...................................

...THE BROWNSVILLE CLIMATE SUMMARY FOR THE MONTH OF MARCH 2018...

CLIMATE NORMAL PERIOD 1981 TO 2010
CLIMATE RECORD PERIOD 1878 TO 2018

WEATHER         OBSERVED          NORMAL  DEPART  LAST YEAR`S
                 VALUE   DATE(S)  VALUE   FROM    VALUE  DATE(S)
                                          NORMAL
................................................................
TEMPERATURE (F)
HIGHEST            95   03/11        92       3       90  03/25
LOWEST             55   03/21        42      13       54  03/14
AVG. MAXIMUM     83.4              78.9     4.5     82.3
AVG. MINIMUM     65.9              59.6     6.3     66.1
MEAN             74.7              69.3     5.4     74.2
DAYS MAX >= 90      2               1.0     1.0        1
DAYS MAX <= 32      0               0.0     0.0        0
DAYS MIN <= 32      0               0.0     0.0        0
DAYS MIN <= 0       0               0.0     0.0        0

PRECIPITATION (INCHES)
TOTALS           0.49              1.23   -0.74     1.84
DAILY AVG.       0.02              0.04   -0.02     0.06
DAYS >= .01         4               4.4    -0.4        7
DAYS >= .10         2               1.9     0.1        1
DAYS >= .50         0               0.5    -0.5        1
DAYS >= 1.00        0               0.3    -0.3        1
GREATEST
 24 HR. TOTAL    0.23   03/29 TO 03/29
 STORM TOTAL       MM
 (MM/DD(HH))            MM

SNOWFALL (INCHES)
TOTALS            0.0               0.0     0.0      0.0
SINCE 7/1         0.3               0.0     0.3
SNOWDEPTH AVG.      0                MM      MM

DEGREE_DAYS
HEATING TOTAL       0                43     -43        2
 SINCE 7/1        482               546     -64      201
COOLING TOTAL     307               174     133      294
 SINCE 1/1        572               315     257      681
.................................................................

WIND (MPH)
AVERAGE WIND SPEED              11.7
HIGHEST WIND SPEED/DIRECTION    33/160    DATE  03/24
HIGHEST GUST SPEED/DIRECTION    42/160    DATE  03/24

SKY COVER
POSSIBLE SUNSHINE (PERCENT)   MM
AVERAGE SKY COVER           0.60
NUMBER OF DAYS FAIR            5
NUMBER OF DAYS PC             18
NUMBER OF DAYS CLOUDY          8

AVERAGE RH (PERCENT)     73

WEATHER CONDITIONS. NUMBER OF DAYS WITH
  0
  2
  0
  0
  0
  0
  5
HAZE                      1

-  INDICATES NEGATIVE NUMBERS.
R  INDICATES RECORD WAS SET OR TIED.
MM INDICATES DATA IS MISSING.
T  INDICATES TRACE AMOUNT.

$$
