000
CXUS44 KBRO 021711
CLMBRO


CLIMATE REPORT
NATIONAL WEATHER SERVICE BROWNSVILLE TX
1204 PM CDT MON JUL 2 2018

...................................

...THE BROWNSVILLE CLIMATE SUMMARY FOR THE MONTH OF JUNE 2018...

CLIMATE NORMAL PERIOD 1981 TO 2010
CLIMATE RECORD PERIOD 1878 TO 2018

WEATHER         OBSERVED          NORMAL  DEPART  LAST YEAR`S
                 VALUE   DATE(S)  VALUE   FROM    VALUE  DATE(S)
                                          NORMAL
................................................................
TEMPERATURE (F)
HIGHEST            98   06/06        95       3      102  06/21
                        06/05
                        06/04
LOWEST             74   06/19        68       6       71  06/08
AVG. MAXIMUM     95.2              92.1     3.1     94.2
AVG. MINIMUM     78.8              75.7     3.1     76.0
MEAN             87.0              83.9     3.1     85.1
DAYS MAX >= 90     29              24.4     4.6       27
DAYS MAX <= 32      0               0.0     0.0        0
DAYS MIN <= 32      0               0.0     0.0        0
DAYS MIN <= 0       0               0.0     0.0        0

PRECIPITATION (INCHES)
TOTALS           5.21              2.57    2.64     3.49
DAILY AVG.       0.17              0.09    0.08     0.12
DAYS >= .01         6               5.9     0.1        3
DAYS >= .10         4               3.6     0.4        3
DAYS >= .50         4               1.4     2.6        3
DAYS >= 1.00        2               0.6     1.4        2
GREATEST
 24 HR. TOTAL    2.14   06/19 TO 06/19
 STORM TOTAL       MM
 (MM/DD(HH))            MM

SNOWFALL (INCHES)
TOTALS            0.0               0.0     0.0      0.0
SINCE 7/1         0.3               0.0     0.3
SNOWDEPTH AVG.      0                MM      MM

DEGREE_DAYS
HEATING TOTAL       0                 0       0        0
 SINCE 7/1        485               554     -69      201
COOLING TOTAL     669               567     102      613
 SINCE 1/1       2117              1660     457     2250
.................................................................

WIND (MPH)
AVERAGE WIND SPEED              13.0
HIGHEST WIND SPEED/DIRECTION    30/150    DATE  06/11
HIGHEST GUST SPEED/DIRECTION    37/150    DATE  06/11

SKY COVER
POSSIBLE SUNSHINE (PERCENT)   MM
AVERAGE SKY COVER           0.40
NUMBER OF DAYS FAIR           15
NUMBER OF DAYS PC             13
NUMBER OF DAYS CLOUDY          2

AVERAGE RH (PERCENT)     74

WEATHER CONDITIONS. NUMBER OF DAYS WITH
  0
  2
  0
  0
  0
  0
  0
HAZE                      0

-  INDICATES NEGATIVE NUMBERS.
R  INDICATES RECORD WAS SET OR TIED.
MM INDICATES DATA IS MISSING.
T  INDICATES TRACE AMOUNT.

$$
