725
CXUS44 KBRO 010830
CLMBRO


CLIMATE REPORT
NATIONAL WEATHER SERVICE BROWNSVILLE TX
325 AM CDT MON OCT 1 2018

...................................

...THE BROWNSVILLE CLIMATE SUMMARY FOR THE MONTH OF SEPTEMBER 2018...

CLIMATE NORMAL PERIOD 1981 TO 2010
CLIMATE RECORD PERIOD 1878 TO 2018

WEATHER         OBSERVED          NORMAL  DEPART  LAST YEAR`S
                 VALUE   DATE(S)  VALUE   FROM    VALUE  DATE(S)
                                          NORMAL
................................................................
TEMPERATURE (F)
HIGHEST            99   09/03        96       3       96  09/02
                        09/02
                        09/01
LOWEST             73   09/28        63      10       65  09/12
AVG. MAXIMUM     92.4              90.5     1.9     90.9
AVG. MINIMUM     77.3              73.1     4.2     74.2
MEAN             84.9              81.8     3.1     82.5
DAYS MAX >= 90     21              19.3     1.7       23
DAYS MAX <= 32      0               0.0     0.0        0
DAYS MIN <= 32      0               0.0     0.0        0
DAYS MIN <= 0       0               0.0     0.0        0

PRECIPITATION (INCHES)
TOTALS           7.71              5.92    1.79     4.64
DAILY AVG.       0.26              0.20    0.06     0.15
DAYS >= .01        15              10.0     5.0       10
DAYS >= .10        11               6.6     4.4        6
DAYS >= .50         4               3.2     0.8        3
DAYS >= 1.00        3               1.7     1.3        2
GREATEST
 24 HR. TOTAL    2.11   09/27 TO 09/27

SNOWFALL (INCHES)
TOTALS            0.0               0.0     0.0      0.0
SINCE 7/1         0.0               0.0     0.0
SNOWDEPTH AVG.      0

DEGREE_DAYS
HEATING TOTAL       0                 0       0        0
 SINCE 7/1          0                 0       0        0
COOLING TOTAL     604               504     100      532
 SINCE 1/1       4145              3411     734     4059
.................................................................

WIND (MPH)
AVERAGE WIND SPEED              7.4
HIGHEST WIND SPEED/DIRECTION    32/220    DATE  09/11
HIGHEST GUST SPEED/DIRECTION    42/220    DATE  09/11

SKY COVER
POSSIBLE SUNSHINE (PERCENT)   MM
AVERAGE SKY COVER           0.30
NUMBER OF DAYS FAIR           22
NUMBER OF DAYS PC              7
NUMBER OF DAYS CLOUDY          1

AVERAGE RH (PERCENT)     78
-  INDICATES NEGATIVE NUMBERS.
R  INDICATES RECORD WAS SET OR TIED.
MM INDICATES DATA IS MISSING.
T  INDICATES TRACE AMOUNT.

$$
