000
CXAK59 PAFG 030241
CLMBRW


CLIMATE REPORT
NATIONAL WEATHER SERVICE FAIRBANKS, AK
632 PM AKDT TUE OCT 2 2018

...................................

...THE UTQIAGVIK (BARROW) AK CLIMATE SUMMARY FOR THE MONTH OF SEPTEMBER 2018...

CLIMATE NORMAL PERIOD 1981 TO 2010
CLIMATE RECORD PERIOD 1920 TO 2018

WEATHER         OBSERVED          NORMAL  DEPART  LAST YEAR`S
                 VALUE   DATE(S)  VALUE   FROM    VALUE  DATE(S)
                                          NORMAL
................................................................
TEMPERATURE (F)
RECORD
 HIGH              62   09/22/1995
                        09/19/1995
                        09/04/1957
 LOW                1   09/28/1975
                        09/28/1957
HIGHEST            50   09/08        MM      MM       47  09/03
                        09/04
LOWEST             22   09/28        MM      MM       26  09/21
                                                          09/20
AVG. MAXIMUM     38.7              35.8     2.9     38.2
AVG. MINIMUM     31.6              28.5     3.1     31.7
MEAN             35.1              32.1     3.0     35.0
DAYS MAX >= 90      0               0.0     0.0        0
DAYS MAX <= 32      1               8.8    -7.8        0
DAYS MIN <= 32     17              21.1    -4.1       16
DAYS MIN <= 0       0               0.0     0.0        0

PRECIPITATION (INCHES)
RECORD
 MAXIMUM         1.94   2012
 MINIMUM         0.01   1969
TOTALS           0.39              0.72   -0.33     0.69
DAILY AVG.       0.01              0.02   -0.01     0.02
DAYS >= .01         8              12.7    -4.7       17
DAYS >= .10         2               2.1    -0.1        2
DAYS >= .50         0               0.0     0.0        0
DAYS >= 1.00        0               0.0     0.0        0
GREATEST
 24 HR. TOTAL    0.14   09/05 TO 09/05           09/13 TO 09/13

SNOWFALL (INCHES)
RECORDS
 TOTAL           16.3   1987
 24 HR TOTAL       MM
 SNOW DEPTH        20   09/30/1962
                        09/29/1962
                        09/28/1962
TOTALS            1.4               4.4    -3.0      2.5
SINCE 7/1         3.9               5.5    -1.6      3.3
SNOWDEPTH AVG.      0                 1      -1        0
DAYS >= TRACE      11               8.9     2.1       17
DAYS >= 1.0         1               1.2    -0.2        2
GREATEST
 SNOW DEPTH         T   09/27                          1  09/30
                                                          09/29
 24 HR TOTAL      1.0   09/27 TO 09/27           09/30 TO 09/30

DEGREE_DAYS
HEATING TOTAL     891               986     -95      896
 SINCE 7/1       2421              2541    -120     2239
COOLING TOTAL       0                 0       0        0
 SINCE 1/1          0                 0       0        0
.................................................................

WIND (MPH)
AVERAGE WIND SPEED              12.6
HIGHEST WIND SPEED/DIRECTION    29/110    DATE  09/17
HIGHEST GUST SPEED/DIRECTION    38/120    DATE  09/17

SKY COVER
AVERAGE SKY COVER           0.80


-  INDICATES NEGATIVE NUMBERS.
R  INDICATES RECORD WAS SET OR TIED.
MM INDICATES DATA IS MISSING.
T  INDICATES TRACE AMOUNT.

$$
