000
CXAK59 PAFG 020824
CLMBRW


CLIMATE REPORT
NATIONAL WEATHER SERVICE FAIRBANKS, AK
1216 AM AKDT THU AUG 2 2018

...................................

...THE BARROW AK CLIMATE SUMMARY FOR THE MONTH OF JULY 2018...

CLIMATE NORMAL PERIOD 1981 TO 2010
CLIMATE RECORD PERIOD 1920 TO 2018

WEATHER         OBSERVED          NORMAL  DEPART  LAST YEAR`S
                 VALUE   DATE(S)  VALUE   FROM    VALUE  DATE(S)
                                          NORMAL
................................................................
TEMPERATURE (F)
RECORD
 HIGH              79   07/13/1993
 LOW               22   07/05/1936
HIGHEST            69   07/29        MM      MM       68  07/29
LOWEST             30   07/10        MM      MM       31  07/01
AVG. MAXIMUM     49.2              46.9     2.3     52.8
AVG. MINIMUM     37.8              34.8     3.0     39.1
MEAN             43.5              40.9     2.6     46.0
DAYS MAX >= 90      0               0.0     0.0        0
DAYS MAX <= 32      0               0.1    -0.1        0
DAYS MIN <= 32      4               8.6    -4.6        2
DAYS MIN <= 0       0               0.0     0.0        0

PRECIPITATION (INCHES)
RECORD
 MAXIMUM         3.20   1989
 MINIMUM            T   1937
TOTALS           1.47              0.98    0.49     1.60
DAILY AVG.       0.05              0.03    0.02     0.05
DAYS >= .01        12               9.1     2.9       13
DAYS >= .10         6               3.2     2.8        5
DAYS >= .50         0               0.1    -0.1        1
DAYS >= 1.00        0               0.1    -0.1        0
GREATEST
 24 HR. TOTAL    0.35   07/28 TO 07/28           07/23 TO 07/23

SNOWFALL (INCHES)
RECORDS
 TOTAL            9.0   1922
 24 HR TOTAL       MM
 SNOW DEPTH         1   07/05/1963
                        07/21/1961
                        07/30/1945
TOTALS            2.0               0.2     1.8      0.0
SINCE 7/1         2.0               0.2     1.8      0.0
SNOWDEPTH AVG.      0                 0       0        0
DAYS >= TRACE       2               0.6     1.4        0
DAYS >= 1.0         1               0.0     1.0        0
GREATEST
 SNOW DEPTH         T   07/07                          0  MM
 24 HR TOTAL      2.0   07/07 TO 07/07           07/31 TO 07/31

DEGREE_DAYS
HEATING TOTAL     659               749     -90      582
 SINCE 7/1        659               749     -90      582
COOLING TOTAL       0                 0       0        0
 SINCE 1/1          0                 0       0        0
.................................................................

WIND (MPH)
AVERAGE WIND SPEED              11.5
HIGHEST WIND SPEED/DIRECTION    33/210    DATE  07/18
HIGHEST GUST SPEED/DIRECTION    42/210    DATE  07/18

SKY COVER
AVERAGE SKY COVER           0.80


-  INDICATES NEGATIVE NUMBERS.
R  INDICATES RECORD WAS SET OR TIED.
MM INDICATES DATA IS MISSING.
T  INDICATES TRACE AMOUNT.

$$
