000
CXUS53 KGRR 011903
CLMBTL


CLIMATE REPORT
NATIONAL WEATHER SERVICE GRAND RAPIDS, MI
249 PM EDT MON OCT 1 2018

...................................

...THE BATTLE CREEK MI CLIMATE SUMMARY FOR THE MONTH OF SEPTEMBER 2018...

CLIMATE NORMAL PERIOD 1981 TO 2010
CLIMATE RECORD PERIOD 1998 TO 2018

WEATHER         OBSERVED          NORMAL  DEPART  LAST YEAR`S
                 VALUE   DATE(S)  VALUE   FROM    VALUE  DATE(S)
                                          NORMAL
................................................................
TEMPERATURE (F)
HIGHEST            90   09/17        MM      MM       94  09/23
                        09/04                             09/22
LOWEST             40   09/29        MM      MM       41  09/10
AVG. MAXIMUM     76.7              73.4     3.3     78.7
AVG. MINIMUM     57.1              49.9     7.2     53.9
MEAN             66.9              61.6     5.3     66.3
DAYS MAX >= 90      2               0.2     1.8        6
DAYS MAX <= 32      0               0.0     0.0        0
DAYS MIN <= 32      0               0.5    -0.5        0
DAYS MIN <= 0       0               0.0     0.0        0

PRECIPITATION (INCHES)
TOTALS           1.79              3.65   -1.86       MM
DAILY AVG.       0.06              0.12   -0.06       MM
DAYS >= .01        13              10.1     2.9       MM
DAYS >= .10         6               6.1    -0.1       MM
DAYS >= .50         1               2.3    -1.3       MM
DAYS >= 1.00        0               1.0    -1.0       MM
GREATEST
 24 HR. TOTAL    0.51   09/03 TO 09/03

DEGREE_DAYS
HEATING TOTAL      88               156     -68       87
 SINCE 7/1         90               197    -107      107
COOLING TOTAL     151                55      96      133
 SINCE 1/1        975               573     402      720
.................................................................

WIND (MPH)
AVERAGE WIND SPEED              7.2
RESULTANT WIND SPEED/DIRECTION   1/129
HIGHEST WIND SPEED/DIRECTION    29/260    DATE  09/03
HIGHEST GUST SPEED/DIRECTION    38/220    DATE  09/03

SKY COVER
POSSIBLE SUNSHINE (PERCENT)   MM
AVERAGE SKY COVER           0.40
NUMBER OF DAYS FAIR           11
NUMBER OF DAYS PC             17
NUMBER OF DAYS CLOUDY          2

AVERAGE RH (PERCENT)     75

WEATHER CONDITIONS. NUMBER OF DAYS WITH
THUNDERSTORM              5     MIXED PRECIP                0
HEAVY RAIN                4     RAIN                        2
LIGHT RAIN               16     FREEZING RAIN               0
LT FREEZING RAIN          0     HAIL                        0
HEAVY SNOW                0     SNOW                        0
LIGHT SNOW                0     SLEET                       0
FOG                      18     FOG W/VIS <= 1/4 MILE       3
HAZE                      5

-  INDICATES NEGATIVE NUMBERS.
R  INDICATES RECORD WAS SET OR TIED.
MM INDICATES DATA IS MISSING.
T  INDICATES TRACE AMOUNT.

$$
