000
CXUS53 KGRR 011659
CLMBTL


CLIMATE REPORT
NATIONAL WEATHER SERVICE GRAND RAPIDS, MI
1244 PM EDT SUN JUL 1 2018

...................................

...THE BATTLE CREEK MI CLIMATE SUMMARY FOR THE MONTH OF JUNE 2018...

CLIMATE NORMAL PERIOD 1981 TO 2010
CLIMATE RECORD PERIOD 1998 TO 2018

WEATHER         OBSERVED          NORMAL  DEPART  LAST YEAR`S
                 VALUE   DATE(S)  VALUE   FROM    VALUE  DATE(S)
                                          NORMAL
................................................................
TEMPERATURE (F)
HIGHEST            93   06/18        MM      MM       92  06/12
                        06/17
LOWEST             48   06/06        MM      MM       46  06/27
AVG. MAXIMUM     78.8              79.4    -0.6     81.1
AVG. MINIMUM     61.6              55.2     6.4     58.1
MEAN             70.2              67.3     2.9     69.6
DAYS MAX >= 90      4               1.7     2.3        4
DAYS MAX <= 32      0               0.0     0.0        0
DAYS MIN <= 32      0               0.1    -0.1        0
DAYS MIN <= 0       0               0.0     0.0        0

PRECIPITATION (INCHES)
TOTALS           2.58              3.23   -0.65     1.38
DAILY AVG.       0.09              0.11   -0.02     0.05
DAYS >= .01        12              10.2     1.8       15
DAYS >= .10         7               6.4     0.6        3
DAYS >= .50         1               2.3    -1.3        1
DAYS >= 1.00        1               0.6     0.4        0
GREATEST
 24 HR. TOTAL    1.11   06/09 TO 06/09

DEGREE_DAYS
HEATING TOTAL       9                57     -48       23
 SINCE 7/1       6421              6691    -270     5436
COOLING TOTAL     159               126      33      165
 SINCE 1/1        273               164     109      202
.................................................................

WIND (MPH)
AVERAGE WIND SPEED              7.7
RESULTANT WIND SPEED/DIRECTION   0/161
HIGHEST WIND SPEED/DIRECTION    25/300    DATE  06/04
HIGHEST GUST SPEED/DIRECTION    34/350    DATE  06/04

SKY COVER
POSSIBLE SUNSHINE (PERCENT)   MM
AVERAGE SKY COVER           0.40
NUMBER OF DAYS FAIR           15
NUMBER OF DAYS PC              7
NUMBER OF DAYS CLOUDY          8

AVERAGE RH (PERCENT)     74

WEATHER CONDITIONS. NUMBER OF DAYS WITH
THUNDERSTORM              2     MIXED PRECIP                0
HEAVY RAIN                5     RAIN                        7
LIGHT RAIN               15     FREEZING RAIN               0
LT FREEZING RAIN          0     HAIL                        0
HEAVY SNOW                0     SNOW                        0
LIGHT SNOW                0     SLEET                       0
FOG                      13     FOG W/VIS <= 1/4 MILE       3
HAZE                      4

-  INDICATES NEGATIVE NUMBERS.
R  INDICATES RECORD WAS SET OR TIED.
MM INDICATES DATA IS MISSING.
T  INDICATES TRACE AMOUNT.

$$

63
