395
CXUS55 KMSO 011737 CCA
CLMBTM

CLIMATE REPORT
NATIONAL WEATHER SERVICE MISSOULA, MT
1027 AM MST SAT DEC 1 2018

...................................

...THE BUTTE MT CLIMATE SUMMARY FOR THE MONTH OF NOVEMBER 2018...

CLIMATE NORMAL PERIOD 1981 TO 2010
CLIMATE RECORD PERIOD 1895 TO 2018

WEATHER         OBSERVED          NORMAL  DEPART  LAST YEAR`S
                 VALUE   DATE(S)  VALUE   FROM    VALUE
                                          NORMAL
.............................................................
TEMPERATURE (F)
RECORD
 HIGH              70   11/12/1999
 LOW              -42   11/13/1959
HIGHEST            51   11/02        MM      MM       59
LOWEST             -2   11/26        MM      MM       -4
                        11/25
AVG. MAXIMUM     38.9              39.8    -0.9     39.4
AVG. MINIMUM     16.2              15.6     0.6     15.8
MEAN             27.5              27.7    -0.2     27.6
DAYS MAX >= 90      0               0.0     0.0        0
DAYS MAX <= 32      9               6.9     2.1        8
DAYS MIN <= 32     26              27.7    -1.7       29
DAYS MIN <= 0       4               4.2    -0.2        2

PRECIPITATION (INCHES)
RECORD
 MAXIMUM         3.00   1921
 MINIMUM            T   1901
TOTALS           0.82              0.60    0.22     0.74
DAILY AVG.       0.03              0.02    0.01     0.02
DAYS >= .01        13               8.0     5.0       10
DAYS >= .10         3               1.9     1.1        3
DAYS >= .50         0               0.1    -0.1        0
DAYS >= 1.00        0               0.0     0.0        0
GREATEST
 24 HR. TOTAL    0.25   11/06 TO 11/06              0.22

DEGREE_DAYS
HEATING TOTAL    1116              1119      -3
 SINCE 7/1       2438              2490     -52
COOLING TOTAL       0                 0       0
 SINCE 1/1         90                81       9
..............................................................

WIND (MPH)
AVERAGE WIND SPEED              3.8
HIGHEST WIND SPEED/DIRECTION    35/300    DATE  11/02
HIGHEST GUST SPEED/DIRECTION    47/310    DATE  11/02

SKY COVER
POSSIBLE SUNSHINE (PERCENT)   MM
AVERAGE SKY COVER           0.60
NUMBER OF DAYS FAIR           10
NUMBER OF DAYS PC             11
NUMBER OF DAYS CLOUDY          9

AVERAGE RH (PERCENT)     68

WEATHER CONDITIONS. NUMBER OF DAYS WITH
THUNDERSTORM              0     MIXED PRECIP               0
HEAVY RAIN                0     RAIN                       1
LIGHT RAIN                7     FREEZING RAIN              0
LT FREEZING RAIN          0     HAIL                       0
HEAVY SNOW                3     SNOW                       4
LIGHT SNOW               12     SLEET                      0
FOG                      15     FOG W/VIS <= 1/4 MILE      5
HAZE                     12

-  INDICATES NEGATIVE NUMBERS.
R  INDICATES RECORD WAS SET OR TIED.
MM INDICATES DATA IS MISSING.
T  INDICATES TRACE AMOUNT.

$$
