000
CXUS54 KLIX 010805
CLMBTR


CLIMATE REPORT
NATIONAL WEATHER SERVICE NEW ORLEANS
257 AM CDT FRI JUN 1 2018

...................................

...THE BATON ROUGE  ASOS CLIMATE SUMMARY FOR THE MONTH OF MAY 2018...

CLIMATE NORMAL PERIOD 1981 TO 2010
CLIMATE RECORD PERIOD 1894 TO 2018

WEATHER         OBSERVED          NORMAL  DEPART  LAST YEAR`S
                 VALUE   DATE(S)  VALUE   FROM    VALUE  DATE(S)
                                          NORMAL
................................................................
TEMPERATURE (F)
RECORD
 HIGH              98
 LOW               40   05/04/2013
                        05/17/1908
                        01/01/2000
HIGHEST            96   05/15                         91  05/19
LOWEST             56   05/01                         49  05/06
AVG. MAXIMUM     90.4              86.2     4.2     83.0
AVG. MINIMUM     67.6              65.2     2.4     62.5
MEAN             79.0              75.7     3.3     72.7
DAYS MAX >= 90     25               7.2    17.8        4
DAYS MAX <= 32      0               0.0     0.0        0
DAYS MIN <= 32      0               0.0     0.0        0
DAYS MIN <= 0       0               0.0     0.0        0

PRECIPITATION (INCHES)
RECORD
 MAXIMUM
 MINIMUM
TOTALS           3.50              4.89   -1.39     9.08
DAILY AVG.       0.11              0.16   -0.05     0.29
DAYS >= .01         8               7.9     0.1       11
DAYS >= .10         6               5.7     0.3        8
DAYS >= .50         3               3.0     0.0        6
DAYS >= 1.00        0               1.6    -1.6        4
GREATEST
 24 HR. TOTAL    0.92   05/18 TO 05/18           05/03 TO 05/03

SNOWFALL (INCHES)
RECORDS
 TOTAL
 24 HR TOTAL
 SNOW DEPTH
TOTALS            0.0               0.0     0.0      0.0
SINCE 7/1         4.0               0.1     3.9      0.0
SNOWDEPTH AVG.      0                                  0
DAYS >= TRACE       0               0.0     0.0        0
DAYS >= 1.0         0               0.0     0.0        0
GREATEST
 SNOW DEPTH         0                                  0
 24 HR TOTAL      0.0   05/31 TO 05/31           05/31 TO 05/31

DEGREE_DAYS
HEATING TOTAL       0                 2      -2       10
 SINCE 7/1       1491              1555     -64      809
COOLING TOTAL     444               334     110      256
 SINCE 1/1        696               565     131      737
.................................................................

WIND (MPH)
AVERAGE WIND SPEED              5.3
HIGHEST WIND SPEED/DIRECTION    29/220    DATE  05/18
HIGHEST GUST SPEED/DIRECTION    45/290    DATE  05/18

SKY COVER
POSSIBLE SUNSHINE (PERCENT)   MM
AVERAGE SKY COVER           0.20
NUMBER OF DAYS FAIR           26
NUMBER OF DAYS PC              5
NUMBER OF DAYS CLOUDY          0

AVERAGE RH (PERCENT)     68


-  INDICATES NEGATIVE NUMBERS.
R  INDICATES RECORD WAS SET OR TIED.
MM INDICATES DATA IS MISSING.
T  INDICATES TRACE AMOUNT.

$$
