000
CXUS51 KBTV 011329
CLMBTV


CLIMATE REPORT
NATIONAL WEATHER SERVICE BURLINGTON VT
927 AM EDT MON OCT 1 2018

...................................

...THE BURLINGTON VT CLIMATE SUMMARY FOR THE MONTH OF SEPTEMBER 2018...

CLIMATE NORMAL PERIOD 1981 TO 2010
CLIMATE RECORD PERIOD 1884 TO 2018

WEATHER         OBSERVED          NORMAL  DEPART  LAST YEAR`S
                 VALUE   DATE(S)  VALUE   FROM    VALUE  DATE(S)
                                          NORMAL
................................................................
TEMPERATURE (F)
RECORD
 HIGH              98   09/09/2002
 LOW               25   09/24/1963
                        09/29/1914
HIGHEST            93   09/05        69      24       92  09/25
                        09/03
LOWEST             40   09/23        49      -9       41  09/30
                                                          09/02
AVG. MAXIMUM     75.1              70.4     4.7     75.9
AVG. MINIMUM     56.4              50.7     5.7     55.5
MEAN             65.8              60.5     5.3     65.7
DAYS MAX >= 90      2               0.3     1.7        4
DAYS MAX <= 32      0               0.0     0.0        0
DAYS MIN <= 32      0               0.4    -0.4        0
DAYS MIN <= 0       0               0.0     0.0        0

PRECIPITATION (INCHES)
RECORD
 MAXIMUM        10.25   1999
 MINIMUM         0.68   1927
TOTALS           4.20              3.64    0.56     2.79
DAILY AVG.       0.14              0.12    0.02     0.09
DAYS >= .01         9              11.3    -2.3        8
DAYS >= .10         8               6.5     1.5        5
DAYS >= .50         4               2.2     1.8        2
DAYS >= 1.00        0               0.9    -0.9        1
GREATEST
 24 HR. TOTAL    0.95   09/26 TO 09/26           09/05 TO 09/05
                                                          09/30 TO 09/30EATHER         OBSERVED          NORMAL  DEPART  LAST YEAR`S
                                                          09/30 TO 09/30EATHER         OBSERVED          NORMAL  DEPART  LAST YEAR`S
 STORM TOTAL       MM                                 MM
 (MM/DD(HH))            MM                    09/05(00) TO 09/05(00)
                                                 09/30(00) TO 09/30(00)0EATHER         OBSERVED          NORMAL  DEPART  LAST YEAR`S
                                                 09/30(00) TO 09/30(00)0EATHER         OBSERVED          NORMAL  DEPART  LAST YEAR`S

DEGREE_DAYS
HEATING TOTAL     100               175     -75       86
 SINCE 7/1        100               217    -117      109
COOLING TOTAL     132                41      91      114
 SINCE 1/1        906               489     417      631
.................................................................

WIND (MPH)
AVERAGE WIND SPEED              7.1
HIGHEST WIND SPEED/DIRECTION    33/190    DATE  09/21
HIGHEST GUST SPEED/DIRECTION    45/190    DATE  09/21

SKY COVER
POSSIBLE SUNSHINE (PERCENT)   MM
AVERAGE SKY COVER           0.50
NUMBER OF DAYS FAIR            7
NUMBER OF DAYS PC             16
NUMBER OF DAYS CLOUDY          7

AVERAGE RH (PERCENT)     69

WEATHER CONDITIONS. NUMBER OF DAYS WITH
  0
  5
  0
  0
  0
  0
  0
HAZE                      2

-  INDICATES NEGATIVE NUMBERS.
R  INDICATES RECORD WAS SET OR TIED.
MM INDICATES DATA IS MISSING.
T  INDICATES TRACE AMOUNT.

$$
