000
CXUS51 KBTV 011414
CLMBTV


CLIMATE REPORT
NATIONAL WEATHER SERVICE BURLINGTON VT
913 AM EST TUE JAN 1 2019

...................................

...THE BURLINGTON VT CLIMATE SUMMARY FOR THE MONTH OF DECEMBER 2018...

CLIMATE NORMAL PERIOD 1981 TO 2010
CLIMATE RECORD PERIOD 1884 TO 2018

WEATHER         OBSERVED          NORMAL  DEPART  LAST YEAR`S
                 VALUE   DATE(S)  VALUE   FROM    VALUE  DATE(S)
                                          NORMAL
................................................................
TEMPERATURE (F)
RECORD
 HIGH              68   12/24/2015
 LOW              -29   12/30/1933
                        12/29/1933
HIGHEST            56   12/22        30      26       55  12/05
LOWEST                  12/13        16     -17      -10  12/30
AVG. MAXIMUM     35.3              33.2     2.1     29.0
AVG. MINIMUM     18.3              18.5    -0.2     15.7
MEAN             26.8              25.8     1.0     22.3
DAYS MAX >= 90      0               0.0     0.0        0
DAYS MAX <= 32     15              13.3     1.7       16
DAYS MIN <= 32     30              27.1     2.9       27
DAYS MIN <= 0       2               2.4    -0.4        7

PRECIPITATION (INCHES)
RECORD
 MAXIMUM         5.95   1973
 MINIMUM         0.31   1928
TOTALS           2.83              2.38    0.45     2.18
DAILY AVG.       0.09              0.08    0.01     0.07
DAYS >= .01        16              14.4     1.6       17
DAYS >= .10         7               6.1     0.9        8
DAYS >= .50         1               1.2    -0.2        1
DAYS >= 1.00        0               0.2    -0.2        0
GREATEST
 24 HR. TOTAL    0.83   12/21 TO 12/21           12/23 TO 12/23
                                                          12/22 TO 12/22EATHER         OBSERVED          NORMAL  DEPART  LAST YEAR`S
                                                          12/22 TO 12/22EATHER         OBSERVED          NORMAL  DEPART  LAST YEAR`S
 STORM TOTAL       MM                                 MM
 (MM/DD(HH))            MM                    12/23(00) TO 12/23(00)
                                                 12/22(00) TO 12/22(00)2EATHER         OBSERVED          NORMAL  DEPART  LAST YEAR`S
                                                 12/22(00) TO 12/22(00)2EATHER         OBSERVED          NORMAL  DEPART  LAST YEAR`S

SNOWFALL (INCHES)
RECORDS
 TOTAL           56.7   5
                        0
                        -26215
TOTALS            8.6              17.9    -9.3     23.5
SINCE 7/1        28.1              23.3     4.8     26.5
SNOWDEPTH AVG.      1                 4      -3        4
DAYS >= 1.0         2               5.7    -3.7        7
GREATEST
 SNOW DEPTH         4   12/02                          9  12/22
 24 HR TOTAL      2.3   12/24 TO 12/24           12/22 TO 12/22
                                                          12/22 TO 12/22EATHER         OBSERVED          NORMAL  DEPART  LAST YEAR`S
                                                          12/22 TO 12/22EATHER         OBSERVED          NORMAL  DEPART  LAST YEAR`S

DEGREE_DAYS
HEATING TOTAL    1179              1214     -35     1317
 SINCE 7/1       2725              2759     -34     2456
COOLING TOTAL       0                 0       0        0
 SINCE 1/1        916               491     425      652
.................................................................

WIND (MPH)
AVERAGE WIND SPEED              7.4
HIGHEST WIND SPEED/DIRECTION    32/320    DATE  12/17
HIGHEST GUST SPEED/DIRECTION    40/330    DATE  12/17

SKY COVER
POSSIBLE SUNSHINE (PERCENT)   MM
AVERAGE SKY COVER           0.80
NUMBER OF DAYS FAIR            1
NUMBER OF DAYS PC             12
NUMBER OF DAYS CLOUDY         18

AVERAGE RH (PERCENT)     73

WEATHER CONDITIONS. NUMBER OF DAYS WITH
  0
  5
  0
  0
  1
  1
  1
HAZE                      5

-  INDICATES NEGATIVE NUMBERS.
R  INDICATES RECORD WAS SET OR TIED.
MM INDICATES DATA IS MISSING.
T  INDICATES TRACE AMOUNT.

$$
