000
CXUS51 KBTV 011317
CLMBTV


CLIMATE REPORT
NATIONAL WEATHER SERVICE BURLINGTON VT
913 AM EDT SUN JUL 1 2018

...................................

...THE BURLINGTON VT CLIMATE SUMMARY FOR THE MONTH OF JUNE 2018...

CLIMATE NORMAL PERIOD 1981 TO 2010
CLIMATE RECORD PERIOD 1884 TO 2018

WEATHER         OBSERVED          NORMAL  DEPART  LAST YEAR`S
                 VALUE   DATE(S)  VALUE   FROM    VALUE  DATE(S)
                                          NORMAL
................................................................
TEMPERATURE (F)
RECORD
 HIGH             100   06/19/1995
 LOW               33   06/03/1986
                        06/01/1924
HIGHEST            93   06/30        76      17       95  06/11
LOWEST             44   06/11        55     -11       46  06/07
AVG. MAXIMUM     76.7              76.3     0.4     76.9
AVG. MINIMUM     55.0              55.3    -0.3     57.6
MEAN             65.8              65.8     0.0     67.2
DAYS MAX >= 90      1               1.4    -0.4        2
DAYS MAX <= 32      0               0.0     0.0        0
DAYS MIN <= 32      0               0.0     0.0        0
DAYS MIN <= 0       0               0.0     0.0        0

PRECIPITATION (INCHES)
RECORD
 MAXIMUM         9.92   1922
 MINIMUM         0.82   1995
TOTALS           4.10              3.69    0.41     7.17
DAILY AVG.       0.14              0.12    0.02     0.24
DAYS >= .01        11              13.3    -2.3       16
DAYS >= .10         5               7.7    -2.7       10
DAYS >= .50         2               2.4    -0.4        5
DAYS >= 1.00        1               0.6     0.4        3
GREATEST
 24 HR. TOTAL    2.29   06/18 TO 06/18           06/29 TO 06/29
                                                          06/30 TO 06/30EATHER         OBSERVED          NORMAL  DEPART  LAST YEAR`S
                                                          06/30 TO 06/30EATHER         OBSERVED          NORMAL  DEPART  LAST YEAR`S
 STORM TOTAL       MM                                 MM
 (MM/DD(HH))            MM                    06/29(00) TO 06/29(00)
                                                 06/30(00) TO 06/30(00)0EATHER         OBSERVED          NORMAL  DEPART  LAST YEAR`S
                                                 06/30(00) TO 06/30(00)0EATHER         OBSERVED          NORMAL  DEPART  LAST YEAR`S

DEGREE_DAYS
HEATING TOTAL      50                73     -23       52
 SINCE 7/1       6721              7434    -713     6328
COOLING TOTAL      82                97     -15      126
 SINCE 1/1        127               116      11      168
.................................................................

WIND (MPH)
AVERAGE WIND SPEED              7.3
HIGHEST WIND SPEED/DIRECTION    31/300    DATE  06/18
HIGHEST GUST SPEED/DIRECTION    46/310    DATE  06/18

SKY COVER
POSSIBLE SUNSHINE (PERCENT)   MM
AVERAGE SKY COVER           0.60
NUMBER OF DAYS FAIR            2
NUMBER OF DAYS PC             20
NUMBER OF DAYS CLOUDY          8

AVERAGE RH (PERCENT)     63

WEATHER CONDITIONS. NUMBER OF DAYS WITH
  0
  3
  0
  0
  0
  0
  1
HAZE                      2

-  INDICATES NEGATIVE NUMBERS.
R  INDICATES RECORD WAS SET OR TIED.
MM INDICATES DATA IS MISSING.
T  INDICATES TRACE AMOUNT.

$$
