000
CXUS53 KLMK 011304
CLMBWG


CLIMATE REPORT
NATIONAL WEATHER SERVICE LOUISVILLE KY
804 AM EST SAT DEC 1 2018

...................................

...THE BOWLING GREEN CLIMATE SUMMARY FOR THE MONTH OF NOVEMBER 2018...

CLIMATE NORMAL PERIOD 1981 TO 2010
CLIMATE RECORD PERIOD 1870 TO 2018

WEATHER         OBSERVED          NORMAL  DEPART  LAST YEAR`S
                 VALUE   DATE(S)  VALUE   FROM    VALUE  DATE(S)
                                          NORMAL
................................................................
TEMPERATURE (F)
RECORD
 HIGH              88   11/12/1909
 LOW               -7   11/25/1950
HIGHEST            69   11/01        MM      MM       81  11/05
LOWEST             16   11/28        MM      MM       23  11/23
AVG. MAXIMUM     53.2              59.4    -6.2     60.2
AVG. MINIMUM     34.4              37.5    -3.1     37.9
MEAN             43.8              48.4    -4.6     49.1
DAYS MAX >= 90      0               0.0     0.0        0
DAYS MAX <= 32      1               0.0     1.0        0
DAYS MIN <= 32     15               9.6     5.4       14
DAYS MIN <= 0       0               0.0     0.0        0

PRECIPITATION (INCHES)
RECORD
 MAXIMUM        10.53   1900
 MINIMUM         0.32   1912
TOTALS           5.52              4.22    1.30     1.96
DAILY AVG.       0.18              0.14    0.04     0.07
DAYS >= .01        15               9.9     5.1       10
DAYS >= .10         9               6.9     2.1        3
DAYS >= .50         3               3.0     0.0        1
DAYS >= 1.00        2               1.1     0.9        1
GREATEST
 24 HR. TOTAL    1.79   11/05 TO 11/05

SNOWFALL (INCHES)
RECORDS
 TOTAL            3.0   5
                        0
TOTALS            0.2               0.0     0.2      0.0
SINCE 7/1         0.2                 T     0.2        T
SNOWDEPTH AVG.      0                MM      MM        0
DAYS >= 1.0         0               0.0     0.0        0
GREATEST
 SNOW DEPTH         T   11/16                          0  MM
 24 HR TOTAL      0.2   11/15 TO 11/15

DEGREE_DAYS
HEATING TOTAL     630               500     130      481
 SINCE 7/1        874               763     111      701
COOLING TOTAL       0                 3      -3       12
 SINCE 1/1       2143              1491     652     1600
.................................................................

WIND (MPH)
AVERAGE WIND SPEED              6.1
HIGHEST WIND SPEED/DIRECTION    32/270    DATE  11/05
HIGHEST GUST SPEED/DIRECTION    45/230    DATE  11/25

SKY COVER
POSSIBLE SUNSHINE (PERCENT)   MM
AVERAGE SKY COVER           0.50
NUMBER OF DAYS FAIR           10
NUMBER OF DAYS PC             10
NUMBER OF DAYS CLOUDY         10

AVERAGE RH (PERCENT)     72

WEATHER CONDITIONS. NUMBER OF DAYS WITH
  0
  7
  0
  0
  0
  0
  3
HAZE                      7

-  INDICATES NEGATIVE NUMBERS.
R  INDICATES RECORD WAS SET OR TIED.
MM INDICATES DATA IS MISSING.
T  INDICATES TRACE AMOUNT.

$$
