000
CXUS53 KLMK 011554
CLMBWG


CLIMATE REPORT
NATIONAL WEATHER SERVICE LOUISVILLE KY
1145 AM EDT FRI JUN 1 2018

...................................

...THE BOWLING GREEN CLIMATE SUMMARY FOR THE MONTH OF MAY 2018...

CLIMATE NORMAL PERIOD 1981 TO 2010
CLIMATE RECORD PERIOD 1870 TO 2018

WEATHER         OBSERVED          NORMAL  DEPART  LAST YEAR`S
                 VALUE   DATE(S)  VALUE   FROM    VALUE  DATE(S)
                                          NORMAL
................................................................
TEMPERATURE (F)
RECORD
 HIGH             100   05/28/1911
 LOW               31   05/02/1963
                        05/02/1909
HIGHEST            92   05/14        MM      MM       88  05/18
                                                          05/17
LOWEST             44   05/01        MM      MM       38  05/07
AVG. MAXIMUM     85.4              77.8     7.6     78.3
AVG. MINIMUM     63.9              55.0     8.9     57.5
MEAN             74.6              66.4     8.2     67.9
DAYS MAX >= 90      5               0.6     4.4        0
DAYS MAX <= 32      0               0.0     0.0        0
DAYS MIN <= 32      0               0.0     0.0        0
DAYS MIN <= 0       0               0.0     0.0        0

PRECIPITATION (INCHES)
RECORD
 MAXIMUM        13.27   1983
 MINIMUM         0.56   1926
TOTALS           4.38              5.61   -1.23     5.35
DAILY AVG.       0.14              0.18   -0.04     0.17
DAYS >= .01        15              11.8     3.2       13
DAYS >= .10        10               8.3     1.7        8
DAYS >= .50         2               3.5    -1.5        5
DAYS >= 1.00        1               1.6    -0.6        1
GREATEST
 24 HR. TOTAL    1.51   05/05 TO 05/05

SNOWFALL (INCHES)
RECORDS
 TOTAL             MM   5
TOTALS            0.0               0.0     0.0      0.0
SINCE 7/1        11.0               9.1     1.9      0.7
SNOWDEPTH AVG.      0                MM      MM        0
DAYS >= 1.0         0               0.0     0.0        0
GREATEST
 SNOW DEPTH         0   MM                             0  MM
 24 HR TOTAL      0.0   05/31 TO 05/31

DEGREE_DAYS
HEATING TOTAL       2                74     -72       60
 SINCE 7/1       3926              4043    -117     2989
COOLING TOTAL     307               117     190      155
 SINCE 1/1        333               153     180      249
.................................................................

WIND (MPH)
AVERAGE WIND SPEED              5.9
HIGHEST WIND SPEED/DIRECTION    23/280    DATE  05/31
HIGHEST GUST SPEED/DIRECTION    33/280    DATE  05/31

SKY COVER
POSSIBLE SUNSHINE (PERCENT)   MM
AVERAGE SKY COVER           0.30
NUMBER OF DAYS FAIR           20
NUMBER OF DAYS PC             10
NUMBER OF DAYS CLOUDY          1

AVERAGE RH (PERCENT)     72

WEATHER CONDITIONS. NUMBER OF DAYS WITH
THUNDERSTORM             13     MIXED PRECIP                0
HEAVY RAIN               10     RAIN                        6
LIGHT RAIN               15     FREEZING RAIN               0
LT FREEZING RAIN          0     HAIL                        0
HEAVY SNOW                0     SNOW                        0
LIGHT SNOW                0     SLEET                       0
FOG                      16     FOG W/VIS <= 1/4 MILE       2
HAZE                      3

-  INDICATES NEGATIVE NUMBERS.
R  INDICATES RECORD WAS SET OR TIED.
MM INDICATES DATA IS MISSING.
T  INDICATES TRACE AMOUNT.

$$
