000
CXUS53 KLMK 011519
CLMBWG


CLIMATE REPORT
NATIONAL WEATHER SERVICE LOUISVILLE KY
1113 AM EDT SAT SEP 1 2018

...................................

...THE BOWLING GREEN CLIMATE SUMMARY FOR THE MONTH OF AUGUST 2018...

CLIMATE NORMAL PERIOD 1981 TO 2010
CLIMATE RECORD PERIOD 1870 TO 2018

WEATHER         OBSERVED          NORMAL  DEPART  LAST YEAR`S
                 VALUE   DATE(S)  VALUE   FROM    VALUE  DATE(S)
                                          NORMAL
................................................................
TEMPERATURE (F)
RECORD
 HIGH             110   08/09/1930
                        08/13/1881
 LOW               42   08/31/1946
HIGHEST            96   08/07        MM      MM       92  08/21
                        08/06                             08/20
LOWEST             56   08/24        MM      MM       54  08/05
                        08/23
AVG. MAXIMUM     88.9              88.9     0.0     86.0
AVG. MINIMUM     68.9              66.1     2.8     65.7
MEAN             78.9              77.5     1.4     75.9
DAYS MAX >= 90     15              13.6     1.4        7
DAYS MAX <= 32      0               0.0     0.0        0
DAYS MIN <= 32      0               0.0     0.0        0
DAYS MIN <= 0       0               0.0     0.0        0

PRECIPITATION (INCHES)
RECORD
 MAXIMUM        11.33   2014
 MINIMUM         0.70   1924
TOTALS           4.24              3.33    0.91     5.36
DAILY AVG.       0.14              0.11    0.03     0.17
DAYS >= .01        12               7.9     4.1       13
DAYS >= .10         7               5.1     1.9        9
DAYS >= .50         4               2.3     1.7        4
DAYS >= 1.00        1               1.1    -0.1        2
GREATEST
 24 HR. TOTAL    1.38   08/16 TO 08/16

SNOWFALL (INCHES)
RECORDS
 TOTAL             MM   5
TOTALS            0.0               0.0     0.0      0.0
SINCE 7/1         0.0               0.0     0.0      0.0
SNOWDEPTH AVG.      0                MM      MM        0
DAYS >= 1.0         0               0.0     0.0        0
GREATEST
 SNOW DEPTH         0   MM                             0  MM
 24 HR TOTAL      0.0   08/31 TO 08/31

DEGREE_DAYS
HEATING TOTAL       0                 1      -1        0
 SINCE 7/1          0                 1      -1        0
COOLING TOTAL     440               388      52      345
 SINCE 1/1       1692              1269     423     1352
.................................................................

WIND (MPH)
AVERAGE WIND SPEED              5.0
HIGHEST WIND SPEED/DIRECTION    24/250    DATE  08/09
HIGHEST GUST SPEED/DIRECTION    33/240    DATE  08/29

SKY COVER
POSSIBLE SUNSHINE (PERCENT)   MM
AVERAGE SKY COVER           0.30
NUMBER OF DAYS FAIR           20
NUMBER OF DAYS PC             10
NUMBER OF DAYS CLOUDY          1

AVERAGE RH (PERCENT)     73

WEATHER CONDITIONS. NUMBER OF DAYS WITH
THUNDERSTORM             13     MIXED PRECIP                0
HEAVY RAIN                7     RAIN                        7
LIGHT RAIN               12     FREEZING RAIN               0
LT FREEZING RAIN          0     HAIL                        0
HEAVY SNOW                0     SNOW                        0
LIGHT SNOW                0     SLEET                       0
FOG                      18     FOG W/VIS <= 1/4 MILE       2
HAZE                      0


-  INDICATES NEGATIVE NUMBERS.
R  INDICATES RECORD WAS SET OR TIED.
MM INDICATES DATA IS MISSING.
T  INDICATES TRACE AMOUNT.

$$
