088
CXUS52 KCAE 011539
CLMCAE


CLIMATE REPORT
NATIONAL WEATHER SERVICE COLUMBIA SC
1002 AM EST FRI FEB 1 2019

...................................

...THE COLUMBIA METRO AIRPORT SC CLIMATE SUMMARY FOR THE MONTH OF
JANUARY 2019...

CLIMATE NORMAL PERIOD 1981 TO 2010
CLIMATE RECORD PERIOD 1887 TO 2019

WEATHER         OBSERVED          NORMAL  DEPART
                 VALUE   DATE(S)  VALUE   FROM
                                          NORMAL
................................................
TEMPERATURE (F)
RECORD
 HIGH              84   01/31/1975
                        01/24/1974
 LOW                    01/21/1985
HIGHEST            75   01/01     99999   -99924
LOWEST             22   01/30        MM      MM
                        01/26
AVG. MAXIMUM     57.7              56.0     1.7
AVG. MINIMUM     36.3              33.7     2.6
MEAN             47.0              44.8     2.2
DAYS MAX >= 90      0               0.0     0.0
DAYS MAX <= 32      0               0.4    -0.4
DAYS MIN <= 32     12              14.5    -2.5
DAYS MIN <= 0       0               0.0     0.0

PRECIPITATION (INCHES)
RECORD
 MAXIMUM        10.03   1925
 MINIMUM         0.77   1935
TOTALS           3.01              3.58   -0.57
DAILY AVG.       0.10              0.12   -0.02
DAYS >= .01        10               9.9     0.1
DAYS >= .10         5               6.5    -1.5
DAYS >= .50         2               2.6    -0.6
DAYS >= 1.00        1               0.9     0.1
GREATEST
 24 HR. TOTAL    1.10   01/24 TO 01/24
 STORM TOTAL       MM
 (MM/DD(HH))            MM

SNOWFALL (INCHES)
RECORDS
 TOTAL            6.2   1936
TOTALS            0.0               0.8    -0.8
SINCE 7/1         0.0               0.9    -0.9
DAYS >= TRACE       0               0.5    -0.5
DAYS >= 1.0         0               0.2    -0.2
GREATEST
 SNOW DEPTH         0   MM

DEGREE_DAYS
HEATING TOTAL     553               626     -73
 SINCE 7/1       1518              1636    -118
COOLING TOTAL       4                 1       3
 SINCE 1/1          4                 0       4

FREEZE DATES
RECORD
 EARLIEST     10/15/1991
 LATEST       04/03/1964
EARLIEST                        11/05
LATEST                          03/22
.................................................

WIND (MPH)
AVERAGE WIND SPEED              5.8
RESULTANT WIND SPEED/DIRECTION   2/257
HIGHEST WIND SPEED/DIRECTION    29/260    DATE  01/24
HIGHEST GUST SPEED/DIRECTION    41/260    DATE  01/04

SKY COVER
POSSIBLE SUNSHINE (PERCENT)   MM
AVERAGE SKY COVER           0.50
NUMBER OF DAYS FAIR           13
NUMBER OF DAYS PC              7
NUMBER OF DAYS CLOUDY         11

AVERAGE RH (PERCENT)     72

WEATHER CONDITIONS. NUMBER OF DAYS WITH
THUNDERSTORM              0     MIXED PRECIP               0
HEAVY RAIN                3     RAIN                       6
LIGHT RAIN               12     FREEZING RAIN              0
LT FREEZING RAIN          0     HAIL                       0
HEAVY SNOW                0     SNOW                       0
LIGHT SNOW                0     SLEET                      0
FOG                      17     FOG W/VIS <= 1/4 MILE      4
HAZE                      3
-  INDICATES NEGATIVE NUMBERS.
R  INDICATES RECORD WAS SET OR TIED.
MM INDICATES DATA IS MISSING.
T  INDICATES TRACE AMOUNT.

$$
