000
CXUS55 KGJT 011416
CLMCAG


CLIMATE REPORT
NATIONAL WEATHER SERVICE GRAND JUNCTION CO
805 AM MDT MON OCT 1 2018

...................................

...THE CRAIG CO CLIMATE SUMMARY FOR THE MONTH OF SEPTEMBER 2018...

CLIMATE NORMAL PERIOD 1981 TO 2010
CLIMATE RECORD PERIOD 9999 TO 9999

WEATHER         OBSERVED          NORMAL  DEPART  LAST YEAR`S
                 VALUE   DATE(S)  VALUE   FROM    VALUE  DATE(S)
                                          NORMAL
................................................................
TEMPERATURE (F)
HIGHEST            90   09/15        MM      MM       93  09/04
                                                          09/03
LOWEST             25   09/26        MM      MM       21  09/26
AVG. MAXIMUM     83.2              74.1     9.1     77.0
AVG. MINIMUM     36.0              36.8    -0.8     38.0
MEAN             59.6              55.5     4.1     57.5
DAYS MAX >= 90      1               0.1     0.9        4
DAYS MAX <= 32      0               0.0     0.0        0
DAYS MIN <= 32      8               8.0     0.0        6
DAYS MIN <= 0       0               0.0     0.0        0

PRECIPITATION (INCHES)
TOTALS           0.18              1.90   -1.72     1.94
DAILY AVG.       0.01              0.06   -0.05     0.06
DAYS >= .01         3                MM      MM       10
DAYS >= .10         1                MM      MM        6
DAYS >= .50         0                MM      MM        1
DAYS >= 1.00        0                MM      MM        0
GREATEST
 24 HR. TOTAL    0.13   09/24 TO 09/24              0.75

SNOWFALL (INCHES)
TOTALS             MM                MM      MM       MM
SINCE 7/1          MM                MM      MM       MM
SNOWDEPTH AVG.     MM                MM      MM       MM
DAYS >= 1.0         0                MM      MM        0
GREATEST
 SNOW DEPTH        MM                                 MM  MM
 24 HR TOTAL       MM                                 MM

DEGREE_DAYS
HEATING TOTAL     159               288    -129      234
 SINCE 7/1        179               365    -186      250
COOLING TOTAL       7                 2       5       17
 SINCE 1/1        327               142     185      285
.................................................................

WIND (MPH)
AVERAGE WIND SPEED              5.8
HIGHEST WIND SPEED/DIRECTION    40/220    DATE  09/17
HIGHEST GUST SPEED/DIRECTION    58/210    DATE  09/17

SKY COVER
POSSIBLE SUNSHINE (PERCENT)   MM
AVERAGE SKY COVER           0.10
NUMBER OF DAYS FAIR           30
NUMBER OF DAYS PC              0
NUMBER OF DAYS CLOUDY          0

AVERAGE RH (PERCENT)     44

WEATHER CONDITIONS. NUMBER OF DAYS WITH
THUNDERSTORM              3     MIXED PRECIP                0
HEAVY RAIN                0     RAIN                        0
LIGHT RAIN                5     FREEZING RAIN               0
LT FREEZING RAIN          0     HAIL                        0
HEAVY SNOW                0     SNOW                        0
LIGHT SNOW                0     SLEET                       0
FOG                       1     FOG W/VIS <= 1/4 MILE       0
HAZE                      0


-  INDICATES NEGATIVE NUMBERS.
R  INDICATES RECORD WAS SET OR TIED.
MM INDICATES DATA IS MISSING.
T  INDICATES TRACE AMOUNT.

$$
