000
CXUS55 KGJT 032030
CLMCAG

CLIMATE REPORT
NATIONAL WEATHER SERVICE GRAND JUNCTION CO
125 PM MST THU JAN 3 2019

...................................

...THE CRAIG CO CLIMATE SUMMARY FOR THE MONTH OF DECEMBER 2018...

CLIMATE NORMAL PERIOD 1981 TO 2010
CLIMATE RECORD PERIOD 9999 TO 9999

WEATHER         OBSERVED          NORMAL  DEPART  LAST YEAR`S
                 VALUE   DATE(S)  VALUE   FROM    VALUE  DATE(S)
                                          NORMAL
................................................................
TEMPERATURE (F)
HIGHEST            45   12/16        MM      MM       58  12/02
LOWEST            -14   12/29        MM      MM      -14  12/24
AVG. MAXIMUM     32.0              30.7     1.3     37.2
AVG. MINIMUM      4.1               4.4    -0.3      5.5
MEAN             18.0              17.6     0.4     21.4
DAYS MAX >= 90      0               0.0     0.0        0
DAYS MAX <= 32     13              16.4    -3.4        6
DAYS MIN <= 32     31              30.9     0.1       31
DAYS MIN <= 0      10              11.9    -1.9        9

PRECIPITATION (INCHES)
TOTALS           0.73              1.00   -0.27     0.85
DAILY AVG.       0.02              0.03   -0.01     0.03
DAYS >= .01        10                MM      MM        8
DAYS >= .10         3                MM      MM        4
DAYS >= .50         0                MM      MM        0
DAYS >= 1.00        0                MM      MM        0
GREATEST
 24 HR. TOTAL    0.21   12/24 TO 12/24              0.27

SNOWFALL (INCHES)
TOTALS             MM                MM      MM       MM
SINCE 7/1          MM                MM      MM       MM
SNOWDEPTH AVG.     MM                MM      MM       MM
DAYS >= 1.0        MM                MM      MM       MM
GREATEST
 SNOW DEPTH        MM                                 MM  MM
 24 HR TOTAL       MM                                 MM

DEGREE_DAYS
HEATING TOTAL    1449              1471     -22     1347
 SINCE 7/1       3337              3556    -219     3098
COOLING TOTAL       0                 0       0        0
 SINCE 1/1        327               142     185      285
.................................................................

WIND (MPH)
AVERAGE WIND SPEED              3.5
HIGHEST WIND SPEED/DIRECTION    29/300    DATE  12/19
HIGHEST GUST SPEED/DIRECTION    39/290    DATE  12/19

SKY COVER
POSSIBLE SUNSHINE (PERCENT)   MM
AVERAGE SKY COVER           0.50
NUMBER OF DAYS FAIR           11
NUMBER OF DAYS PC              9
NUMBER OF DAYS CLOUDY         11

AVERAGE RH (PERCENT)     76

WEATHER CONDITIONS. NUMBER OF DAYS WITH
THUNDERSTORM              0     MIXED PRECIP                0
HEAVY RAIN                0     RAIN                        0
LIGHT RAIN                0     FREEZING RAIN               0
LT FREEZING RAIN          0     HAIL                        0
HEAVY SNOW                0     SNOW                        5
LIGHT SNOW               20     SLEET                       0
FOG                      20     FOG W/VIS <= 1/4 MILE       3
HAZE                      5

-  INDICATES NEGATIVE NUMBERS.
R  INDICATES RECORD WAS SET OR TIED.
MM INDICATES DATA IS MISSING.
T  INDICATES TRACE AMOUNT.

$$
