000
CXUS51 KCLE 011733
CLMCAK


CLIMATE REPORT
NATIONAL WEATHER SERVICE CLEVELAND OH
1257 PM EDT MON OCT 1 2018

...................................

...THE AKRON CANTON OH CLIMATE SUMMARY FOR THE MONTH OF SEPTEMBER 2018...

CLIMATE NORMAL PERIOD 1981 TO 2010
CLIMATE RECORD PERIOD 1887 TO 2018

WEATHER         OBSERVED          NORMAL  DEPART  LAST YEAR`S
                 VALUE   DATE(S)  VALUE   FROM    VALUE
                                          NORMAL
.............................................................
TEMPERATURE (F)
RECORD
 HIGH              99   10/07/5881
                        10/07/5881
 LOW               29   10/07/5881
HIGHEST            96   09/04
LOWEST             47   09/28
AVG. MAXIMUM     78.2              73.0     5.2     78.7
AVG. MINIMUM     61.5              53.3     8.2     56.0
MEAN             69.8              63.1     6.7     67.4
DAYS MAX >= 90      4               0.3     3.7        6
DAYS MAX <= 32      0               0.0     0.0        0
DAYS MIN <= 32      0               0.0     0.0        0
DAYS MIN <= 0       0               0.0     0.0        0

PRECIPITATION (INCHES)
RECORD
 MAXIMUM        11.98   1926
 MINIMUM         0.20   1960
TOTALS           7.26              3.45    3.81     2.02
DAYS >= .01        13              10.2     2.8        7
DAYS >= .10        10               6.1     3.9        4
DAYS >= .50         4               2.1     1.9        1
DAYS >= 1.00        2               0.9     1.1        1
GREATEST
 24 HR. TOTAL    2.50   09/09 TO 09/09              1.17

SNOWFALL (INCHES)
RECORDS
 TOTAL              T   2003
                        2000
                        1999
TOTALS            0.0               0.0     0.0      0.0
SINCE 7/1         0.0               0.0     0.0      0.0
DAYS >= 1.0         0               0.0     0.0        0
GREATEST
 24 HR TOTAL      0.0

DEGREE_DAYS
HEATING TOTAL      53               119     -66       69
 SINCE 7/1         53               139     -86       75
COOLING TOTAL     204                64     140      149
 SINCE 1/1       1223               646     577      891
..............................................................

WIND (MPH)
AVERAGE WIND SPEED              7.8
HIGHEST WIND SPEED/DIRECTION    28/220    DATE  09/21
HIGHEST GUST SPEED/DIRECTION    37/220    DATE  09/21

SKY COVER
AVERAGE SKY COVER           0.60

AVERAGE RH (PERCENT)     74

WEATHER CONDITIONS. NUMBER OF DAYS WITH
FOG 17
DENSE FOG 3
THUNDER 4
HAZE 6

-  INDICATES NEGATIVE NUMBERS.
R  INDICATES RECORD WAS SET OR TIED.
MM INDICATES DATA IS MISSING.
T  INDICATES TRACE AMOUNT.

$$
