000
CXUS51 KCLE 020248
CLMCAK


CLIMATE REPORT
NATIONAL WEATHER SERVICE CLEVELAND OH
1037 PM EDT SUN JUL 1 2018

...................................

...THE AKRON CANTON OH CLIMATE SUMMARY FOR THE MONTH OF JUNE 2018...

CLIMATE NORMAL PERIOD 1981 TO 2010
CLIMATE RECORD PERIOD 1887 TO 2018

WEATHER         OBSERVED          NORMAL  DEPART  LAST YEAR`S
                 VALUE   DATE(S)  VALUE   FROM    VALUE
                                          NORMAL
.............................................................
TEMPERATURE (F)
RECORD
 HIGH             100   06/25/1988
                        06/26/1952
 LOW               32   06/11/1972
HIGHEST            94   06/17
LOWEST             44   06/06
AVG. MAXIMUM     80.6              78.0     2.6     80.9
AVG. MINIMUM     61.3              57.7     3.6     59.9
MEAN             70.9              67.9     3.0     70.4
DAYS MAX >= 90      3               0.8     2.2        4
DAYS MAX <= 32      0               0.0     0.0        0
DAYS MIN <= 32      0               0.0     0.0        0
DAYS MIN <= 0       0               0.0     0.0        0

PRECIPITATION (INCHES)
RECORD
 MAXIMUM        11.12   1924
 MINIMUM         0.37   1988
TOTALS           3.42              3.83   -0.41     4.73
DAYS >= .01        11              12.1    -1.1       10
DAYS >= .10         6               7.7    -1.7        5
DAYS >= .50         2               2.7    -0.7        4
DAYS >= 1.00        1               0.7     0.3        2
GREATEST
 24 HR. TOTAL    1.19   06/10 TO 06/10              1.32

SNOWFALL (INCHES)
RECORDS
TOTALS            0.0               0.0     0.0      0.0
SINCE 7/1        53.3              47.5     5.8     37.2
DAYS >= 1.0         0               0.0     0.0        0
GREATEST
 24 HR TOTAL      0.0   06/01 TO 06/30

DEGREE_DAYS
HEATING TOTAL      17                49     -32       23
 SINCE 7/1       5739              6150    -411     4896
COOLING TOTAL     204               135      69      189
 SINCE 1/1        355               177     178      253
..............................................................

WIND (MPH)
AVERAGE WIND SPEED              7.6
HIGHEST WIND SPEED/DIRECTION    24/320    DATE  06/24
HIGHEST GUST SPEED/DIRECTION    36/320    DATE  06/24

SKY COVER
AVERAGE SKY COVER           0.60

AVERAGE RH (PERCENT)     70


-  INDICATES NEGATIVE NUMBERS.
R  INDICATES RECORD WAS SET OR TIED.
MM INDICATES DATA IS MISSING.
T  INDICATES TRACE AMOUNT.

$$
