000
CXUS55 KABQ 011300
CLMCAO

ABQCLMCAO 000
TTAA00 KABQ 011229


CLIMATE REPORT
NATIONAL WEATHER SERVICE ALBUQUERQUE NM
529 AM MST TUE JAN 1 2019

...................................

...THE CLAYTON  NM CLIMATE SUMMARY FOR THE MONTH OF
DECEMBER 2018...

CLIMATE NORMAL PERIOD 1981 TO 2010
CLIMATE RECORD PERIOD 1896 TO 2018

WEATHER         OBSERVED          NORMAL  DEPART  LAST YEAR`S
                 VALUE   DATE(S)  VALUE   FROM    VALUE  DATE(S)
                                          NORMAL
................................................................
TEMPERATURE (F)
RECORD
 HIGH              92   12/26/1917
 LOW              -14   12/21/1990
HIGHEST            69   12/21        MM      MM       74  12/29
LOWEST             11   12/31        MM      MM        2  12/31
                        12/29
AVG. MAXIMUM     47.7              47.7     0.0     51.6
AVG. MINIMUM     21.7              21.9    -0.2     21.3
MEAN             34.7              34.8    -0.1     36.4
DAYS MAX >= 90      0               0.0     0.0        0
DAYS MAX <= 32      4               4.0     0.0        3
DAYS MIN <= 32     30              27.1     2.9       29
DAYS MIN <= 0       0               0.9    -0.9        0

PRECIPITATION (INCHES)
RECORD
 MAXIMUM           MM   MM
 MINIMUM           MM   MM
TOTALS           0.44              0.36    0.08        T
DAILY AVG.       0.01              0.01    0.00        T
DAYS >= .01         2               4.0    -2.0        0
DAYS >= .10         1               1.2    -0.2        0
DAYS >= .50         0               0.0     0.0        0
DAYS >= 1.00        0               0.0     0.0        0
GREATEST
 24 HR. TOTAL    0.43   12/26 TO 12/26                 T

SNOWFALL (INCHES)
RECORDS
 TOTAL             MM   MM
TOTALS            3.3               6.4    -3.1        T
SINCE 7/1         6.3              10.5    -4.2      0.5
SNOWDEPTH AVG.      0                MM      MM        0
DAYS >= 1.0         1               2.0    -1.0        0
GREATEST
 SNOW DEPTH         1   12/29                          0  MM
                        12/28
 24 HR TOTAL      2.0   12/26 TO 12/26                 T

DEGREE_DAYS
HEATING TOTAL     930               936      -6      877
 SINCE 7/1       2106              1988     118     1762
COOLING TOTAL       0                 0       0        0
 SINCE 1/1       1080               909     171      827
.................................................................

WIND (MPH)
AVERAGE WIND SPEED              11.3
HIGHEST WIND SPEED/DIRECTION    49/360    DATE  12/12
HIGHEST GUST SPEED/DIRECTION    64/360    DATE  12/12

SKY COVER
AVERAGE SKY COVER           0.20

AVERAGE RH (PERCENT)     55

WEATHER CONDITIONS. NUMBER OF DAYS WITH
THUNDERSTORM           1         MIXED PRECIP             0
HEAVY RAIN             0         RAIN                     0
LIGHT RAIN             0         FREEZING RAIN            0
LT FREEZING RAIN       0         HAIL                     0
HEAVY SNOW             1         SNOW                     0
LIGHT SNOW             7         SLEET                    0
FOG                    4         FOG W/ VIS <= 1/4 MILE   1
HAZE                   3

-  INDICATES NEGATIVE NUMBERS.
R  INDICATES RECORD WAS SET OR TIED.
MM INDICATES DATA IS MISSING.
T  INDICATES TRACE AMOUNT.

$$
