000
CXUS55 KABQ 012034 CCA
CLMCAO

ABQCLMCAO 000
TTAA00 KABQ 011803


CLIMATE REPORT
NATIONAL WEATHER SERVICE ALBUQUERQUE NM
1157 AM MDT MON OCT 1 2018

...................................

...THE CLAYTON  NM CLIMATE SUMMARY FOR THE MONTH OF SEPTEMBER 2018...

CLIMATE NORMAL PERIOD 1981 TO 2010
CLIMATE RECORD PERIOD 1896 TO 2018

WEATHER         OBSERVED          NORMAL  DEPART  LAST YEAR`S
                 VALUE   DATE(S)  VALUE   FROM    VALUE  DATE(S)
                                          NORMAL
................................................................
TEMPERATURE (F)
RECORD
 HIGH              99   09/05/2010
                        09/05/1948
                        09/03/1947
 LOW               26   09/29/1985
HIGHEST            91   09/13        MM      MM       90  09/14
                                                          09/04
LOWEST             40   09/27        MM      MM       47  09/29
                                                          09/28
                                                          09/26
AVG. MAXIMUM     80.9              79.3     1.6     78.4
AVG. MINIMUM     52.5              52.3     0.2     53.3
MEAN             66.7              65.8     0.9     65.8
DAYS MAX >= 90      2               2.9    -0.9        2
DAYS MAX <= 32      0               0.0     0.0        0
DAYS MIN <= 32      0               0.3    -0.3        0
DAYS MIN <= 0       0               0.0     0.0        0

PRECIPITATION (INCHES)
RECORD
 MAXIMUM           MM   MM
 MINIMUM           MM   MM
TOTALS           0.48              1.67   -1.19     4.39
DAILY AVG.       0.02              0.06   -0.04     0.15
DAYS >= .01         5               6.7    -1.7       12
DAYS >= .10         1               3.3    -2.3        8
DAYS >= .50         0               0.9    -0.9        3
DAYS >= 1.00        0               0.4    -0.4        1
GREATEST
 24 HR. TOTAL    0.37   09/03 TO 09/03              1.29

SNOWFALL (INCHES)
RECORDS
 TOTAL             MM   MM
TOTALS            0.0               0.3    -0.3      0.0
SINCE 7/1         0.0               0.3    -0.3      0.0
SNOWDEPTH AVG.      0                MM      MM        0
DAYS >= 1.0         0               0.1    -0.1        0
GREATEST
 SNOW DEPTH         0   MM                             0  MM
 24 HR TOTAL      0.0   09/30 TO 09/30               0.0

DEGREE_DAYS
HEATING TOTAL      45                78     -33       77
 SINCE 7/1         45                84     -39       81
COOLING TOTAL     105               102       3      112
 SINCE 1/1       1056               899     157      822
.................................................................

WIND (MPH)
AVERAGE WIND SPEED              12.1
HIGHEST WIND SPEED/DIRECTION    39/010    DATE  09/28
HIGHEST GUST SPEED/DIRECTION    46/010    DATE  09/28

SKY COVER
AVERAGE SKY COVER           0.10

AVERAGE RH (PERCENT)     61

WEATHER CONDITIONS. NUMBER OF DAYS WITH
THUNDERSTORM              0      MIXED PRECIP             0
HEAVY RAIN                1      RAIN                     0
LIGHT RAIN                4      FREEZING RAIN            0
LT FREEZING RAIN          0      HAIL                     0
HEAVY SNOW                0      SNOW                     0
LIGHT SNOW                0      SLEET                    0
FOG                       6      FOG W/ VIS <= 1/4 MILE   0
HAZE                      3

-  INDICATES NEGATIVE NUMBERS.
R  INDICATES RECORD WAS SET OR TIED.
MM INDICATES DATA IS MISSING.
T  INDICATES TRACE AMOUNT.

$$
