000
CXUS51 KCAR 151219
CLMCAR


CLIMATE REPORT
NATIONAL WEATHER SERVICE CARIBOU, ME
719 AM EST THU FEB 15 2018

...................................

...THE CARIBOU ME CLIMATE SUMMARY FOR THE MONTH OF JANUARY 2018...

CLIMATE NORMAL PERIOD 1981 TO 2010
CLIMATE RECORD PERIOD 1939 TO 2018

WEATHER         OBSERVED          NORMAL  DEPART  LAST YEAR`S
                 VALUE   DATE(S)  VALUE   FROM    VALUE  DATE(S)
                                          NORMAL
................................................................
TEMPERATURE (F)
RECORD
 HIGH              53   01/31/2013
                        01/15/1995
                        22/12/2298
 LOW              -37   01/16/2009
HIGHEST            51   01/12        MM      MM       45  01/11
LOWEST            -19   01/03        MM      MM      -16  01/07
AVG. MAXIMUM     21.4              19.5     1.9     26.4
AVG. MINIMUM      2.8               0.8     2.0      9.6
MEAN             12.1              10.2     1.9     18.0
DAYS MAX >= 90      0               0.0     0.0        0
DAYS MAX <= 32     25              25.9    -0.9       23
DAYS MIN <= 32     30              30.6    -0.6       30
DAYS MIN <= 0      13              15.7    -2.7        9

PRECIPITATION (INCHES)
RECORD
 MAXIMUM         5.60   1995
 MINIMUM         0.12   1944
TOTALS           5.30                      2.59
DAILY AVG.       0.17              0.09    0.08     0.11
DAYS >= .01        16              14.5     1.5       13
DAYS >= .10         7               6.4     0.6        7
DAYS >= .50         4               1.7     2.3        3
DAYS >= 1.00        1               0.3     0.7        1
GREATEST
 24 HR. TOTAL    1.72   01/23 TO 01/23           01/24 TO 01/25
                                                          01/04 TO 01/04EATHER         OBSERVED          NORMAL  DEPART  LAST YEAR`S
                                                          01/04 TO 01/04EATHER         OBSERVED          NORMAL  DEPART  LAST YEAR`S

SNOWFALL (INCHES)
RECORDS
 TOTAL           44.5   1994
TOTALS           38.9              25.2    13.7     19.4
SINCE 7/1        77.0              60.3    16.7     80.8
SNOWDEPTH AVG.     22                13       9       25
DAYS >= 1.0         6               6.4    -0.4        7
GREATEST
 SNOW DEPTH        30   01/10                         30  01/05
                        01/09
 24 HR TOTAL     13.0   01/04 TO 01/04           01/04 TO 01/04
                                                          01/04 TO 01/04EATHER         OBSERVED          NORMAL  DEPART  LAST YEAR`S
                                                          01/04 TO 01/04EATHER         OBSERVED          NORMAL  DEPART  LAST YEAR`S

DEGREE_DAYS
HEATING TOTAL    1631              1700     -69     1448
 SINCE 7/1       4929              5294    -365     4628
COOLING TOTAL       0                 0       0        0
 SINCE 1/1          0                 0       0        0
.................................................................

WIND (MPH)
AVERAGE WIND SPEED              8.2
HIGHEST WIND SPEED/DIRECTION    33/330    DATE  01/05
HIGHEST GUST SPEED/DIRECTION    45/010    DATE  01/05

SKY COVER
POSSIBLE SUNSHINE (PERCENT)   MM
AVERAGE SKY COVER           0.60
NUMBER OF DAYS FAIR           10
NUMBER OF DAYS PC              8
NUMBER OF DAYS CLOUDY         13

AVERAGE RH (PERCENT)     71

WEATHER CONDITIONS. NUMBER OF DAYS WITH
  0
  2
  2
  0
  7
  1
  4
HAZE                      7

-  INDICATES NEGATIVE NUMBERS.
R  INDICATES RECORD WAS SET OR TIED.
MM INDICATES DATA IS MISSING.
T  INDICATES TRACE AMOUNT.

$$
