054
CXUS54 KLUB 011435
CLMCDS


CLIMATE REPORT
NATIONAL WEATHER SERVICE LUBBOCK, TX
933 AM CDT SAT SEP 1 2018

...................................

...THE CHILDRESS CLIMATE SUMMARY FOR THE MONTH OF AUGUST 2018...

CLIMATE NORMAL PERIOD 1981 TO 2010
CLIMATE RECORD PERIOD 1893 TO 2018

WEATHER         OBSERVED          NORMAL  DEPART  LAST YEAR`S
                 VALUE   DATE(S)  VALUE   FROM    VALUE  DATE(S)
                                          NORMAL
................................................................
TEMPERATURE (F)
RECORD
 HIGH             115   08/02/1944
 LOW               52   08/26/2010
HIGHEST           101   08/28                         99  08/05
                        08/07
LOWEST             64   08/21                         59  08/31
                        08/01
AVG. MAXIMUM     95.3              94.7     0.6     89.4
AVG. MINIMUM     70.9              69.4     1.5     68.6
MEAN             83.1              82.1     1.0     79.0

PRECIPITATION (INCHES)
RECORD
 MAXIMUM           MM   MM
 MINIMUM           MM   MM
TOTALS           2.41              2.62   -0.21     2.87
DAILY AVG.       0.08              0.08    0.00
DAYS >= .01         6                                 12
DAYS >= .10         4                                  8
DAYS >= .50         1                                  2
DAYS >= 1.00        1                                  0
GREATEST
 24 HR. TOTAL    1.35   08/19 TO 08/19

DEGREE_DAYS
HEATING TOTAL       0                 0       0        0
 SINCE 7/1          0                 0       0
COOLING TOTAL     571               529      42      442
 SINCE 1/1       2283              1831     452
.................................................................

WIND (MPH)
AVERAGE WIND SPEED              9.2
HIGHEST WIND SPEED/DIRECTION    31/160    DATE  08/17
HIGHEST GUST SPEED/DIRECTION    42/050    DATE  08/08

SKY COVER
POSSIBLE SUNSHINE (PERCENT)   MM
AVERAGE SKY COVER           0.10
NUMBER OF DAYS FAIR           30
NUMBER OF DAYS PC              1
NUMBER OF DAYS CLOUDY          0

AVERAGE RH (PERCENT)     55

WEATHER CONDITIONS. NUMBER OF DAYS WITH
THUNDERSTORM             12     MIXED PRECIP                0
HEAVY RAIN                2     RAIN                        1
LIGHT RAIN               11     FREEZING RAIN               0
LT FREEZING RAIN          0     HAIL                        0
HEAVY SNOW                0     SNOW                        0
LIGHT SNOW                0     SLEET                       0
FOG                       5     FOG W/VIS <= 1/4 MILE       0
HAZE                      5


-  INDICATES NEGATIVE NUMBERS.
R  INDICATES RECORD WAS SET OR TIED.
MM INDICATES DATA IS MISSING.
T  INDICATES TRACE AMOUNT.

$$
