000
CXUS54 KLUB 011704
CLMCDS


CLIMATE REPORT
NATIONAL WEATHER SERVICE LUBBOCK, TX
1031 AM CDT FRI JUN 1 2018

...................................

...THE CHILDRESS CLIMATE SUMMARY FOR THE MONTH OF MAY 2018...

CLIMATE NORMAL PERIOD 1981 TO 2010
CLIMATE RECORD PERIOD 1893 TO 2018

WEATHER         OBSERVED          NORMAL  DEPART  LAST YEAR`S
                 VALUE   DATE(S)  VALUE   FROM    VALUE  DATE(S)
                                          NORMAL
................................................................
TEMPERATURE (F)
RECORD
 HIGH             111   05/24/2000
                        05/23/2000
 LOW               27   05/04/1907
HIGHEST           100   05/31                        106  05/25
                        05/30
                        05/11
LOWEST             51   05/05                         38  05/01
AVG. MAXIMUM     92.3              84.1     8.2     85.1
AVG. MINIMUM     64.6              58.4     6.2     56.2
MEAN             78.5              71.2     7.3     70.6

PRECIPITATION (INCHES)
RECORD
 MAXIMUM           MM   MM
 MINIMUM           MM   MM
TOTALS           5.14              3.14    2.00     1.03
DAILY AVG.       0.17              0.10    0.07
DAYS >= .01        12                                  5
DAYS >= .10         9                                  3
DAYS >= .50         4                                  0
DAYS >= 1.00        0                                  0
GREATEST
 24 HR. TOTAL    0.98   05/17 TO 05/17

DEGREE_DAYS
HEATING TOTAL       0                27     -27       21
 SINCE 7/1       2930              3115    -185
COOLING TOTAL     425               221     204      201
 SINCE 1/1        534               312     222
.................................................................

WIND (MPH)
AVERAGE WIND SPEED              12.7
HIGHEST WIND SPEED/DIRECTION    61/270    DATE  05/14
HIGHEST GUST SPEED/DIRECTION    75/270    DATE  05/14

SKY COVER
POSSIBLE SUNSHINE (PERCENT)   MM
AVERAGE SKY COVER           0.10
NUMBER OF DAYS FAIR           27
NUMBER OF DAYS PC              4
NUMBER OF DAYS CLOUDY          0

AVERAGE RH (PERCENT)     56

WEATHER CONDITIONS. NUMBER OF DAYS WITH
 THUNDERSTORM             13    MIXED PRECIP                0
HEAVY RAIN                8     RAIN                        9
LIGHT RAIN                14    FREEZING RAIN               0
LT FREEZING RAIN          0     HAIL                        0
HEAVY SNOW                0     SNOW                        0
LIGHT SNOW                0     SLEET                       0
FOG                      10     FOG W/VIS <= 1/4 MILE       0
HAZE                     10

-  INDICATES NEGATIVE NUMBERS.
R  INDICATES RECORD WAS SET OR TIED.
MM INDICATES DATA IS MISSING.
T  INDICATES TRACE AMOUNT.

$$
