000
CXUS54 KLUB 011734 CCA
CLMCDS

CLIMATE REPORT...CORRECTED
NATIONAL WEATHER SERVICE LUBBOCK, TX
1116 AM CST SAT DEC 1 2018

...................................

...THE CHILDRESS CLIMATE SUMMARY FOR THE MONTH OF NOVEMBER 2018...

CLIMATE NORMAL PERIOD 1981 TO 2010
CLIMATE RECORD PERIOD 1893 TO 2018

WEATHER         OBSERVED          NORMAL  DEPART  LAST YEAR`S
                 VALUE   DATE(S)  VALUE   FROM    VALUE  DATE(S)
                                          NORMAL
................................................................
TEMPERATURE (F)
RECORD
 HIGH              93   11/03/2005
                        11/05/1945
 LOW                6   11/21/1906
HIGHEST            81   11/29                         92  11/17
LOWEST             19   11/13                         29  11/22
AVG. MAXIMUM     61.4              64.8    -3.4     69.8
AVG. MINIMUM     34.8              38.5    -3.7     41.3
MEAN             48.1              51.6    -3.5     55.5

PRECIPITATION (INCHES)
RECORD
 MAXIMUM           MM   MM
 MINIMUM           MM   MM
TOTALS           0.40              1.25   -0.85     0.05
DAILY AVG.       0.01              0.04   -0.03
DAYS >= .01         2                                  2
DAYS >= .10         1                                  0
DAYS >= .50         0                                  0
DAYS >= 1.00        0                                  0
GREATEST
 24 HR. TOTAL    0.35   11/12 TO 11/12

SNOWFALL (INCHES)
RECORDS
 TOTAL             MM   MM
 24 HR TOTAL       MM
TOTALS            1.2               0.7     0.5
SINCE 7/1         1.2               0.9     0.3
DAYS >= TRACE       1
DAYS >= 1.0         1
GREATEST
 SNOW DEPTH         1   11/12
 24 HR TOTAL      1.2   11/12 TO 11/12

DEGREE_DAYS
HEATING TOTAL     499               408      91      289
 SINCE 7/1        686               560     126
COOLING TOTAL       0                 7      -7       11
 SINCE 1/1       2657              2207     450
.................................................................

WIND (MPH)
AVERAGE WIND SPEED              9.9
HIGHEST WIND SPEED/DIRECTION    43/330    DATE  11/25
HIGHEST GUST SPEED/DIRECTION    54/340    DATE  11/25

SKY COVER
POSSIBLE SUNSHINE (PERCENT)   MM
AVERAGE SKY COVER           0.20
NUMBER OF DAYS FAIR           24
NUMBER OF DAYS PC              3
NUMBER OF DAYS CLOUDY          3

AVERAGE RH (PERCENT)     59

WEATHER CONDITIONS. NUMBER OF DAYS WITH
THUNDERSTORM              0     MIXED PRECIP                0
HEAVY RAIN                0     RAIN                        1
LIGHT RAIN                2     FREEZING RAIN               0
LT FREEZING RAIN          0     HAIL                        0
HEAVY SNOW                0     SNOW                        0
LIGHT SNOW                1     SLEET                       0
FOG                       2     FOG W/VIS <= 1/4 MILE       0
HAZE                      1


-  INDICATES NEGATIVE NUMBERS.
R  INDICATES RECORD WAS SET OR TIED.
MM INDICATES DATA IS MISSING.
T  INDICATES TRACE AMOUNT.

$$
