132
CXUS55 KGJT 042152 RRB
CLMCEZ

CLIMATE REPORT
NATIONAL WEATHER SERVICE GRAND JUNCTION CO
424 AM MDT SAT SEP 1 2018

...................................

...THE CORTEZ CO CLIMATE SUMMARY FOR THE MONTH OF AUGUST 2018...

CLIMATE NORMAL PERIOD 1981 TO 2010
CLIMATE RECORD PERIOD 9999 TO 9999

WEATHER         OBSERVED          NORMAL  DEPART  LAST YEAR`S
                 VALUE   DATE(S)  VALUE   FROM    VALUE  DATE(S)
                                          NORMAL
................................................................
TEMPERATURE (F)
HIGHEST            96   08/07        MM      MM       94  08/27
                        08/06
                        08/02
LOWEST             44   08/30        MM      MM       41  08/16
                        08/29
                        08/20
AVG. MAXIMUM     89.6              85.9     3.7     87.4
AVG. MINIMUM     52.4              52.9    -0.5     50.7
MEAN             71.0              69.4     1.6     69.0
DAYS MAX >= 90     13               6.5     6.5       11
DAYS MAX <= 32      0               0.0     0.0        0
DAYS MIN <= 32      0               0.0     0.0        0
DAYS MIN <= 0       0               0.0     0.0        0

PRECIPITATION (INCHES)
TOTALS           0.38              1.53   -1.15     0.40
DAILY AVG.       0.01              0.05   -0.04     0.01
DAYS >= .01         4                MM      MM        8
DAYS >= .10         1                MM      MM        1
DAYS >= .50         0                MM      MM        0
DAYS >= 1.00        0                MM      MM        0
GREATEST
 24 HR. TOTAL    0.31   08/22 TO 08/22              0.14

SNOWFALL (INCHES)
TOTALS             MM                MM      MM       MM
SINCE 7/1          MM                MM      MM       MM
SNOWDEPTH AVG.     MM                MM      MM       MM
DAYS >= 1.0        MM                MM      MM       MM
GREATEST
 SNOW DEPTH        MM                                 MM  MM
 24 HR TOTAL       MM                                 MM

DEGREE_DAYS
HEATING TOTAL       0                 9      -9        2
 SINCE 7/1          0                12     -12        2
COOLING TOTAL     193               145      48      133
 SINCE 1/1        600               409     191      522
.................................................................

WIND (MPH)
AVERAGE WIND SPEED              6.4
HIGHEST WIND SPEED/DIRECTION    41/080    DATE  08/10
HIGHEST GUST SPEED/DIRECTION    55/190    DATE  08/21

SKY COVER
POSSIBLE SUNSHINE (PERCENT)   MM
AVERAGE SKY COVER           0.10
NUMBER OF DAYS FAIR           27
NUMBER OF DAYS PC              4
NUMBER OF DAYS CLOUDY          0

AVERAGE RH (PERCENT)     42

WEATHER CONDITIONS. NUMBER OF DAYS WITH
THUNDERSTORM              9     MIXED PRECIP                0
HEAVY RAIN                1     RAIN                        3
LIGHT RAIN               11     FREEZING RAIN               0
LT FREEZING RAIN          0     HAIL                        0
HEAVY SNOW                0     SNOW                        0
LIGHT SNOW                0     SLEET                       0
FOG                       2     FOG W/VIS <= 1/4 MILE       0
HAZE                     18

-  INDICATES NEGATIVE NUMBERS.
R  INDICATES RECORD WAS SET OR TIED.
MM INDICATES DATA IS MISSING.
T  INDICATES TRACE AMOUNT.

$$
