974
CXUS53 KPAH 011252
CLMCGI

PAHCLMCAP 000
TTAA00 KPAH 011250

CLIMATE REPORT
NATIONAL WEATHER SERVICE PADUCAH KY
742 AM CDT SUN APR 1 2018

...................................

...THE CAPE GIRARDEAU MO CLIMATE SUMMARY FOR THE MONTH OF MARCH 2018...

CLIMATE NORMAL PERIOD 1981 TO 2010
CLIMATE RECORD PERIOD 1960 TO 2018

WEATHER         OBSERVED          NORMAL  DEPART  LAST YEAR`S
                 VALUE   DATE(S)  VALUE   FROM    VALUE
                                          NORMAL
.............................................................
TEMPERATURE (F)
RECORD
 HIGH              94   03/17/1982
 LOW               -8   03/06/2015
HIGHEST            73   03/24                         80
LOWEST             25   03/14                         17
AVG. MAXIMUM     56.2              58.2    -2.0     59.4
AVG. MINIMUM     36.8              36.0     0.8     39.2
MEAN             46.5              47.1    -0.6     49.3
DAYS MAX >= 90      0               0.0     0.0        0
DAYS MAX <= 32      0               0.4    -0.4        0
DAYS MIN <= 32     11              12.1    -1.1       10
DAYS MIN <= 0       0               0.0     0.0        0

PRECIPITATION (INCHES)
RECORD
 MAXIMUM        17.84   2008
 MINIMUM         0.72   1966
TOTALS           5.99              4.40    1.59     2.81
DAILY AVG.       0.19              0.14    0.05     0.09
DAYS >= .01        13              11.0     2.0       13
DAYS >= .10         9               6.7     2.3        8
DAYS >= .50         4               2.8     1.2        1
DAYS >= 1.00        3               0.9     2.1        0
GREATEST
 24 HR. TOTAL    1.47   03/05 TO 03/05

DEGREE_DAYS
HEATING TOTAL     566               559       7      482
 SINCE 7/1       3976              4056     -80     3217
COOLING TOTAL       0                 4      -4        3
 SINCE 1/1          0                 4      -4        3
..............................................................

WIND (MPH)
AVERAGE WIND SPEED              8.7
HIGHEST WIND SPEED/DIRECTION    39/360    DATE  03/24
HIGHEST GUST SPEED/DIRECTION    63/360    DATE  03/24

SKY COVER
POSSIBLE SUNSHINE (PERCENT)   MM
AVERAGE SKY COVER           0.60
NUMBER OF DAYS FAIR            8
NUMBER OF DAYS PC             10
NUMBER OF DAYS CLOUDY         13

AVERAGE RH (PERCENT)     71

WEATHER CONDITIONS. NUMBER OF DAYS WITH
  0
  9
  0
  0
  0
  0
  2
HAZE                      4

-  INDICATES NEGATIVE NUMBERS.
R  INDICATES RECORD WAS SET OR TIED.
MM INDICATES DATA IS MISSING.
T  INDICATES TRACE AMOUNT.

$$
