000
CXUS53 KPAH 020124
CLMCGI

CLIMATE REPORT
NATIONAL WEATHER SERVICE PADUCAH KY
716 PM CST TUE JAN 1 2019

...................................

...THE CAPE GIRARDEAU MO CLIMATE SUMMARY FOR THE MONTH OF DECEMBER 2018...

CLIMATE NORMAL PERIOD 1981 TO 2010
CLIMATE RECORD PERIOD 1960 TO 2018

WEATHER         OBSERVED          NORMAL  DEPART  LAST YEAR`S
                 VALUE   DATE(S)  VALUE   FROM    VALUE
                                          NORMAL
.............................................................
TEMPERATURE (F)
RECORD
 HIGH              76   12/02/1982
 LOW              -11   12/22/1989
HIGHEST            69   12/01                         67
LOWEST             17   12/11                          8
AVG. MAXIMUM     49.2              44.9     4.3     45.4
AVG. MINIMUM     33.0              27.0     6.0     25.8
MEAN             41.1              35.9     5.2     35.6
DAYS MAX >= 90      0               0.0     0.0        0
DAYS MAX <= 32      1               3.8    -2.8        4
DAYS MIN <= 32     19              21.5    -2.5       23
DAYS MIN <= 0       0               0.6    -0.6        0

PRECIPITATION (INCHES)
RECORD
 MAXIMUM        12.32   1982
 MINIMUM         0.61   2005
TOTALS           5.00              4.25    0.75     2.79
DAILY AVG.       0.16              0.14    0.02     0.09
DAYS >= .01        12               9.8     2.2        5
DAYS >= .10         8               6.8     1.2        3
DAYS >= .50         5               2.9     2.1        2
DAYS >= 1.00        1               0.9     0.1        1
GREATEST
 24 HR. TOTAL    1.46   12/14 TO 12/14

DEGREE_DAYS
HEATING TOTAL     733               900    -167      903
 SINCE 7/1       1735              1751     -16     1671
..............................................................

WIND (MPH)
AVERAGE WIND SPEED              8.4
HIGHEST WIND SPEED/DIRECTION    33/140    DATE  12/27
HIGHEST GUST SPEED/DIRECTION    46/130    DATE  12/27

SKY COVER
POSSIBLE SUNSHINE (PERCENT)   MM
AVERAGE SKY COVER           0.50
NUMBER OF DAYS FAIR           12
NUMBER OF DAYS PC             10
NUMBER OF DAYS CLOUDY          9

AVERAGE RH (PERCENT)     74

WEATHER CONDITIONS. NUMBER OF DAYS WITH
THUNDERSTORM              0     MIXED PRECIP               0
HEAVY RAIN                3     RAIN                       7
LIGHT RAIN               12     FREEZING RAIN              0
LT FREEZING RAIN          0     HAIL                       0
HEAVY SNOW                0     SNOW                       0
LIGHT SNOW                1     SLEET                      0
FOG                      18     FOG W/VIS <= 1/4 MILE      2
HAZE                      7

-  INDICATES NEGATIVE NUMBERS.
R  INDICATES RECORD WAS SET OR TIED.
MM INDICATES DATA IS MISSING.
T  INDICATES TRACE AMOUNT.

$$
