000
CXUS53 KPAH 021308
CLMCGI

CLIMATE REPORT
NATIONAL WEATHER SERVICE PADUCAH KY
806 AM CDT MON JUL 2 2018

...................................

...THE CAPE GIRARDEAU MO CLIMATE SUMMARY FOR THE MONTH OF JUNE 2018...

CLIMATE NORMAL PERIOD 1981 TO 2010
CLIMATE RECORD PERIOD 1960 TO 2018

WEATHER         OBSERVED          NORMAL  DEPART  LAST YEAR`S
                 VALUE   DATE(S)  VALUE   FROM    VALUE
                                          NORMAL
.............................................................
TEMPERATURE (F)
RECORD
 HIGH             107   06/29/2012
 LOW               45   06/07/2000
HIGHEST            96   06/17                         94
LOWEST             56   06/04                         53
AVG. MAXIMUM     90.4              86.3     4.1     86.1
AVG. MINIMUM     68.0              64.2     3.8     64.0
MEAN             79.2              75.2     4.0     75.1
DAYS MAX >= 90     20               8.7    11.3        5
DAYS MAX <= 32      0               0.0     0.0        0
DAYS MIN <= 32      0               0.0     0.0        0
DAYS MIN <= 0       0               0.0     0.0        0

PRECIPITATION (INCHES)
RECORD
 MAXIMUM        11.09   1989
 MINIMUM         0.69   1988
TOTALS           8.14              3.57    4.57     2.95
DAILY AVG.       0.27              0.12    0.15     0.10
DAYS >= .01        11               9.8     1.2        7
DAYS >= .10        10               6.4     3.6        6
DAYS >= .50         5               2.5     2.5        2
DAYS >= 1.00        1               0.5     0.5        0
GREATEST
 24 HR. TOTAL    4.16   06/25 TO 06/25

DEGREE_DAYS
COOLING TOTAL     431               312     119      308
 SINCE 1/1        733               464     269      483
..............................................................

WIND (MPH)
AVERAGE WIND SPEED              5.6
HIGHEST WIND SPEED/DIRECTION    39/300    DATE  06/28
HIGHEST GUST SPEED/DIRECTION    56/290    DATE  06/28

SKY COVER
POSSIBLE SUNSHINE (PERCENT)   MM
AVERAGE SKY COVER           0.20
NUMBER OF DAYS FAIR           22
NUMBER OF DAYS PC              8
NUMBER OF DAYS CLOUDY          0

AVERAGE RH (PERCENT)     71

WEATHER CONDITIONS. NUMBER OF DAYS WITH
THUNDERSTORM             13     MIXED PRECIP               0
HEAVY RAIN               10     RAIN                       7
LIGHT RAIN               12     FREEZING RAIN              0
LT FREEZING RAIN          0     HAIL                       0
HEAVY SNOW                0     SNOW                       0
LIGHT SNOW                0     SLEET                      0
FOG                      18     FOG W/VIS <= 1/4 MILE      2
HAZE                      7

-  INDICATES NEGATIVE NUMBERS.
R  INDICATES RECORD WAS SET OR TIED.
MM INDICATES DATA IS MISSING.
T  INDICATES TRACE AMOUNT.

$$

RMKS: THE AVERAGE TEMPERATURE OF 79.2 DEGREES MAKES THIS THE 3RD
WARMEST JUNE ON RECORD. ALSO, THE 8.14 INCHES OF RAINFALL MAKES THIS
THE 2ND WETTEST JUNE ON RECORD.
