844
CXUS53 KPAH 012035
CLMCGI

CLIMATE REPORT
NATIONAL WEATHER SERVICE PADUCAH KY
335 PM CDT MON OCT 1 2018

...................................

...THE CAPE GIRARDEAU MO CLIMATE SUMMARY FOR THE MONTH OF SEPTEMBER 2018...

CLIMATE NORMAL PERIOD 1981 TO 2010
CLIMATE RECORD PERIOD 1960 TO 2018

WEATHER         OBSERVED          NORMAL  DEPART  LAST YEAR`S
                 VALUE   DATE(S)  VALUE   FROM    VALUE
                                          NORMAL
.............................................................
TEMPERATURE (F)
RECORD
 HIGH             100   09/06/1960
 LOW               33   09/30/1999
HIGHEST            94   09/20                         95
                        09/18
LOWEST             48   09/28                         42
AVG. MAXIMUM     83.6              81.3     2.3     84.2
AVG. MINIMUM     63.6              56.3     7.3     56.9
MEAN             73.6              68.8     4.8     70.6
DAYS MAX >= 90     12               3.6     8.4       10
DAYS MAX <= 32      0               0.0     0.0        0
DAYS MIN <= 32      0               0.0     0.0        0
DAYS MIN <= 0       0               0.0     0.0        0

PRECIPITATION (INCHES)
RECORD
 MAXIMUM        10.23   1993
 MINIMUM            T   2004
TOTALS           5.59              3.28    2.31     0.73
DAILY AVG.       0.19              0.11    0.08     0.02
DAYS >= .01         8               7.7     0.3        4
DAYS >= .10         8               5.0     3.0        3
DAYS >= .50         4               2.2     1.8        0
DAYS >= 1.00        2               1.0     1.0        0
GREATEST
 24 HR. TOTAL    1.74   09/08 TO 09/08

DEGREE_DAYS
HEATING TOTAL       9                48     -39       16
 SINCE 7/1          9                49     -40       16
COOLING TOTAL     273               162     111      191
 SINCE 1/1       1867              1422     445     1393
..............................................................

WIND (MPH)
AVERAGE WIND SPEED              5.1
HIGHEST WIND SPEED/DIRECTION    22/020    DATE  09/26
HIGHEST GUST SPEED/DIRECTION    31/240    DATE  09/08

SKY COVER
POSSIBLE SUNSHINE (PERCENT)   MM
AVERAGE SKY COVER           0.30
NUMBER OF DAYS FAIR           19
NUMBER OF DAYS PC              6
NUMBER OF DAYS CLOUDY          5

AVERAGE RH (PERCENT)     75

WEATHER CONDITIONS. NUMBER OF DAYS WITH
THUNDERSTORM              4     MIXED PRECIP               0
HEAVY RAIN                5     RAIN                       4
LIGHT RAIN               11     FREEZING RAIN              0
LT FREEZING RAIN          0     HAIL                       0
HEAVY SNOW                0     SNOW                       0
LIGHT SNOW                0     SLEET                      0
FOG                      22     FOG W/VIS <= 1/4 MILE      7
HAZE                      0


-  INDICATES NEGATIVE NUMBERS.
R  INDICATES RECORD WAS SET OR TIED.
MM INDICATES DATA IS MISSING.
T  INDICATES TRACE AMOUNT.

$$
