000
CXUS54 KMRX 010833
CLMCHA


CLIMATE REPORT
NATIONAL WEATHER SERVICE MORRISTOWN TN
433 AM EDT WED AUG 1 2018

...................................

...THE CHATTANOOGA  ASOS CLIMATE SUMMARY FOR THE MONTH OF JULY 2018...

CLIMATE NORMAL PERIOD 1981 TO 2010
CLIMATE RECORD PERIOD 1879 TO 2018

WEATHER         OBSERVED          NORMAL  DEPART
                 VALUE   DATE(S)  VALUE   FROM
                                          NORMAL
................................................
TEMPERATURE (F)
HIGHEST            95   07/13
                        07/11
                        07/04
LOWEST             66   07/28
                        07/21
AVG. MAXIMUM     90.2              90.2     0.0
AVG. MINIMUM     71.4              69.7     1.7
MEAN             80.8              80.0     0.8
DAYS MAX >= 90     19
DAYS MAX <= 32      0
DAYS MIN <= 32      0
DAYS MIN <= 0       0

PRECIPITATION (INCHES)
RECORD
 MAXIMUM        13.49   1916
 MINIMUM         0.20   1957
TOTALS           6.06              4.91    1.15
DAYS >= .01        13
DAYS >= .10         8
DAYS >= .50         6
DAYS >= 1.00        2
GREATEST
 24 HR. TOTAL    1.55   07/14 TO 07/14

SNOWFALL (INCHES)
TOTALS            0.0               0.0     0.0
SINCE 7/1         0.0
SNOWDEPTH AVG.      0
DAYS >= TRACE       0
GREATEST
 SNOW DEPTH         0   MM

DEGREE_DAYS
HEATING TOTAL       0                 0       0
 SINCE 7/1          0                 0       0
COOLING TOTAL     496               463      33
 SINCE 1/1       1278              1004     274
.................................................


WEATHER CONDITIONS. NUMBER OF DAYS WITH
THUNDERSTORM             17     RAIN                       9
SNOW                      0     FOG                       14
FOG W/VIS <= 1/4 MILE     0

-  INDICATES NEGATIVE NUMBERS.
R  INDICATES RECORD WAS SET OR TIED.
MM INDICATES DATA IS MISSING.
T  INDICATES TRACE AMOUNT.

$$
