000
CXUS52 KCHS 021328
CLMCHS

CLIMATE REPORT
NATIONAL WEATHER SERVICE CHARLESTON SC
925 AM EDT THU AUG 2 2018

...................................

...THE NORTH CHARLESTON SC CLIMATE SUMMARY FOR THE MONTH OF JULY
2018...

CLIMATE NORMAL PERIOD 1981 TO 2010
CLIMATE RECORD PERIOD 1938 TO 2018

WEATHER         OBSERVED          NORMAL  DEPART  LAST YEAR`S
                 VALUE   DATE(S)  VALUE   FROM    VALUE  DATE(S)
                                          NORMAL
................................................................
TEMPERATURE (F)
RECORD
 HIGH             104   07/20/1986
                        07/19/1986
 LOW               58   07/05/1952
HIGHEST            96   07/12                         96  07/06
                                                          07/05
LOWEST             67   07/10                         65  07/31
AVG. MAXIMUM     90.5              91.1    -0.6     90.7
AVG. MINIMUM     74.1              73.0     1.1     73.5
MEAN             82.3              82.1     0.2     82.1
DAYS MAX >= 90     19              19.4    -0.4       21
DAYS MAX <= 32      0               0.0     0.0        0
DAYS MIN <= 32      0               0.0     0.0        0
DAYS MIN <= 0       0               0.0     0.0        0

PRECIPITATION (INCHES)
RECORD
 MAXIMUM        18.46   1964
 MINIMUM         1.76   1972
TOTALS           8.95              6.53    2.42     8.64
DAYS >= .01        17              13.0     4.0       14
DAYS >= .10        11               8.9     2.1       10
DAYS >= .50         7               4.2     2.8        6
DAYS >= 1.00        4               1.9     2.1        4
GREATEST
 24 HR. TOTAL    1.83   07/23

SNOWFALL (INCHES)
RECORDS
 TOTAL            0.0   0
TOTALS            0.0               0.0     0.0
SINCE 7/1         0.0               0.0     0.0

DEGREE_DAYS
HEATING TOTAL       0                 0       0        0
 SINCE 7/1          0                 0       0        0
COOLING TOTAL     543               529      14      538
 SINCE 1/1       1573              1312     261     1523
.................................................................

WIND (MPH)
AVERAGE WIND SPEED              6.5
HIGHEST WIND SPEED/DIRECTION    28/050
HIGHEST GUST SPEED/DIRECTION    36/070


WEATHER CONDITIONS. NUMBER OF DAYS WITH
THUNDERSTORM             21     MIXED PRECIP               0
HEAVY RAIN                7     RAIN                      10
LIGHT RAIN               22     FREEZING RAIN              0
LT FREEZING RAIN          0     HAIL                       0
HEAVY SNOW                0     SNOW                       0
LIGHT SNOW                0     SLEET                      0
FOG                      17     FOG W/VIS <= 1/4 MILE      0
HAZE                      4

-  INDICATES NEGATIVE NUMBERS.
R  INDICATES RECORD WAS SET OR TIED.
MM INDICATES DATA IS MISSING.
T  INDICATES TRACE AMOUNT.

$$
