000
CXUS51 KRLX 041257
CLMCKB


CLIMATE REPORT
NATIONAL WEATHER SERVICE CHARLESTON WV
754 AM EST MON FEB 4 2019

...................................

...THE CLARKSBURG WV CLIMATE SUMMARY FOR THE MONTH OF JANUARY 2019...

CLIMATE NORMAL PERIOD 1981 TO 2010
CLIMATE RECORD PERIOD 1922 TO 2019

WEATHER         OBSERVED          NORMAL  DEPART  LAST YEAR`S
                 VALUE   DATE(S)  VALUE   FROM    VALUE
                                          NORMAL
.............................................................
TEMPERATURE (F)
HIGHEST            64   01/08                         69
                        01/01
LOWEST             -6   01/31                         -9
AVG. MAXIMUM     41.6              39.6     2.0     39.8
AVG. MINIMUM     24.9              22.4     2.5     18.5
MEAN             33.3              31.0     2.3     29.1
DAYS MAX >= 90      0               0.0     0.0        0
DAYS MAX <= 32      9               8.9     0.1       11
DAYS MIN <= 32     24              24.5    -0.5       25
DAYS MIN <= 0       2               0.8     1.2        5

PRECIPITATION (INCHES)
RECORD
 MAXIMUM         8.68   1937
 MINIMUM         0.73   1967
TOTALS           3.09              3.45   -0.36     2.59
DAILY AVG.       0.10              0.11   -0.01     0.09
DAYS >= .01        14                MM      MM        9
DAYS >= .10         8                MM      MM        5
DAYS >= .50         2                MM      MM        1
DAYS >= 1.00        0                MM      MM        1
GREATEST
 24 HR. TOTAL    0.85   01/19 TO 01/19

DEGREE_DAYS
HEATING TOTAL     975              1054     -79     1103
 SINCE 7/1       2738              3092    -354     2999
COOLING TOTAL       0                 0       0        0
 SINCE 1/1          0                 0       0        0
..............................................................

WIND (MPH)
AVERAGE WIND SPEED              7.2
HIGHEST WIND SPEED/DIRECTION    37/290    DATE  01/08
HIGHEST GUST SPEED/DIRECTION    50/280    DATE  01/08

SKY COVER
POSSIBLE SUNSHINE (PERCENT)   MM
AVERAGE SKY COVER           0.70
NUMBER OF DAYS FAIR            5
NUMBER OF DAYS PC             10
NUMBER OF DAYS CLOUDY         16

AVERAGE RH (PERCENT)     68

-  INDICATES NEGATIVE NUMBERS.
R  INDICATES RECORD WAS SET OR TIED.
MM INDICATES DATA IS MISSING.
T  INDICATES TRACE AMOUNT.

$$
