000
CXUS51 KRLX 011020
CLMCKB


CLIMATE REPORT
NATIONAL WEATHER SERVICE CHARLESTON WV
519 AM EST THU FEB 1 2018

...................................

...THE CLARKSBURG WV CLIMATE SUMMARY FOR THE MONTH OF JANUARY 2018...

CLIMATE NORMAL PERIOD 1981 TO 2010
CLIMATE RECORD PERIOD 9999 TO 9999

WEATHER         OBSERVED          NORMAL  DEPART  LAST YEAR`S
                 VALUE   DATE(S)  VALUE   FROM    VALUE  DATE(S)
                                          NORMAL
................................................................
TEMPERATURE (F)
HIGHEST            69   01/22                         66
                        01/11
LOWEST             -9R  01/03                          3
AVG. MAXIMUM     39.8              39.6     0.2     45.4
AVG. MINIMUM     18.5              22.4    -3.9     30.0
MEAN             29.1              31.0    -1.9     37.7
DAYS MAX >= 90      0               0.0     0.0        0
DAYS MAX <= 32     11               8.9     2.1        8
DAYS MIN <= 32     25              24.5     0.5       16
DAYS MIN <= 0       5               0.8     4.2        0

PRECIPITATION (INCHES)
TOTALS           2.59              3.45   -0.86     4.93
DAILY AVG.       0.09              0.11   -0.02     0.16
DAYS >= .01         9                MM      MM       21
DAYS >= .10         5                MM      MM       11
DAYS >= .50         1                MM      MM        4
DAYS >= 1.00        1                MM      MM        0
GREATEST
 24 HR. TOTAL    1.35   01/12 TO 01/12           01/03 TO 01/03
                                                          01/03 TO 01/03
                                                          01/03 TO 01/03

DEGREE_DAYS
HEATING TOTAL    1103              1054      49      837
 SINCE 7/1       2999              3092     -93     2588
COOLING TOTAL       0                 0       0        0
 SINCE 1/1          0                 0       0        0
....................................................

WIND (MPH)
AVERAGE WIND SPEED              6.4
HIGHEST WIND SPEED/DIRECTION    29/240    DATE  01/08
HIGHEST GUST SPEED/DIRECTION    39/270    DATE  01/23

SKY COVER
POSSIBLE SUNSHINE (PERCENT)   MM
AVERAGE SKY COVER           0.60
NUMBER OF DAYS FAIR            8
NUMBER OF DAYS PC             12
NUMBER OF DAYS CLOUDY         11

AVERAGE RH (PERCENT)     66

WEATHER CONDITIONS. NUMBER OF DAYS WITH
THUNDERSTORM              0     MIXED PRECIP               0
HEAVY RAIN                1     RAIN                       5
LIGHT RAIN               10     FREEZING RAIN              0
LT FREEZING RAIN          0     HAIL                       0
HEAVY SNOW                0     SNOW                       1
LIGHT SNOW               14     SLEET                      0
FOG                      15     FOG W/VIS <= 1/4 MILE      0
HAZE                     13

-  INDICATES NEGATIVE NUMBERS.
R  INDICATES RECORD WAS SET OR TIED.
MM INDICATES DATA IS MISSING.
T  INDICATES TRACE AMOUNT.

$$
