000
CXUS51 KRLX 011430
CLMCKB


CLIMATE REPORT
NATIONAL WEATHER SERVICE CHARLESTON WV
1030 AM EDT TUE MAY 1 2018

...................................

...THE CLARKSBURG WV CLIMATE SUMMARY FOR THE MONTH OF APRIL 2018...

CLIMATE NORMAL PERIOD 1981 TO 2010
CLIMATE RECORD PERIOD 9999 TO 9999

WEATHER         OBSERVED          NORMAL  DEPART  LAST YEAR`S
                 VALUE   DATE(S)  VALUE   FROM    VALUE  DATE(S)
                                          NORMAL
................................................................
TEMPERATURE (F)
HIGHEST            87   04/14                         87
                        04/13
LOWEST             23R  04/08                         26
AVG. MAXIMUM     60.8              64.8    -4.0     70.3
AVG. MINIMUM     38.4              40.4    -2.0     46.1
MEAN             49.6              52.6    -3.0     58.2
DAYS MAX >= 90      0               0.0     0.0        0
DAYS MAX <= 32      0               0.2    -0.2        0
DAYS MIN <= 32     10               5.1     4.9        3
DAYS MIN <= 0       0               0.0     0.0        0

PRECIPITATION (INCHES)
TOTALS           5.91              3.59    2.32     5.62
DAILY AVG.       0.20              0.12    0.08     0.19
DAYS >= .01        15                MM      MM       17
DAYS >= .10        10                MM      MM       13
DAYS >= .50         4                MM      MM        4
DAYS >= 1.00        2                MM      MM        1
GREATEST
 24 HR. TOTAL    2.23   04/15 TO 04/15           04/29 TO 04/29
                                                          04/29 TO 04/29
                                                          04/29 TO 04/29

DEGREE_DAYS
HEATING TOTAL     476               380      96      219
 SINCE 7/1       4890              5062    -172     4091
COOLING TOTAL      19                 8      11       19
 SINCE 1/1         26                 9      17       20
..........................................................

WIND (MPH)
AVERAGE WIND SPEED              7.0
HIGHEST WIND SPEED/DIRECTION    32/220    DATE  04/12
HIGHEST GUST SPEED/DIRECTION    53/220    DATE  04/12

SKY COVER
POSSIBLE SUNSHINE (PERCENT)   MM
AVERAGE SKY COVER           0.50
NUMBER OF DAYS FAIR           11
NUMBER OF DAYS PC              8
NUMBER OF DAYS CLOUDY         11

AVERAGE RH (PERCENT)     58

WEATHER CONDITIONS. NUMBER OF DAYS WITH
THUNDERSTORM              0     MIXED PRECIP               0
HEAVY RAIN                4     RAIN                       9
LIGHT RAIN               15     FREEZING RAIN              0
LT FREEZING RAIN          0     HAIL                       0
HEAVY SNOW                0     SNOW                       1
LIGHT SNOW                5     SLEET                      0
FOG                      13     FOG W/VIS <= 1/4 MILE      0
HAZE                      8

-  INDICATES NEGATIVE NUMBERS.
R  INDICATES RECORD WAS SET OR TIED.
MM INDICATES DATA IS MISSING.
T  INDICATES TRACE AMOUNT.

$$
