000
CXUS51 KRLX 050407
CLMCKB


CLIMATE REPORT
NATIONAL WEATHER SERVICE CHARLESTON WV
1205 AM EDT SUN AUG 5 2018

...................................

...THE CLARKSBURG WV CLIMATE SUMMARY FOR THE MONTH OF JULY 2018...

CLIMATE NORMAL PERIOD 1981 TO 2010
CLIMATE RECORD PERIOD 1922 TO 2018

WEATHER         OBSERVED          NORMAL  DEPART  LAST YEAR`S
                 VALUE   DATE(S)  VALUE   FROM    VALUE  DATE(S)
                                          NORMAL
................................................................
TEMPERATURE (F)
HIGHEST            95   07/04                         89
LOWEST             52R  07/08                         52
AVG. MAXIMUM     86.7              82.6     4.1     82.8
AVG. MINIMUM     63.9              62.5     1.4     63.5
MEAN             75.3              72.5     2.8     73.1
DAYS MAX >= 90     10               2.4     7.6        0
DAYS MAX <= 32      0               0.0     0.0        0
DAYS MIN <= 32      0               0.0     0.0        0
DAYS MIN <= 0       0               0.0     0.0        0

PRECIPITATION (INCHES)
TOTALS           2.83              5.65   -2.82    10.34
DAILY AVG.       0.10              0.18   -0.08     0.33
DAYS >= .01        14                MM      MM       14
DAYS >= .10        10                MM      MM       11
DAYS >= .50         0                MM      MM       11
DAYS >= 1.00        0                MM      MM        5
GREATEST
 24 HR. TOTAL    0.45   07/30 TO 07/30           07/22 TO 07/22
                                                          07/22 TO 07/22EATHER         OBSERVED          NORMAL  DEPART  LAST YEAR`S
                                                          07/22 TO 07/22EATHER         OBSERVED          NORMAL  DEPART  LAST YEAR`S

DEGREE_DAYS
HEATING TOTAL       0                 2      -2        2
 SINCE 7/1          0                 2      -2        2
COOLING TOTAL     328               236      92      262
 SINCE 1/1        803               447     356      496
.................................................................

WIND (MPH)
AVERAGE WIND SPEED              3.6
HIGHEST WIND SPEED/DIRECTION    24/330    DATE  07/05
HIGHEST GUST SPEED/DIRECTION    36/300    DATE  07/10

SKY COVER
POSSIBLE SUNSHINE (PERCENT)   MM
AVERAGE SKY COVER           0.20
NUMBER OF DAYS FAIR           18
NUMBER OF DAYS PC             12
NUMBER OF DAYS CLOUDY          0

AVERAGE RH (PERCENT)     69

WEATHER CONDITIONS. NUMBER OF DAYS WITH
  0
  6
  0
  0
  0
  0
  6
HAZE                      5

-  INDICATES NEGATIVE NUMBERS.
R  INDICATES RECORD WAS SET OR TIED.
MM INDICATES DATA IS MISSING.
T  INDICATES TRACE AMOUNT.

$$
