000
CXUS51 KRLX 020830
CLMCKB


CLIMATE REPORT
NATIONAL WEATHER SERVICE CHARLESTON WV
430 AM EDT FRI NOV 2 2018

...................................

...THE CLARKSBURG WV CLIMATE SUMMARY FOR THE MONTH OF OCTOBER 2018...

CLIMATE NORMAL PERIOD 1981 TO 2010
CLIMATE RECORD PERIOD 1922 TO 2018

WEATHER         OBSERVED          NORMAL  DEPART  LAST YEAR`S
                 VALUE   DATE(S)  VALUE   FROM    VALUE  DATE(S)
                                          NORMAL
................................................................
TEMPERATURE (F)
HIGHEST            88   10/07                         87
LOWEST             29   10/25                         33
AVG. MAXIMUM     66.5              64.8     1.7     70.5
AVG. MINIMUM     47.9              42.1     5.8     46.5
MEAN             57.2              53.4     3.8     58.5
DAYS MAX >= 90      0               0.0     0.0        0
DAYS MAX <= 32      0               0.0     0.0        0
DAYS MIN <= 32      4               3.9     0.1        0
DAYS MIN <= 0       0               0.0     0.0        0

PRECIPITATION (INCHES)
TOTALS           3.20              3.17    0.03     4.31
DAILY AVG.       0.10              0.10    0.00     0.14
DAYS >= .01        16                MM      MM       10
DAYS >= .10        11                MM      MM        7
DAYS >= .50         1                MM      MM        3
DAYS >= 1.00        0                MM      MM        1
GREATEST
 24 HR. TOTAL    0.51   10/11 TO 10/11           10/23 TO 10/23
                                                          10/23 TO 10/23EATHER         OBSERVED          NORMAL  DEPART  LAST YEAR`S
                                                          10/23 TO 10/23EATHER         OBSERVED          NORMAL  DEPART  LAST YEAR`S

DEGREE_DAYS
HEATING TOTAL     320               366     -46      246
 SINCE 7/1        327               462    -135      325
COOLING TOTAL      87                 8      79       53
 SINCE 1/1       1434               744     690      807
.................................................................

WIND (MPH)
AVERAGE WIND SPEED              5.1
HIGHEST WIND SPEED/DIRECTION    28/300    DATE  10/20
HIGHEST GUST SPEED/DIRECTION    39/290    DATE  10/20

SKY COVER
POSSIBLE SUNSHINE (PERCENT)   MM
AVERAGE SKY COVER           0.50
NUMBER OF DAYS FAIR           13
NUMBER OF DAYS PC             10
NUMBER OF DAYS CLOUDY          8

AVERAGE RH (PERCENT)     72

WEATHER CONDITIONS. NUMBER OF DAYS WITH
  0
 11
  0
  0
  0
  0
  4
HAZE                      8

-  INDICATES NEGATIVE NUMBERS.
R  INDICATES RECORD WAS SET OR TIED.
MM INDICATES DATA IS MISSING.
T  INDICATES TRACE AMOUNT.

$$
