000
CXUS51 KCLE 060138
CLMCLE


CLIMATE REPORT
NATIONAL WEATHER SERVICE CLEVELAND OH
933 PM EDT WED SEP 5 2018

...................................

...THE CLEVELAND OH CLIMATE SUMMARY FOR THE MONTH OF AUGUST 2018...

CLIMATE NORMAL PERIOD 1981 TO 2010
CLIMATE RECORD PERIOD 1871 TO 2018

WEATHER         OBSERVED          NORMAL  DEPART  LAST YEAR`S
                 VALUE   DATE(S)  VALUE   FROM    VALUE
                                          NORMAL
.............................................................
TEMPERATURE (F)
RECORD
 HIGH             102   08/27/1948
 LOW               38   08/29/1982
HIGHEST            93   08/06
LOWEST             56   08/23
AVG. MAXIMUM     83.8              80.8     3.0     82.3
AVG. MINIMUM     67.3              63.1     4.2     62.8
MEAN             75.5              72.0     3.5     72.5
DAYS MAX >= 90      5               2.3     2.7        4
DAYS MAX <= 32      0               0.0     0.0        0
DAYS MIN <= 32      0               0.0     0.0        0
DAYS MIN <= 0       0               0.0     0.0        0

PRECIPITATION (INCHES)
RECORD
 MAXIMUM         9.03   2007
 MINIMUM         0.17   1881
TOTALS           4.89              3.51    1.38     1.25
DAYS >= .01        12               9.8     2.2        9
DAYS >= .10         5               6.0    -1.0        3
DAYS >= .50         4               2.0     2.0        0
DAYS >= 1.00        2               0.9     1.1        0
GREATEST
 24 HR. TOTAL    2.60   08/06 TO 08/07              0.38

SNOWFALL (INCHES)
RECORDS
 TOTAL            0.0   MM
TOTALS            0.0               0.0     0.0      0.0
SINCE 7/1         0.0               0.0     0.0      0.0
DAYS >= 1.0         0               0.0     0.0        0
GREATEST
 24 HR TOTAL      0.0   08/31 TO 08/31

DEGREE_DAYS
HEATING TOTAL       0                 8      -8        2
 SINCE 7/1          0                12     -12        2
COOLING TOTAL     333               223     110      244
 SINCE 1/1       1005               715     290      891
..............................................................

WIND (MPH)
AVERAGE WIND SPEED              7.9
HIGHEST WIND SPEED/DIRECTION    33/250    DATE  08/21
HIGHEST GUST SPEED/DIRECTION    42/260    DATE  08/21

SKY COVER
AVERAGE SKY COVER           0.60

AVERAGE RH (PERCENT)     73

WEATHER CONDITIONS. NUMBER OF DAYS WITH
  0
  2
  0
  0
  0
  0
  0
HAZE                      3

-  INDICATES NEGATIVE NUMBERS.
R  INDICATES RECORD WAS SET OR TIED.
MM INDICATES DATA IS MISSING.
T  INDICATES TRACE AMOUNT.

$$
