371
CXUS51 KCLE 051916
CLMCLE


CLIMATE REPORT
NATIONAL WEATHER SERVICE CLEVELAND OH
138 PM EST WED DEC 5 2018

...................................

...THE CLEVELAND OH CLIMATE SUMMARY FOR THE MONTH OF NOVEMBER 2018...

CLIMATE NORMAL PERIOD 1981 TO 2010
CLIMATE RECORD PERIOD 1871 TO 2018

WEATHER         OBSERVED          NORMAL  DEPART  LAST YEAR`S
                 VALUE   DATE(S)  VALUE   FROM    VALUE
                                          NORMAL
.............................................................
TEMPERATURE (F)
RECORD
 HIGH              82   11/01/1950
 LOW                0   11/22/1880
HIGHEST            61   11/06
                        11/05
LOWEST             23   11/10
AVG. MAXIMUM     42.6              50.8    -8.2     51.8
AVG. MINIMUM     33.5              36.9    -3.4     35.7
MEAN             38.0              43.9    -5.9     43.8
DAYS MAX >= 90      0               0.0     0.0        0
DAYS MAX <= 32      4               0.9     3.1        0
DAYS MIN <= 32     14               9.4     4.6       11
DAYS MIN <= 0       0               0.0     0.0        0

PRECIPITATION (INCHES)
RECORD
 MAXIMUM         8.80   1985
 MINIMUM         0.41   1904
TOTALS           5.47              3.62    1.85     5.95
DAYS >= .01        16              13.5     2.5       15
DAYS >= .10        10               8.2     1.8       10
DAYS >= .50         4               2.2     1.8        4
DAYS >= 1.00        1               0.7     0.3        2
GREATEST
 24 HR. TOTAL    2.12   11/01 TO 11/01              2.46

SNOWFALL (INCHES)
RECORDS
 TOTAL           23.4   1996
TOTALS            4.4               4.3     0.1      0.8
SINCE 7/1         4.4               4.5    -0.1      0.8
DAYS >= 1.0         1               1.5    -0.5        0
GREATEST
 24 HR TOTAL      2.1   11/26 TO 11/26

DEGREE_DAYS
HEATING TOTAL     802               635     167      630
 SINCE 7/1       1196              1095     101      890
COOLING TOTAL       0                 1      -1        0
 SINCE 1/1       1284               817     467     1113
..............................................................

WIND (MPH)
AVERAGE WIND SPEED              10.0
HIGHEST WIND SPEED/DIRECTION    38/230    DATE  11/06
HIGHEST GUST SPEED/DIRECTION    49/250    DATE  11/06

SKY COVER
AVERAGE SKY COVER           0.90

AVERAGE RH (PERCENT)     75

WEATHER CONDITIONS. NUMBER OF DAYS WITH

FOG 16
DENSE FOG 1
THUNDER 0
ICE PELLETS 1
HAIL 0
FREEZING RAIN/DRIZZLE 2
HAZE 4
BLOWING SNOW 1
-  INDICATES NEGATIVE NUMBERS.
R  INDICATES RECORD WAS SET OR TIED.
MM INDICATES DATA IS MISSING.
T  INDICATES TRACE AMOUNT.

$$
