000
CXUS51 KCLE 051512
CLMCLE


CLIMATE REPORT...CORRECTED
NATIONAL WEATHER SERVICE CLEVELAND OH
1058 AM EDT TUE JUN 5 2018

...................................

...THE CLEVELAND OH CLIMATE SUMMARY FOR THE MONTH OF MAY 2018...

CLIMATE NORMAL PERIOD 1981 TO 2010
CLIMATE RECORD PERIOD 1871 TO 2018

WEATHER         OBSERVED          NORMAL  DEPART  LAST YEAR`S
                 VALUE   DATE(S)  VALUE   FROM    VALUE
                                          NORMAL
.............................................................
TEMPERATURE (F)
RECORD
 HIGH              93   05/28/2018
 LOW               25   05/10/1966
HIGHEST            93R  05/28
LOWEST             43   05/08
AVG. MAXIMUM     77.3              69.5     7.8     68.8
AVG. MINIMUM     56.5              50.1     6.4     51.9
MEAN             66.9              59.8     7.1     60.3
DAYS MAX >= 90      2               0.2     1.8        1
DAYS MAX <= 32      0               0.0     0.0        0
DAYS MIN <= 32      0               0.2    -0.2        0
DAYS MIN <= 0       0               0.0     0.0        0

PRECIPITATION (INCHES)
RECORD
 MAXIMUM         9.14   1989
 MINIMUM         0.58   1934
TOTALS           5.72              3.66    2.06     6.09
DAYS >= .01        14              13.2     0.8       17
DAYS >= .10        10               8.3     1.7       12
DAYS >= .50         5               2.3     2.7        4
DAYS >= 1.00        1               0.7     0.3        2
GREATEST
 24 HR. TOTAL    1.51   05/21 TO 05/22              1.57

SNOWFALL (INCHES)
RECORDS
 TOTAL            2.1   1974
TOTALS            0.0               0.0     0.0      0.0
SINCE 7/1        53.1              68.1   -15.0     37.3
DAYS >= 1.0         0               0.0     0.0        0
GREATEST
 24 HR TOTAL      0.0   05/31 TO 05/31

DEGREE_DAYS
HEATING TOTAL      61               209    -148      195
 SINCE 7/1       5623              5720     -97     4550
COOLING TOTAL     131                48      83       57
 SINCE 1/1        134                59      75       88
..............................................................

WIND (MPH)
AVERAGE WIND SPEED              8.5
HIGHEST WIND SPEED/DIRECTION    39/240    DATE  05/04
HIGHEST GUST SPEED/DIRECTION    50/240    DATE  05/04

SKY COVER
AVERAGE SKY COVER           0.70

AVERAGE RH (PERCENT)     67

WEATHER CONDITIONS. NUMBER OF DAYS WITH
THUNDERSTORM             11     MIXED PRECIP                0
HEAVY RAIN                4     RAIN                        6
LIGHT RAIN               17     FREEZING RAIN               0
LT FREEZING RAIN          0     HAIL                        0
HEAVY SNOW                0     SNOW                        0
LIGHT SNOW                0     SLEET                       0
FOG                      14     FOG W/VIS <= 1/4 MILE       1
HAZE                      2

-  INDICATES NEGATIVE NUMBERS.
R  INDICATES RECORD WAS SET OR TIED.
MM INDICATES DATA IS MISSING.
T  INDICATES TRACE AMOUNT.

$$
