000
CXUS52 KGSP 020004
CLMCLT

CLIMATE REPORT
NATIONAL WEATHER SERVICE GREENVILLE-SPARTANBURG SC
704 PM EST SAT DEC 1 2018

...................................

...THE CHARLOTTE CLIMATE SUMMARY FOR THE MONTH OF NOVEMBER 2018...

CLIMATE NORMAL PERIOD 1981 TO 2010
CLIMATE RECORD PERIOD 1878 TO 2018

WEATHER         OBSERVED          NORMAL  DEPART  LAST YEAR`S
                 VALUE   DATE(S)  VALUE   FROM    VALUE  DATE(S)
                                          NORMAL
................................................................
TEMPERATURE (F)
RECORD
 HIGH              85   11/02/1961
 LOW               11   11/26/1950
HIGHEST            77   11/01        MM      MM       82  11/03
LOWEST             21   11/28        MM      MM       25  11/27
                                                          11/20
AVG. MAXIMUM     58.6              62.4    -3.8     64.0
AVG. MINIMUM     38.7              39.2    -0.5     39.7
MEAN             48.7              50.8    -2.1     51.8
DAYS MAX >= 90      0               0.0     0.0        0
DAYS MAX <= 32      0               0.0     0.0        0
DAYS MIN <= 32      8               7.4     0.6        5
DAYS MIN <= 0       0               0.0     0.0        0

PRECIPITATION (INCHES)
RECORD
 MAXIMUM        10.04   2015
 MINIMUM         0.23   1890
TOTALS           5.95              3.14    2.81     0.94
DAILY AVG.       0.20              0.10    0.10     0.03
DAYS >= .01        15               8.4     6.6        8
DAYS >= .10        10               5.1     4.9        3
DAYS >= .50         3               2.5     0.5        0
DAYS >= 1.00        2               0.8     1.2        0
GREATEST
 24 HR. TOTAL    1.87   11/12 TO 11/13           11/12 TO 11/13


 STORM TOTAL       MM                                 MM
 (MM/DD(HH))            MM                    11/13(00) TO 11/13(00)



SNOWFALL (INCHES)
RECORDS
 TOTAL            2.5   2000
 24 HR TOTAL      2.5   11/19/2000 TO 11/19/2000
 SNOW DEPTH         2   11/12/1968
TOTALS              T               0.1    -0.1      0.0
 LIQUID EQUIV      MM              0.00      MM     0.00
SINCE 7/1           T               0.1    -0.1      0.0
 LIQUID 7/1        MM              0.00      MM     0.00
SNOWDEPTH AVG.      0                MM      MM        0
DAYS >= TRACE       1               0.0     1.0        0
DAYS >= 1.0         0               0.0     0.0        0
GREATEST
 SNOW DEPTH         0   MM                             0  MM
 24 HR TOTAL        T   11/11 TO 11/11           11/13 TO 11/13


 STORM TOTAL       MM                                 MM
 (MM/DD(HH))            MM                    11/13(00) TO 11/13(00)



DEGREE_DAYS
HEATING TOTAL     483               430      53      391
 SINCE 7/1        640               636       4      526
COOLING TOTAL       0                 4      -4        5
 SINCE 1/1       2280              1517     763     1905

FREEZE DATES
RECORD
 EARLIEST     MM
 LATEST       MM
EARLIEST      11/11             MM
LATEST                          MM
.................................................................

WIND (MPH)
AVERAGE WIND SPEED              6.4
HIGHEST WIND SPEED/DIRECTION    24/180    DATE  11/02
HIGHEST GUST SPEED/DIRECTION    32/020    DATE  11/15

SKY COVER
POSSIBLE SUNSHINE (PERCENT)   MM
AVERAGE SKY COVER           0.60
NUMBER OF DAYS FAIR            8
NUMBER OF DAYS PC              9
NUMBER OF DAYS CLOUDY         13

AVERAGE RH (PERCENT)     74

WEATHER CONDITIONS. NUMBER OF DAYS WITH
THUNDERSTORM              0     MIXED PRECIP               0
HEAVY RAIN                7     RAIN                       8
LIGHT RAIN               19     FREEZING RAIN              0
LT FREEZING RAIN          0     HAIL                       0
HEAVY SNOW                0     SNOW                       0
LIGHT SNOW                0     SLEET                      1
FOG                      22     FOG W/VIS <= 1/4 MILE      2
HAZE                      2

-  INDICATES NEGATIVE NUMBERS.
R  INDICATES RECORD WAS SET OR TIED.
MM INDICATES DATA IS MISSING.
T  INDICATES TRACE AMOUNT.

$$

OUTLAW
