000
CXUS52 KGSP 011425
CLMCLT

CLIMATE REPORT
NATIONAL WEATHER SERVICE GREENVILLE-SPARTANBURG SC
1025 AM EDT FRI JUN 1 2018

...................................

...THE CHARLOTTE CLIMATE SUMMARY FOR THE MONTH OF MAY 2018...

CLIMATE NORMAL PERIOD 1981 TO 2010
CLIMATE RECORD PERIOD 1878 TO 2018

WEATHER         OBSERVED          NORMAL  DEPART  LAST YEAR`S
                 VALUE   DATE(S)  VALUE   FROM    VALUE  DATE(S)
                                          NORMAL
................................................................
TEMPERATURE (F)
RECORD
 HIGH              98   05/29/1941
                        05/23/1941
                        05/22/1941
 LOW               32   05/02/1963
HIGHEST            92   05/13        MM      MM       88  05/20
                        05/12                             05/19
                                                          05/16
LOWEST             47   05/01        MM      MM       41  05/07
AVG. MAXIMUM     84.0              78.9     5.1     80.5
AVG. MINIMUM     64.0              55.8     8.2     58.5
MEAN             74.0              67.4     6.6     69.5
DAYS MAX >= 90      4               1.0     3.0        0
DAYS MAX <= 32      0               0.0     0.0        0
DAYS MIN <= 32      0               0.0     0.0        0
DAYS MIN <= 0       0               0.0     0.0        0

PRECIPITATION (INCHES)
RECORD
 MAXIMUM        12.48   1975
 MINIMUM         0.01   1936
TOTALS           3.40              3.18    0.22     5.76
DAILY AVG.       0.11              0.10    0.01     0.19
DAYS >= .01        14               9.6     4.4       12
DAYS >= .10         9               5.8     3.2        9
DAYS >= .50         3               2.0     1.0        4
DAYS >= 1.00        0               0.8    -0.8        1
GREATEST
 24 HR. TOTAL    0.99   05/15 TO 05/16           05/21 TO 05/22


 STORM TOTAL       MM                                 MM
 (MM/DD(HH))            MM                    05/22(00) TO 05/22(00)



SNOWFALL (INCHES)
RECORDS
 TOTAL             MM   MM
 24 HR TOTAL       MM
 SNOW DEPTH        MM   MM
TOTALS            0.0               0.0     0.0      0.0
 LIQUID EQUIV    0.00              0.00    0.00     0.00
SINCE 7/1         4.2               4.3    -0.1      2.2
 LIQUID 7/1      0.42                MM      MM     0.22
SNOWDEPTH AVG.      0                MM      MM        0
DAYS >= TRACE       0               0.0     0.0        0
DAYS >= 1.0         0               0.0     0.0        0
GREATEST
 SNOW DEPTH         0   MM                             0  MM
 24 HR TOTAL      0.0   MM                       05/22 TO 05/22


 STORM TOTAL       MM                                 MM
 (MM/DD(HH))            MM                    05/22(00) TO 05/22(00)



DEGREE_DAYS
HEATING TOTAL       0                53     -53       26
 SINCE 7/1       2975              3385    -410     2392
COOLING TOTAL     287               126     161      173
 SINCE 1/1        334               163     171      303

FREEZE DATES
RECORD
 EARLIEST     MM
 LATEST       MM
EARLIEST                        MM
LATEST                          MM
.................................................................

WIND (MPH)
AVERAGE WIND SPEED              7.1
HIGHEST WIND SPEED/DIRECTION    29/360    DATE  05/07
HIGHEST GUST SPEED/DIRECTION    38/360    DATE  05/07

SKY COVER
POSSIBLE SUNSHINE (PERCENT)   MM
AVERAGE SKY COVER           0.60
NUMBER OF DAYS FAIR            6
NUMBER OF DAYS PC             11
NUMBER OF DAYS CLOUDY         14

AVERAGE RH (PERCENT)     71

WEATHER CONDITIONS. NUMBER OF DAYS WITH
THUNDERSTORM             11     MIXED PRECIP               0
HEAVY RAIN                4     RAIN                       9
LIGHT RAIN               19     FREEZING RAIN              0
LT FREEZING RAIN          0     HAIL                       0
HEAVY SNOW                0     SNOW                       0
LIGHT SNOW                0     SLEET                      0
FOG                      17     FOG W/VIS <= 1/4 MILE      0
HAZE                      3

-  INDICATES NEGATIVE NUMBERS.
R  INDICATES RECORD WAS SET OR TIED.
MM INDICATES DATA IS MISSING.
T  INDICATES TRACE AMOUNT.

$$

OUTLAW
