000
CXUS51 KILN 011305
CLMCMH


CLIMATE REPORT
NATIONAL WEATHER SERVICE WILMINGTON OH
853 AM EDT SUN JUL 1 2018

...................................

...THE COLUMBUS CLIMATE SUMMARY FOR THE MONTH OF JUNE 2018...

CLIMATE NORMAL PERIOD 1981 TO 2010
CLIMATE RECORD PERIOD 1869 TO 2018

WEATHER         OBSERVED          NORMAL  DEPART  LAST YEAR`S
                 VALUE   DATE(S)  VALUE   FROM    VALUE  DATE(S)
                                          NORMAL
................................................................
TEMPERATURE (F)
RECORD
 HIGH             102   06/28/1944
 LOW               35   06/11/1972
HIGHEST            93   06/18        82      11       93  06/16
                                                          06/12
LOWEST             50   06/06        60     -10       51  06/28
                                                          06/01
AVG. MAXIMUM     83.0              81.6     1.4     82.8
AVG. MINIMUM     64.8              61.5     3.3     61.6
MEAN             73.9              71.5     2.4     72.2
DAYS MAX >= 90      3               3.1    -0.1        5
DAYS MAX <= 32      0               0.0     0.0        0
DAYS MIN <= 32      0               0.0     0.0        0
DAYS MIN <= 0       0               0.0     0.0        0

PRECIPITATION (INCHES)
TOTALS           6.71              4.01    2.70     4.66
DAILY AVG.       0.22              0.13    0.09     0.16
DAYS >= .01        15              11.2     3.8        8
DAYS >= .10        11               7.1     3.9        6
DAYS >= .50         5               2.8     2.2        4
DAYS >= 1.00        2               1.0     1.0        2
GREATEST
 24 HR. TOTAL    1.64   06/21 TO 06/21

SNOWFALL (INCHES)
TOTALS            0.0               0.0     0.0      0.0
SINCE 7/1        30.7              26.7     4.0      9.3
DAYS >= TRACE       0               0.0     0.0        0
DAYS >= 1.0         0               0.0     0.0        0
GREATEST
 24 HR TOTAL      0.0   06/30 TO 06/30

DEGREE_DAYS
HEATING TOTAL       8                19     -11        7
 SINCE 7/1       5200              5246     -46     4278
COOLING TOTAL     281               216      65      230
 SINCE 1/1        520               298     222      355
.................................................................

WIND (MPH)
AVERAGE WIND SPEED              6.5
RESULTANT WIND SPEED/DIRECTION   1/226
HIGHEST WIND SPEED/DIRECTION    37/010    DATE  06/16
HIGHEST GUST SPEED/DIRECTION    49/020    DATE  06/16

SKY COVER
AVERAGE SKY COVER           0.70

AVERAGE RH (PERCENT)     70

WEATHER CONDITIONS. NUMBER OF DAYS WITH
THUNDERSTORM             13     MIXED PRECIP                0
HEAVY RAIN                7     RAIN                       11
LIGHT RAIN               16     FREEZING RAIN               0
LT FREEZING RAIN          0     HAIL                        0
HEAVY SNOW                0     SNOW                        0
LIGHT SNOW                0     SLEET                       0
FOG                      18     FOG W/VIS <= 1/4 MILE       0
HAZE                     10

-  INDICATES NEGATIVE NUMBERS.
R  INDICATES RECORD WAS SET OR TIED.
MM INDICATES DATA IS MISSING.
T  INDICATES TRACE AMOUNT.

$$
