000
CXUS53 KTOP 011621
CLMCNK


CLIMATE REPORT
NATIONAL WEATHER SERVICE TOPEKA KS
1010 AM CST TUE JAN 1 2019

...................................

...THE CONCORDIA KS CLIMATE SUMMARY FOR THE YEAR OF 2018...

CLIMATE NORMAL PERIOD 1981 TO 2010
CLIMATE RECORD PERIOD 1885 TO 2018

WEATHER         OBSERVED          NORMAL  DEPART  LAST YEAR`S
                 VALUE   DATE(S)  VALUE   FROM    VALUE  DATE(S)
                                          NORMAL
................................................................
TEMPERATURE (F)
RECORD
 HIGH             116   08/12/1936
 LOW              -33   01/08/1886
HIGHEST           101   06/14        MM      MM      105  07/21
                        06/10
LOWEST            -10   01/01        MM      MM       -7  12/31
                                                          12/27
AVG. MAXIMUM     64.7              65.0    -0.3     66.9
AVG. MINIMUM     42.0              42.7    -0.7     44.0
MEAN             53.4              53.9    -0.5     55.5
DAYS MAX >= 90     50              45.6     4.4       47
DAYS MAX <= 32     30              28.5     1.5       20
DAYS MIN <= 32    141             118.8    22.2      104
DAYS MIN <= 0       4               4.9    -0.9        3

PRECIPITATION (INCHES)
RECORD
 MAXIMUM        44.79   1993
 MINIMUM        12.83   1956
TOTALS          33.84             27.89    5.95    36.47
DAILY AVG.       0.09              0.08    0.01     0.10
DAYS >= .01        99              90.4     8.6       87
DAYS >= .10        56              50.7     5.3       48
DAYS >= .50        19              18.4     0.6       28
DAYS >= 1.00       11               6.9     4.1       11
GREATEST
 24 HR. TOTAL    2.97   09/03 TO 09/03

SNOWFALL (INCHES)
RECORDS
 TOTAL           57.4   1960
 24 HR TOTAL     13.2   02/10/1965 TO 02/11/1965
 SNOW DEPTH        25   03/16/1960
TOTALS           25.7              20.2     5.5      3.9
SINCE 7/1        15.9               6.5     9.4      1.8
SNOWDEPTH AVG.      0                MM      MM        0
DAYS >= TRACE      34              13.3    20.7       16
DAYS >= 1.0         9               6.3     2.7        1
GREATEST
 SNOW DEPTH         8   11/26                          1  12/27
                                                          12/25
                                                          12/26
 24 HR TOTAL      7.9   11/25 TO 11/25

DEGREE_DAYS
HEATING TOTAL    5626              5408     218     4738
 SINCE 7/1         MM              2177      MM       MM
COOLING TOTAL    1530              1350     180     1370
 SINCE 1/1       1530              1349     181     1370
.................................................................

WIND (MPH)
AVERAGE WIND SPEED              10.2
RESULTANT WIND SPEED/DIRECTION   2/181
HIGHEST WIND SPEED/DIRECTION    41/180    DATE  04/30
HIGHEST GUST SPEED/DIRECTION    60/320    DATE  09/01

SKY COVER
AVERAGE SKY COVER           0.30

AVERAGE RH (PERCENT)     69

WEATHER CONDITIONS. NUMBER OF DAYS WITH
THUNDERSTORM             39     MIXED PRECIP               0
HEAVY RAIN               33     RAIN                      43
LIGHT RAIN               97     FREEZING RAIN              1
LT FREEZING RAIN          9     HAIL                       0
HEAVY SNOW                2     SNOW                       5
LIGHT SNOW               32     FOG                      131
FOG W/VIS <= 1/4 MILE    15     HAZE                      14

-  INDICATES NEGATIVE NUMBERS.
R  INDICATES RECORD WAS SET OR TIED.
MM INDICATES DATA IS MISSING.
T  INDICATES TRACE AMOUNT.

$$
