496
CXUS53 KTOP 011435
CLMCNK


CLIMATE REPORT
NATIONAL WEATHER SERVICE TOPEKA KS
934 AM CDT SUN APR 1 2018

...................................

...THE CONCORDIA KS CLIMATE SUMMARY FOR THE MONTH OF MARCH 2018...

CLIMATE NORMAL PERIOD 1981 TO 2010
CLIMATE RECORD PERIOD 1885 TO 2018

WEATHER         OBSERVED          NORMAL  DEPART  LAST YEAR`S
                 VALUE   DATE(S)  VALUE   FROM    VALUE
                                          NORMAL
.............................................................
TEMPERATURE (F)
RECORD
 HIGH              97   03/21/1907
 LOW              -11   03/11/1948
HIGHEST            75   03/23        59      16       89
                        03/15
LOWEST             13   03/08        26     -13       20
AVG. MAXIMUM     56.9              54.6     2.3     57.9
AVG. MINIMUM     30.4              31.4    -1.0     35.1
MEAN             43.6              43.0     0.6     46.5
DAYS MAX >= 90      0               0.0     0.0        0
DAYS MAX <= 32      0               1.6    -1.6        0
DAYS MIN <= 32     19              16.7     2.3       12
DAYS MIN <= 0       0               0.1    -0.1        0

PRECIPITATION (INCHES)
RECORD
 MAXIMUM         8.32   1987
 MINIMUM         0.00   1920
                        1910
TOTALS           0.58              2.01   -1.43     3.19
DAILY AVG.       0.02              0.06   -0.04     0.10
DAYS >= .01         4               7.4    -3.4        7
DAYS >= .10         2               3.9    -1.9        5
DAYS >= .50         0               1.3    -1.3        2
DAYS >= 1.00        0               0.5    -0.5        1
GREATEST
 24 HR. TOTAL    0.35   03/19 TO 03/19              1.53

SNOWFALL (INCHES)
RECORDS
 TOTAL           22.7   1960
TOTALS              T               2.8    -2.8      0.8
SINCE 7/1        11.2              19.7    -8.5      4.3
SNOWDEPTH AVG.      0                                  0
DAYS >= 1.0         0               0.8    -0.8        0
GREATEST
 SNOW DEPTH         0   MM                             0
 24 HR TOTAL        T   03/06 TO 03/06               0.8

DEGREE_DAYS
HEATING TOTAL     654               684     -30      569
 SINCE 7/1       4739              4891    -152     4070
COOLING TOTAL       0                 1      -1        4
 SINCE 1/1          0                 1      -1        4
..............................................................

WIND (MPH)
AVERAGE WIND SPEED              12.7
HIGHEST WIND SPEED/DIRECTION    40/320    DATE  03/06
HIGHEST GUST SPEED/DIRECTION    56/320    DATE  03/06

SKY COVER
POSSIBLE SUNSHINE (PERCENT)   MM
AVERAGE SKY COVER           0.40
NUMBER OF DAYS FAIR           17
NUMBER OF DAYS PC              8
NUMBER OF DAYS CLOUDY          6

AVERAGE RH (PERCENT)     63

WEATHER CONDITIONS. NUMBER OF DAYS WITH
THUNDERSTORM              0     MIXED PRECIP               0
HEAVY RAIN                0     RAIN                       2
LIGHT RAIN                4     FREEZING RAIN              0
LT FREEZING RAIN          0     HEAVY SNOW                 0
SNOW                      0     LIGHT SNOW                 1
FOG                      10     FOG W/VIS <= 1/4 MILE      0
HAZE                      1

-  INDICATES NEGATIVE NUMBERS.
R  INDICATES RECORD WAS SET OR TIED.
MM INDICATES DATA IS MISSING.
T  INDICATES TRACE AMOUNT.

$$
