000
CXUS53 KTOP 011414
CLMCNK


CLIMATE REPORT
NATIONAL WEATHER SERVICE TOPEKA KS
912 AM CDT MON OCT 1 2018

...................................

...THE CONCORDIA KS CLIMATE SUMMARY FOR THE MONTH OF SEPTEMBER 2018...

CLIMATE NORMAL PERIOD 1981 TO 2010
CLIMATE RECORD PERIOD 1885 TO 2018

WEATHER         OBSERVED          NORMAL  DEPART  LAST YEAR`S
                 VALUE   DATE(S)  VALUE   FROM    VALUE
                                          NORMAL
.............................................................
TEMPERATURE (F)
RECORD
 HIGH             112   09/03/1947
 LOW               29   09/22/1995
                        09/29/1984
                        09/30/1895
HIGHEST            93   09/20        85       8       95
                        09/18
LOWEST             42   09/22        51      -9       44
AVG. MAXIMUM     77.6              80.0    -2.4     82.8
AVG. MINIMUM     59.3              56.0     3.3     58.6
MEAN             68.5              68.0     0.5     70.7
DAYS MAX >= 90      5               4.9     0.1        7
DAYS MAX <= 32      0               0.0     0.0        0
DAYS MIN <= 32      0               0.1    -0.1        0
DAYS MIN <= 0       0               0.0     0.0        0

PRECIPITATION (INCHES)
RECORD
 MAXIMUM         8.94   1946
 MINIMUM         0.08   1956
TOTALS           5.29              2.91    2.38     5.25
DAILY AVG.       0.18              0.10    0.08     0.17
DAYS >= .01        12               7.4     4.6        8
DAYS >= .10         8               4.6     3.4        4
DAYS >= .50         2               1.8     0.2        4
DAYS >= 1.00        2               0.9     1.1        3
GREATEST
 24 HR. TOTAL    2.97   09/03 TO 09/03              1.96

SNOWFALL (INCHES)
RECORDS
 TOTAL              T   1985
TOTALS            0.0               0.0     0.0      0.0
SINCE 7/1         0.0               0.0     0.0      0.0
SNOWDEPTH AVG.      0                                  0
DAYS >= 1.0         0               0.0     0.0        0
GREATEST
 SNOW DEPTH         0   MM                             0
 24 HR TOTAL      0.0   09/30 TO 09/30               0.0

DEGREE_DAYS
HEATING TOTAL      73                70       3       27
 SINCE 7/1         73                73       0       27
COOLING TOTAL     183               160      23      208
 SINCE 1/1       1514              1326     188     1346
..............................................................

WIND (MPH)
AVERAGE WIND SPEED              9.8
HIGHEST WIND SPEED/DIRECTION    33/300    DATE  09/01
HIGHEST GUST SPEED/DIRECTION    60/320    DATE  09/01

SKY COVER
POSSIBLE SUNSHINE (PERCENT)   MM
AVERAGE SKY COVER           0.30
NUMBER OF DAYS FAIR           20
NUMBER OF DAYS PC              3
NUMBER OF DAYS CLOUDY          7

AVERAGE RH (PERCENT)     78


-  INDICATES NEGATIVE NUMBERS.
R  INDICATES RECORD WAS SET OR TIED.
MM INDICATES DATA IS MISSING.
T  INDICATES TRACE AMOUNT.

$$
