000
CXUS53 KTOP 011926
CLMCNK


CLIMATE REPORT
NATIONAL WEATHER SERVICE TOPEKA KS
225 PM CDT SUN JUL 1 2018

...................................

...THE CONCORDIA KS CLIMATE SUMMARY FOR THE MONTH OF JUNE 2018...

CLIMATE NORMAL PERIOD 1981 TO 2010
CLIMATE RECORD PERIOD 1885 TO 2018

WEATHER         OBSERVED          NORMAL  DEPART  LAST YEAR`S
                 VALUE   DATE(S)  VALUE   FROM    VALUE
                                          NORMAL
.............................................................
TEMPERATURE (F)
RECORD
 HIGH             109   06/30/1980
                        06/30/1956
                        06/26/1936
 LOW               41   06/01/1964
HIGHEST           101   06/14        89      12       98
                        06/10
LOWEST             55   06/03        58      -3       52
AVG. MAXIMUM     90.8              84.9     5.9     88.3
AVG. MINIMUM     66.8              61.9     4.9     63.3
MEAN             78.8              73.4     5.4     75.8
DAYS MAX >= 90     18               8.1     9.9       14
DAYS MAX <= 32      0               0.0     0.0        0
DAYS MIN <= 32      0               0.0     0.0        0
DAYS MIN <= 0       0               0.0     0.0        0

PRECIPITATION (INCHES)
RECORD
 MAXIMUM        14.14   1967
 MINIMUM         0.34   1952
TOTALS           4.92              4.05    0.87     3.34
DAILY AVG.       0.16              0.14    0.02     0.11
DAYS >= .01        10              10.9    -0.9        7
DAYS >= .10         6               6.5    -0.5        4
DAYS >= .50         2               2.8    -0.8        1
DAYS >= 1.00        1               1.1    -0.1        1
GREATEST
 24 HR. TOTAL    2.58   06/19 TO 06/19              2.41

SNOWFALL (INCHES)
RECORDS
 TOTAL              T   1989
TOTALS            0.0               0.0     0.0      0.0
SINCE 7/1        11.6              20.2    -8.6      4.3
SNOWDEPTH AVG.      0                                  0
DAYS >= 1.0         0               0.0     0.0        0
GREATEST
 SNOW DEPTH         0   MM                             0
 24 HR TOTAL      0.0   06/30 TO 06/30               0.0

DEGREE_DAYS
HEATING TOTAL       0                13     -13        2
 SINCE 7/1       5306              5408    -102     4566
COOLING TOTAL     422               265     157      333
 SINCE 1/1        641               354     287      411
..............................................................

WIND (MPH)
AVERAGE WIND SPEED              12.1
HIGHEST WIND SPEED/DIRECTION    38/040    DATE  06/02
HIGHEST GUST SPEED/DIRECTION    60/330    DATE  06/02

SKY COVER
POSSIBLE SUNSHINE (PERCENT)   MM
AVERAGE SKY COVER           0.20
NUMBER OF DAYS FAIR           25
NUMBER OF DAYS PC              5
NUMBER OF DAYS CLOUDY          0

AVERAGE RH (PERCENT)     64


-  INDICATES NEGATIVE NUMBERS.
R  INDICATES RECORD WAS SET OR TIED.
MM INDICATES DATA IS MISSING.
T  INDICATES TRACE AMOUNT.

$$
