000
CXUS53 KICT 101800
CLMCNU

CLIMATE REPORT
NATIONAL WEATHER SERVICE WICHITA KS
1158 AM CST MON DEC 10 2018

...................................

...THE CHANUTE KS CLIMATE SUMMARY FOR THE MONTH OF NOVEMBER 2018...

CLIMATE NORMAL PERIOD 1981 TO 2010
CLIMATE RECORD PERIOD 1894 TO 2018

WEATHER         OBSERVED          NORMAL  DEPART  LAST YEAR`S
                 VALUE   DATE(S)  VALUE   FROM    VALUE  DATE(S)
                                          NORMAL
................................................................
TEMPERATURE (F)
RECORD
 HIGH              89   11/06/1915
 LOW                1   11/27/1975
                        11/16/1932
HIGHEST            68   11/24                         77  11/17
LOWEST             13   11/13                         19  11/22
AVG. MAXIMUM     51.6              56.7    -5.1     59.6
AVG. MINIMUM     29.3              35.9    -6.6     38.5
MEAN             40.4              46.3    -5.9     49.1
DAYS MAX >= 90      0               0.0     0.0        0
DAYS MAX <= 32      1               0.5     0.5        0
DAYS MIN <= 32     18              11.2     6.8        8
DAYS MIN <= 0       0               0.0     0.0        0

PRECIPITATION (INCHES)
RECORD
 MAXIMUM         8.35   1931
 MINIMUM         0.00   1989
                        1949
                        1919
TOTALS           2.23              2.50   -0.27     0.79
DAILY AVG.       0.07              0.08   -0.01     0.03
DAYS >= .01         8               7.0     1.0        6
DAYS >= .10         5               4.1     0.9        2
DAYS >= .50         1               1.8    -0.8        0
DAYS >= 1.00        1               0.7     0.3        0
GREATEST
 24 HR. TOTAL    1.21   11/30 TO 11/30

DEGREE_DAYS
HEATING TOTAL     728               564     164      473
 SINCE 7/1       1010               852     158      701
COOLING TOTAL       0                 3      -3        3
.................................................................

WIND (MPH)
AVERAGE WIND SPEED              8.4
HIGHEST WIND SPEED/DIRECTION    32/320    DATE  11/25
HIGHEST GUST SPEED/DIRECTION    53/320    DATE  11/25

SKY COVER
POSSIBLE SUNSHINE (PERCENT)   MM
AVERAGE SKY COVER           0.40
NUMBER OF DAYS FAIR           14
NUMBER OF DAYS PC             12
NUMBER OF DAYS CLOUDY          4

AVERAGE RH (PERCENT)     73

-  INDICATES NEGATIVE NUMBERS.
R  INDICATES RECORD WAS SET OR TIED.
MM INDICATES DATA IS MISSING.
T  INDICATES TRACE AMOUNT.

$$
