000
CXUS53 KICT 011233
CLMCNU

CLIMATE REPORT
NATIONAL WEATHER SERVICE WICHITA KS
727 AM CDT FRI JUN 1 2018

...................................

...THE CHANUTE KS CLIMATE SUMMARY FOR THE MONTH OF MAY 2018...

CLIMATE NORMAL PERIOD 1981 TO 2010
CLIMATE RECORD PERIOD 1894 TO 2018

WEATHER         OBSERVED          NORMAL  DEPART  LAST YEAR`S
                 VALUE   DATE(S)  VALUE   FROM    VALUE  DATE(S)
                                          NORMAL
................................................................
TEMPERATURE (F)
RECORD
 HIGH              99   05/31/1934
 LOW               28   05/02/2005
                        05/01/1909
HIGHEST            90   05/29                         87  05/26
                        05/28
                        05/27
LOWEST             48   05/05                         40  05/04
                                                          05/01
AVG. MAXIMUM     85.1              75.9     9.2     77.9
AVG. MINIMUM     62.4              55.8     6.6     54.4
MEAN             73.7              65.9     7.8     66.1
DAYS MAX >= 90      6               0.2     5.8        0
DAYS MAX <= 32      0               0.0     0.0        0
DAYS MIN <= 32      0               0.1    -0.1        0
DAYS MIN <= 0       0               0.0     0.0        0

PRECIPITATION (INCHES)
RECORD
 MAXIMUM        18.35   1990
 MINIMUM         1.66   1988
TOTALS           8.35              5.80    2.55     5.89
DAILY AVG.       0.27              0.19    0.08     0.19
DAYS >= .01        13              11.7     1.3       10
DAYS >= .10        10               8.0     2.0        5
DAYS >= .50         4               3.7     0.3        3
DAYS >= 1.00        3               1.8     1.2        2
GREATEST
 24 HR. TOTAL    2.62   05/14 TO 05/14

DEGREE_DAYS
HEATING TOTAL       0                75     -75       65
 SINCE 7/1       4287              4477    -190     3452
COOLING TOTAL     278               102     176      109
.................................................................

WIND (MPH)
AVERAGE WIND SPEED              8.8
HIGHEST WIND SPEED/DIRECTION    40/330    DATE  05/14
HIGHEST GUST SPEED/DIRECTION    65/160    DATE  05/01

SKY COVER
AVERAGE SKY COVER           0.20
NUMBER OF DAYS FAIR           24
NUMBER OF DAYS PC              6
NUMBER OF DAYS CLOUDY          1

AVERAGE RH (PERCENT)     72

-  INDICATES NEGATIVE NUMBERS.
R  INDICATES RECORD WAS SET OR TIED.
MM INDICATES DATA IS MISSING.
T  INDICATES TRACE AMOUNT.

$$
