000
CXUS53 KICT 011035
CLMCNU

CLIMATE REPORT
NATIONAL WEATHER SERVICE WICHITA KS
531 AM CDT SAT SEP 1 2018

...................................

...THE CHANUTE KS CLIMATE SUMMARY FOR THE MONTH OF AUGUST 2018...

CLIMATE NORMAL PERIOD 1981 TO 2010
CLIMATE RECORD PERIOD 1894 TO 2018

WEATHER         OBSERVED          NORMAL  DEPART  LAST YEAR`S
                 VALUE   DATE(S)  VALUE   FROM    VALUE  DATE(S)
                                          NORMAL
................................................................
TEMPERATURE (F)
RECORD
 HIGH             113   08/09/1936
 LOW               45   08/29/1988
                        08/27/1910
HIGHEST            99   08/06                         95  08/20
                                                          08/19
LOWEST             59   08/01                         55  08/24
AVG. MAXIMUM     87.8              89.8    -2.0     85.5
AVG. MINIMUM     68.7              67.9     0.8     64.5
MEAN             78.2              78.9    -0.7     75.0
DAYS MAX >= 90     15              15.7    -0.7        6
DAYS MAX <= 32      0               0.0     0.0        0
DAYS MIN <= 32      0               0.0     0.0        0
DAYS MIN <= 0       0               0.0     0.0        0

PRECIPITATION (INCHES)
RECORD
 MAXIMUM        11.44   2005
 MINIMUM         0.00   2000
TOTALS           6.13              3.69    2.44    11.33
DAILY AVG.       0.20              0.12    0.08     0.37
DAYS >= .01        13               7.2     5.8       10
DAYS >= .10        10               4.6     5.4        9
DAYS >= .50         5               2.4     2.6        5
DAYS >= 1.00        1               1.3    -0.3        4
GREATEST
 24 HR. TOTAL    1.04   08/23 TO 08/23

DEGREE_DAYS
HEATING TOTAL       0                 1      -1        0
 SINCE 7/1          0                 1      -1        0
COOLING TOTAL     404               430     -26      319
.................................................................

WIND (MPH)
AVERAGE WIND SPEED              8.8
HIGHEST WIND SPEED/DIRECTION    39/200    DATE  08/16
HIGHEST GUST SPEED/DIRECTION    48/190    DATE  08/16

SKY COVER
POSSIBLE SUNSHINE (PERCENT)   MM
AVERAGE SKY COVER           0.30
NUMBER OF DAYS FAIR           19
NUMBER OF DAYS PC              9
NUMBER OF DAYS CLOUDY          2

AVERAGE RH (PERCENT)     76

-  INDICATES NEGATIVE NUMBERS.
R  INDICATES RECORD WAS SET OR TIED.
MM INDICATES DATA IS MISSING.
T  INDICATES TRACE AMOUNT.

$$
