000
CXUS55 KGJT 011224
CLMCNY


CLIMATE REPORT
NATIONAL WEATHER SERVICE GRAND JUNCTION CO
451 AM MST FRI FEB 1 2019

...................................

...THE CANYONLANDS AIRPORT UT CLIMATE SUMMARY FOR THE MONTH OF JANUARY 2019...

CLIMATE NORMAL PERIOD 1981 TO 2010
CLIMATE RECORD PERIOD 9999 TO 9999

WEATHER         OBSERVED          NORMAL  DEPART  LAST YEAR`S
                 VALUE   DATE(S)  VALUE   FROM    VALUE  DATE(S)
                                          NORMAL
................................................................
TEMPERATURE (F)
HIGHEST            43   01/21        MM      MM       56  01/31
LOWEST              0   01/02        MM      MM        6  01/03
AVG. MAXIMUM     33.7              38.2    -4.6     43.6
AVG. MINIMUM     13.9              15.8    -1.9     20.3
MEAN             23.8              27.0    -3.2     32.0
DAYS MAX >= 90      0               0.0     0.0        0
DAYS MAX <= 32     13               7.5     5.5        0
DAYS MIN <= 32     31              29.7     1.3       30
DAYS MIN <= 0       1               1.5    -0.5        0

PRECIPITATION (INCHES)
TOTALS           0.71              0.64    0.07     0.25
DAILY AVG.       0.02              0.02    0.00     0.01
DAYS >= .01         4                MM      MM        5
DAYS >= .10         2                MM      MM        0
DAYS >= .50         0                MM      MM        0
DAYS >= 1.00        0                MM      MM        0
GREATEST
 24 HR. TOTAL    0.29   01/06 TO 01/06              0.09

SNOWFALL (INCHES)
TOTALS             MM                MM      MM       MM
SINCE 7/1          MM                MM      MM       MM
SNOWDEPTH AVG.     MM                MM      MM       MM
DAYS >= 1.0        MM                MM      MM       MM
GREATEST
 SNOW DEPTH        MM                                 MM  MM
 24 HR TOTAL       MM                                 MM

DEGREE_DAYS
HEATING TOTAL    1272              1178      94     1017
 SINCE 7/1       3721              3575     146     3167
COOLING TOTAL       0                 0       0        0
 SINCE 1/1          0                 0       0        0
.................................................................

WIND (MPH)
AVERAGE WIND SPEED              3.6
HIGHEST WIND SPEED/DIRECTION    36/310    DATE  01/17
HIGHEST GUST SPEED/DIRECTION    45/310    DATE  01/17

SKY COVER
POSSIBLE SUNSHINE (PERCENT)   MM
AVERAGE SKY COVER           0.30
NUMBER OF DAYS FAIR           19
NUMBER OF DAYS PC              7
NUMBER OF DAYS CLOUDY          5

AVERAGE RH (PERCENT)     80

WEATHER CONDITIONS. NUMBER OF DAYS WITH
THUNDERSTORM              0     MIXED PRECIP                0
HEAVY RAIN                0     RAIN                        0
LIGHT RAIN                3     FREEZING RAIN               0
LT FREEZING RAIN          0     HAIL                        0
HEAVY SNOW                0     SNOW                        1
LIGHT SNOW                7     SLEET                       0
FOG                      13     FOG W/VIS <= 1/4 MILE       9
HAZE                      1

-  INDICATES NEGATIVE NUMBERS.
R  INDICATES RECORD WAS SET OR TIED.
MM INDICATES DATA IS MISSING.
T  INDICATES TRACE AMOUNT.

$$
