000
CXUS55 KPUB 011545
CLMCOS

CLIMATE REPORT
NATIONAL WEATHER SERVICE PUEBLO
917 AM MDT SUN JUL 1 2018

...................................

...THE COLORADO SPRINGS CO CLIMATE SUMMARY FOR THE MONTH OF JUNE 2018...

CLIMATE NORMAL PERIOD 1981 TO 2010
CLIMATE RECORD PERIOD 1872 TO 2018

WEATHER         OBSERVED          NORMAL  DEPART  LAST YEAR`S
                 VALUE   DATE(S)  VALUE   FROM    VALUE  DATE(S)
                                          NORMAL
................................................................
TEMPERATURE (F)
RECORD
 HIGH             101   06/21/2016
                        06/26/2012
                        54/01/2206
 LOW               30   06/02/1919
                        06/02/1917
HIGHEST           100   06/28        83      17       95  06/21
LOWEST             48   06/03        46       2       46  06/01
                        06/04
                        06/25
AVG. MAXIMUM     87.1              79.0     8.1     83.8
AVG. MINIMUM     55.1              51.3     3.8     54.8
MEAN             71.1              65.1     6.0     69.3
DAYS MAX >= 90     12               3.0     9.0
DAYS MAX <= 32      0               0.0     0.0
DAYS MIN <= 32      0               0.0     0.0
DAYS MIN <= 0       0               0.0     0.0

PRECIPITATION (INCHES)
RECORD
 MAXIMUM         8.00   1965
 MINIMUM         0.10   1888
TOTALS           1.43              2.50   -1.07     0.50
DAILY AVG.       0.05              0.08   -0.03
DAYS >= .01         7              10.2    -3.2
DAYS >= .10         5               4.8     0.2
DAYS >= .50         1               1.6    -0.6
DAYS >= 1.00        0               0.5    -0.5
GREATEST
 24 HR. TOTAL    0.63   06/12 TO 06/13              0.29

SNOWFALL (INCHES)
RECORDS
 TOTAL            2.0   1917
TOTALS              T               0.0     0.0        T
SINCE 7/1        21.6              37.7   -16.1     25.2
SNOWDEPTH AVG.      0
DAYS >= 1.0         0               0.0     0.0
GREATEST
 SNOW DEPTH         0                                  0
 24 HR TOTAL        T   06/30                          T

DEGREE_DAYS
HEATING TOTAL      10                79     -69       21
 SINCE 7/1       5330              6292    -962     5099
COOLING TOTAL     197                83     114      157
 SINCE 1/1        227                93     134      159
.................................................................

WIND (MPH)
AVERAGE WIND SPEED              10.2
HIGHEST WIND SPEED/DIRECTION    45/200    DATE  06/05
HIGHEST GUST SPEED/DIRECTION    69/200    DATE  06/05

SKY COVER
POSSIBLE SUNSHINE (PERCENT)   MM
AVERAGE SKY COVER           0.40
NUMBER OF DAYS FAIR            8
NUMBER OF DAYS PC             22
NUMBER OF DAYS CLOUDY          0

AVERAGE RH (PERCENT)     43

WEATHER CONDITIONS. NUMBER OF DAYS WITH
THUNDERSTORM             10     MIXED PRECIP               0
HEAVY RAIN                4     RAIN                       5
LIGHT RAIN                9     FREEZING RAIN              0
LT FREEZING RAIN          0     HAIL                       4
HEAVY SNOW                0     SNOW                       0
LIGHT SNOW                0     SLEET                      0
FOG                       4     FOG W/VIS <= 1/4 MILE      0
HAZE                      1
-  INDICATES NEGATIVE NUMBERS.
R  INDICATES RECORD WAS SET OR TIED.
MM INDICATES DATA IS MISSING.
T  INDICATES TRACE AMOUNT.

$$
