000
CXUS55 KPUB 011827
CLMCOS


CLIMATE REPORT
NATIONAL WEATHER SERVICE PUEBLO
1100 AM MST TUE JAN 1 2019

...................................

...THE COLORADO SPRINGS CO CLIMATE SUMMARY FOR THE MONTH OF DECEMBER 2018...

CLIMATE NORMAL PERIOD 1981 TO 2010
CLIMATE RECORD PERIOD 1872 TO 2018

WEATHER         OBSERVED          NORMAL  DEPART  LAST YEAR`S
                 VALUE   DATE(S)  VALUE   FROM    VALUE  DATE(S)
                                          NORMAL
................................................................
TEMPERATURE (F)
RECORD
 HIGH              77   12/23/1955
 LOW              -27   12/09/1919
HIGHEST            61   12/21        45      16       68  12/29
                        12/12
LOWEST              2   12/29        14     -12        0  12/27
AVG. MAXIMUM     44.9              42.1     2.8     48.4
AVG. MINIMUM     17.3              17.5    -0.2     18.5
MEAN             31.1              29.8     1.3     33.4
DAYS MAX >= 90      0               0.0     0.0
DAYS MAX <= 32      5               6.3    -1.3
DAYS MIN <= 32     31              29.6     1.4
DAYS MIN <= 0       0               1.7    -1.7

PRECIPITATION (INCHES)
RECORD
 MAXIMUM         2.54   1913
 MINIMUM            T   1995
                        1970
                        1905
TOTALS           0.09              0.34   -0.25     0.01
DAILY AVG.       0.00              0.01   -0.01
DAYS >= .01         5               4.3     0.7
DAYS >= .10         0               0.9    -0.9
DAYS >= .50         0               0.1    -0.1
DAYS >= 1.00        0               0.0     0.0
GREATEST
 24 HR. TOTAL    0.05   12/28 TO 12/29              0.01

SNOWFALL (INCHES)
RECORDS
 TOTAL           24.6   1913
TOTALS            1.3               5.7    -4.4      0.9
SINCE 7/1         9.4              13.5    -4.1      2.5
SNOWDEPTH AVG.      0
DAYS >= 1.0         0               2.0    -2.0
GREATEST
 SNOW DEPTH         1   12/02                         -1
                        12/03
                        12/29
 24 HR TOTAL      0.5   12/28 TO 12/29               0.7

DEGREE_DAYS
HEATING TOTAL    1042              1091     -49      970
 SINCE 7/1       2456              2572    -116     2138
COOLING TOTAL       0                 0       0        0
 SINCE 1/1        730               455     275      639
.................................................................

WIND (MPH)
AVERAGE WIND SPEED              8.8
HIGHEST WIND SPEED/DIRECTION    43/030    DATE  12/12
HIGHEST GUST SPEED/DIRECTION    60/310    DATE  12/21

SKY COVER
POSSIBLE SUNSHINE (PERCENT)   MM
AVERAGE SKY COVER           0.50
NUMBER OF DAYS FAIR            8
NUMBER OF DAYS PC             20
NUMBER OF DAYS CLOUDY          3

AVERAGE RH (PERCENT)     51

WEATHER CONDITIONS. NUMBER OF DAYS WITH
THUNDERSTORM              0     MIXED PRECIP               0
HEAVY RAIN                0     RAIN                       0
LIGHT RAIN                0     FREEZING RAIN              0
LT FREEZING RAIN          0     HAIL                       0
HEAVY SNOW                1     SNOW                       1
LIGHT SNOW               12     SLEET                      0
FOG                       8     FOG W/VIS <= 1/4 MILE      3
HAZE                      6

-  INDICATES NEGATIVE NUMBERS.
R  INDICATES RECORD WAS SET OR TIED.
MM INDICATES DATA IS MISSING.
T  INDICATES TRACE AMOUNT.

$$
