000
CXUS55 KPUB 012348
CLMCOS


CLIMATE REPORT
NATIONAL WEATHER SERVICE PUEBLO
526 PM MDT MON OCT 1 2018

...................................

...THE COLORADO SPRINGS CO CLIMATE SUMMARY FOR THE MONTH OF SEPTEMBER 2018...

CLIMATE NORMAL PERIOD 1981 TO 2010
CLIMATE RECORD PERIOD 1872 TO 2018

WEATHER         OBSERVED          NORMAL  DEPART  LAST YEAR`S
                 VALUE   DATE(S)  VALUE   FROM    VALUE  DATE(S)
                                          NORMAL
................................................................
TEMPERATURE (F)
RECORD
 HIGH              95   09/03/2017
                        09/17/1936
                        09/04/2013
 LOW               20   09/27/1908
HIGHEST            93   09/18        78      15       95  09/03
LOWEST             40   09/28        40       0       40  09/20
                        09/29
AVG. MAXIMUM     81.0              74.5     6.5     75.6
AVG. MINIMUM     52.1              47.3     4.8     51.1
MEAN             66.5              60.9     5.6     63.4
DAYS MAX >= 90      8               0.5     7.5
DAYS MAX <= 32      0               0.0     0.0
DAYS MIN <= 32      0               0.8    -0.8
DAYS MIN <= 0       0               0.0     0.0

PRECIPITATION (INCHES)
RECORD
 MAXIMUM         5.91   2011
 MINIMUM            T   1953
TOTALS           0.57              1.19   -0.62     2.77
DAILY AVG.       0.02              0.04   -0.02
DAYS >= .01         6               7.3    -1.3
DAYS >= .10         1               3.4    -2.4
DAYS >= .50         0               0.4    -0.4
DAYS >= 1.00        0               0.1    -0.1
GREATEST
 24 HR. TOTAL    0.41   09/05                       1.12

SNOWFALL (INCHES)
RECORDS
 TOTAL           27.9   1959
TOTALS            0.0               0.2    -0.2      0.0
SINCE 7/1           T               0.2    -0.2        T
SNOWDEPTH AVG.      0
DAYS >= 1.0         0               0.1    -0.1
GREATEST
 SNOW DEPTH         0                                  0
 24 HR TOTAL      0.0                                0.0

DEGREE_DAYS
HEATING TOTAL      61               159     -98      132
 SINCE 7/1         69               190    -121      141
COOLING TOTAL     112                36      76       91
 SINCE 1/1        723               454     269      639
.................................................................

WIND (MPH)
AVERAGE WIND SPEED              8.3
HIGHEST WIND SPEED/DIRECTION    30/350    DATE  09/25
HIGHEST GUST SPEED/DIRECTION    42/020    DATE  09/02

SKY COVER
POSSIBLE SUNSHINE (PERCENT)   MM
AVERAGE SKY COVER           0.40
NUMBER OF DAYS FAIR           12
NUMBER OF DAYS PC             15
NUMBER OF DAYS CLOUDY          3

AVERAGE RH (PERCENT)     48

WEATHER CONDITIONS. NUMBER OF DAYS WITH
THUNDERSTORM              6     MIXED PRECIP               0
HEAVY RAIN                1     RAIN                       4
LIGHT RAIN                8     FREEZING RAIN              0
LT FREEZING RAIN          0     HAIL                       0
HEAVY SNOW                0     SNOW                       0
LIGHT SNOW                0     SLEET                      0
FOG                       6     FOG W/VIS <= 1/4 MILE      3
HAZE                      0

-  INDICATES NEGATIVE NUMBERS.
R  INDICATES RECORD WAS SET OR TIED.
MM INDICATES DATA IS MISSING.
T  INDICATES TRACE AMOUNT.

$$
