000
CXUS56 KLOX 011839
CLMCQT


CLIMATE REPORT
NATIONAL WEATHER SERVICE LOS ANGELES/OXNARD CA
1039 AM PST FRI FEB 1 2019

...................................

...THE DOWNTOWN LOS ANGELES (USC) CA CLIMATE SUMMARY FOR THE MONTH OF JANUARY 2019...

CLIMATE NORMAL PERIOD 1981 TO 2010
CLIMATE RECORD PERIOD 1877 TO 2019

WEATHER         OBSERVED          NORMAL  DEPART  LAST YEAR`S
                 VALUE   DATE(S)  VALUE   FROM    VALUE
                                          NORMAL
.............................................................
TEMPERATURE (F)
HIGHEST            78   01/19
LOWEST             38   01/02
                        01/01
AVG. MAXIMUM     66.6              68.2    -1.6
AVG. MINIMUM     49.3              47.8     1.5
MEAN             57.9              58.0    -0.1
DAYS MAX >= 90      0
DAYS MAX <= 32      0
DAYS MIN <= 32      0
DAYS MIN <= 0       0

PRECIPITATION (INCHES)
TOTALS           5.95              3.12    2.83
DAILY AVG.       0.19
DAYS >= .01         8
DAYS >= .10         8
DAYS >= .50         7
DAYS >= 1.00        1
GREATEST
 24 HR. TOTAL    1.00   01/14 TO 01/14

DEGREE_DAYS
HEATING TOTAL     213               226     -13      101
 SINCE 7/1        428               591    -163      249
COOLING TOTAL       0                 9      -9       23
 SINCE 1/1          0                 0       0       23
..............................................................

WIND (MPH)
AVERAGE WIND SPEED              1.8
HIGHEST WIND SPEED/DIRECTION    14/340    DATE  01/21
HIGHEST GUST SPEED/DIRECTION    29/350    DATE  01/21

SKY COVER
POSSIBLE SUNSHINE (PERCENT)   MM
AVERAGE SKY COVER           0.30
NUMBER OF DAYS FAIR           20
NUMBER OF DAYS PC              5
NUMBER OF DAYS CLOUDY          6

AVERAGE RH (PERCENT)     62

WEATHER CONDITIONS. NUMBER OF DAYS WITH
  0
  7
  0
  0
  0
  0
  0
HAZE                     14

-  INDICATES NEGATIVE NUMBERS.
R  INDICATES RECORD WAS SET OR TIED.
MM INDICATES DATA IS MISSING.
T  INDICATES TRACE AMOUNT.

$$
