000
CXUS46 KLOX 011735
CLMCQT


CLIMATE REPORT
NATIONAL WEATHER SERVICE LOS ANGELES/OXNARD CA
1035 AM PDT THU NOV 1 2018

...................................

...THE DOWNTOWN LOS ANGELES (USC) CA CLIMATE SUMMARY FOR THE MONTH OF OCTOBER 2018...

CLIMATE NORMAL PERIOD 1981 TO 2010
CLIMATE RECORD PERIOD 1877 TO 2018

WEATHER         OBSERVED          NORMAL  DEPART  LAST YEAR`S
                 VALUE   DATE(S)  VALUE   FROM    VALUE
                                          NORMAL
.............................................................
TEMPERATURE (F)
HIGHEST            90   10/20
                        10/01
LOWEST             54   10/16
AVG. MAXIMUM     79.6              78.5     1.1
AVG. MINIMUM     61.4              58.7     2.7
MEAN             70.5              68.6     1.9
DAYS MAX >= 90      2
DAYS MAX <= 32      0
DAYS MIN <= 32      0
DAYS MIN <= 0       0

PRECIPITATION (INCHES)
TOTALS           0.57              0.66   -0.09
DAILY AVG.       0.02
DAYS >= .01         2
DAYS >= .10         2
DAYS >= .50         0
DAYS >= 1.00        0
GREATEST
 24 HR. TOTAL    0.42   10/12 TO 10/12

DEGREE_DAYS
HEATING TOTAL       0                18     -18        0
 SINCE 7/1          0                20     -20        0
COOLING TOTAL     181               129      52      290
 SINCE 1/1       1571              1207     364     1805
..............................................................

WIND (MPH)
AVERAGE WIND SPEED              1.4
HIGHEST WIND SPEED/DIRECTION    13/010    DATE  10/15
HIGHEST GUST SPEED/DIRECTION    19/010    DATE  10/15

SKY COVER
POSSIBLE SUNSHINE (PERCENT)   MM
AVERAGE SKY COVER           0.30
NUMBER OF DAYS FAIR           21
NUMBER OF DAYS PC              8
NUMBER OF DAYS CLOUDY          2

AVERAGE RH (PERCENT)     63

WEATHER CONDITIONS. NUMBER OF DAYS WITH
  0
  1
  0
  0
  0
  0
  2
HAZE                     13

-  INDICATES NEGATIVE NUMBERS.
R  INDICATES RECORD WAS SET OR TIED.
MM INDICATES DATA IS MISSING.
T  INDICATES TRACE AMOUNT.

$$
