397
CXUS52 KILM 020129
CLMCRE


CLIMATE REPORT
NATIONAL WEATHER SERVICE WILMINGTON NC
825 PM EST SAT DEC 1 2018

...................................

...THE N.MYRTLE BEACH SOUTH CAROLINA CLIMATE SUMMARY FOR THE SEASON, FROM
9/1/2018 TO 11/30/2018...

CLIMATE NORMAL PERIOD 1981 TO 2010
CLIMATE RECORD PERIOD 1949 TO 2018

WEATHER         OBSERVED          NORMAL  DEPART  LAST YEAR`S
                 VALUE   DATE(S)  VALUE   FROM    VALUE
                                          NORMAL
.............................................................
TEMPERATURE (F)
RECORD
 HIGH              95
 LOW               16
HIGHEST            91   10/05        MM      MM       91
LOWEST             29   11/29        MM      MM       32
AVG. MAXIMUM     76.3              75.0     1.3     76.2
AVG. MINIMUM     60.4              56.3     4.1     57.5
MEAN             68.4              65.7     2.7     66.8
DAYS MAX >= 90      2               1.3     0.7        1
DAYS MAX <= 32      0               0.0     0.0        0
DAYS MIN <= 32      2               2.0     0.0        1
DAYS MIN <= 0       0               0.0     0.0        0

PRECIPITATION (INCHES)
TOTALS          23.32R            13.20   10.12    10.07
DAILY AVG.       0.26              0.15    0.11     0.11
DAYS >= .01        32                MM      MM       20
DAYS >= .10        26                MM      MM       13
DAYS >= .50        10                MM      MM        7
DAYS >= 1.00        5                MM      MM        4
GREATEST
 24 HR. TOTAL    5.71   MM                          2.51

DEGREE_DAYS
HEATING TOTAL     364               362       2      341
 SINCE 7/1        364               361       3      341
COOLING TOTAL     692               424     268      532
 SINCE 1/1       2409              1899     510     2197
..............................................................

WIND (MPH)
AVERAGE WIND SPEED              7.6
RESULTANT WIND SPEED/DIRECTION   1/082
HIGHEST WIND SPEED/DIRECTION    41/210    DATE  10/11
HIGHEST GUST SPEED/DIRECTION    59/320    DATE  09/14

SKY COVER
POSSIBLE SUNSHINE (PERCENT)   MM
AVERAGE SKY COVER           0.40
NUMBER OF DAYS FAIR           51
NUMBER OF DAYS PC             26
NUMBER OF DAYS CLOUDY         14

AVERAGE RH (PERCENT)     78

WEATHER CONDITIONS. NUMBER OF DAYS WITH
THUNDERSTORM             20     MIXED PRECIP               M
HEAVY RAIN               19     RAIN                      16
LIGHT RAIN               36     FREEZING RAIN              0
LT FREEZING RAIN          0     HAIL                       M
HEAVY SNOW                0     SNOW                       0
LIGHT SNOW                0     SLEET                      0
FOG                      43     FOG W/VIS <= 1/4 MILE      4
HAZE                      6

-  INDICATES NEGATIVE NUMBERS.
R  INDICATES RECORD WAS SET OR TIED.
MM INDICATES DATA IS MISSING.
T  INDICATES TRACE AMOUNT.

$$
