000
CXUS52 KILM 011933
CLMCRE


CLIMATE REPORT
NATIONAL WEATHER SERVICE WILMINGTON NC
326 PM EDT FRI JUN 1 2018

...................................

...THE N.MYRTLE BEACH SOUTH CAROLINA CLIMATE SUMMARY FOR THE SEASON, FROM
3/1/2018 TO 5/31/2018...

CLIMATE NORMAL PERIOD 1981 TO 2010
CLIMATE RECORD PERIOD 1949 TO 2018

WEATHER         OBSERVED          NORMAL  DEPART  LAST YEAR`S
                 VALUE   DATE(S)  VALUE   FROM    VALUE
                                          NORMAL
.............................................................
TEMPERATURE (F)
RECORD
 HIGH              98
 LOW               21
HIGHEST            88   05/11        MM      MM       MM
LOWEST             27   03/15        MM      MM       MM
AVG. MAXIMUM     70.2              71.3    -1.1       MM
AVG. MINIMUM     53.1              52.4     0.7       MM
MEAN             61.7              61.8    -0.1       MM
DAYS MAX >= 90      0               0.5    -0.5       MM
DAYS MAX <= 32      0               0.0     0.0       MM
DAYS MIN <= 32      4               2.8     1.2       MM
DAYS MIN <= 0       0               0.0     0.0       MM

PRECIPITATION (INCHES)
TOTALS          12.71             10.29    2.42       MM
DAILY AVG.       0.14              0.11    0.03       MM
DAYS >= .01        31                MM      MM       MM
DAYS >= .10        18                MM      MM       MM
DAYS >= .50         9                MM      MM       MM
DAYS >= 1.00        4                MM      MM       MM
GREATEST
 24 HR. TOTAL    2.75   MM                            MM

DEGREE_DAYS
HEATING TOTAL     574               503      71       MM
 SINCE 7/1       2338              2447    -109       MM
COOLING TOTAL     295               212      83       MM
 SINCE 1/1        315               212     103       MM
..............................................................

WIND (MPH)
AVERAGE WIND SPEED              9.8
RESULTANT WIND SPEED/DIRECTION   3/205
HIGHEST WIND SPEED/DIRECTION    30/210    DATE  03/01
HIGHEST GUST SPEED/DIRECTION    41/340    DATE  03/02

SKY COVER
POSSIBLE SUNSHINE (PERCENT)   MM
AVERAGE SKY COVER           0.30
NUMBER OF DAYS FAIR           61
NUMBER OF DAYS PC             19
NUMBER OF DAYS CLOUDY         12

AVERAGE RH (PERCENT)     73

WEATHER CONDITIONS. NUMBER OF DAYS WITH
THUNDERSTORM              7     MIXED PRECIP               M
HEAVY RAIN               12     RAIN                      16
LIGHT RAIN               39     FREEZING RAIN              0
LT FREEZING RAIN          0     HAIL                       M
HEAVY SNOW                0     SNOW                       0
LIGHT SNOW                0     SLEET                      M
FOG                      47     FOG W/VIS <= 1/4 MILE      7
HAZE                      4

-  INDICATES NEGATIVE NUMBERS.
R  INDICATES RECORD WAS SET OR TIED.
MM INDICATES DATA IS MISSING.
T  INDICATES TRACE AMOUNT.

$$
