000
CXUS52 KILM 012158
CLMCRE


CLIMATE REPORT
NATIONAL WEATHER SERVICE WILMINGTON NC
554 PM EDT SAT SEP 1 2018

...................................

...THE N.MYRTLE BEACH SOUTH CAROLINA CLIMATE SUMMARY FOR THE SEASON, FROM
6/1/2018 TO 8/31/2018...

CLIMATE NORMAL PERIOD 1981 TO 2010
CLIMATE RECORD PERIOD 1949 TO 2018

WEATHER         OBSERVED          NORMAL  DEPART  LAST YEAR`S
                 VALUE   DATE(S)  VALUE   FROM    VALUE
                                          NORMAL
.............................................................
TEMPERATURE (F)
RECORD
 HIGH             104
 LOW               49
HIGHEST            92   08/08        MM      MM       MM
                        06/19
LOWEST             60   07/10        MM      MM       MM
AVG. MAXIMUM     86.7              86.1     0.6       MM
AVG. MINIMUM     73.2              71.4     1.8       MM
MEAN             79.9              78.7     1.2       MM
DAYS MAX >= 90      8              13.9    -5.9       MM
DAYS MAX <= 32      0               0.0     0.0       MM
DAYS MIN <= 32      0               0.0     0.0       MM
DAYS MIN <= 0       0               0.0     0.0       MM

PRECIPITATION (INCHES)
TOTALS          19.34R            17.95    1.39       MM
DAILY AVG.       0.21              0.20    0.01       MM
DAYS >= .01        34                MM      MM       MM
DAYS >= .10        29                MM      MM       MM
DAYS >= .50        15                MM      MM       MM
DAYS >= 1.00        6                MM      MM       MM
GREATEST
 24 HR. TOTAL    2.87   MM                            MM

DEGREE_DAYS
HEATING TOTAL       0                 0       0       MM
 SINCE 7/1          0                 0       0       MM
COOLING TOTAL    1402              1264     138       MM
 SINCE 1/1       1717              1476     241       MM
..............................................................

WIND (MPH)
AVERAGE WIND SPEED              8.2
RESULTANT WIND SPEED/DIRECTION   5/200
HIGHEST WIND SPEED/DIRECTION    33/230    DATE  07/17
HIGHEST GUST SPEED/DIRECTION    43/200    DATE  07/24

SKY COVER
POSSIBLE SUNSHINE (PERCENT)   MM
AVERAGE SKY COVER           0.20
NUMBER OF DAYS FAIR           74
NUMBER OF DAYS PC             16
NUMBER OF DAYS CLOUDY          2

AVERAGE RH (PERCENT)     80

WEATHER CONDITIONS. NUMBER OF DAYS WITH
THUNDERSTORM             35     MIXED PRECIP               M
HEAVY RAIN               23     RAIN                      22
LIGHT RAIN               46     FREEZING RAIN              0
LT FREEZING RAIN          0     HAIL                       M
HEAVY SNOW                0     SNOW                       0
LIGHT SNOW                0     SLEET                      M
FOG                      59     FOG W/VIS <= 1/4 MILE      9
HAZE                     13

-  INDICATES NEGATIVE NUMBERS.
R  INDICATES RECORD WAS SET OR TIED.
MM INDICATES DATA IS MISSING.
T  INDICATES TRACE AMOUNT.

$$
