000
CXUS54 KCRP 051356 CCA
CLMCRP

CLIMATE REPORT...CORRECTION
NATIONAL WEATHER SERVICE CORPUS CHRISTI TX
855 AM CDT WED SEP 5 2018

...................................

...THE CORPUS CHRISTI CLIMATE SUMMARY FOR THE MONTH OF AUGUST 2018...

CLIMATE NORMAL PERIOD 1981 TO 2010
CLIMATE RECORD PERIOD 1887 TO 2018

WEATHER         OBSERVED          NORMAL  DEPART  LAST YEAR`S
                 VALUE   DATE(S)  VALUE   FROM    VALUE  DATE(S)
                                          NORMAL
................................................................
TEMPERATURE (F)
RECORD
 HIGH             107   08/30/2012
                        08/29/2012
                        08/28/2011
 LOW               64   08/13/2004
HIGHEST            99   08/22        94       5       99  08/18
                                                          08/12
LOWEST             72   08/03        75      -3       69  08/30
                        08/02
AVG. MAXIMUM     94.6              94.4     0.2     93.7
AVG. MINIMUM     75.7              75.0     0.7     75.5
MEAN             85.2              84.7     0.5     84.6
DAYS MAX >= 90     29              28.2     0.8       26
DAYS MAX <= 32      0               0.0     0.0        0
DAYS MIN <= 32      0               0.0     0.0        0
DAYS MIN <= 0       0               0.0     0.0        0

PRECIPITATION (INCHES)
RECORD
 MAXIMUM        14.79   1980
 MINIMUM         0.00   1911
                        1899
TOTALS           1.25              2.92   -1.67     5.89
DAILY AVG.       0.04              0.09   -0.05     0.19
DAYS >= .01         4               6.5    -2.5        9
DAYS >= .10         4               4.0     0.0        5
DAYS >= .50         1               1.8    -0.8        3
DAYS >= 1.00        0               0.8    -0.8        2
GREATEST
 24 HR. TOTAL    1.10   07/31 TO 08/01              2.75

SNOWFALL (INCHES)
RECORDS
 TOTAL            0.0   MM
 24 HR TOTAL      0.0   MM
TOTALS            0.0               0.0     0.0      0.0
SINCE 7/1         0.0               0.0     0.0      0.0
SNOWDEPTH AVG.      0                MM      MM        0
DAYS >= 1.0         0               0.0     0.0        0
GREATEST
 SNOW DEPTH         0   MM                             0
 24 HR TOTAL      0.0   08/31 TO 08/31               0.0

DEGREE_DAYS
HEATING TOTAL       0                 0       0        0
 SINCE 7/1          0                 0       0        0
COOLING TOTAL     632               611      21      614
 SINCE 1/1       2766              2561     205     2981
.................................................................

WIND (MPH)
AVERAGE WIND SPEED              10.4
HIGHEST WIND SPEED/DIRECTION    29/090    DATE  08/05
HIGHEST GUST SPEED/DIRECTION    37/090    DATE  08/06

SKY COVER
AVERAGE SKY COVER           0.50

AVERAGE RH (PERCENT)     76

WEATHER CONDITIONS. NUMBER OF DAYS WITH
THUNDERSTORM              7     MIXED PRECIP               0
HEAVY RAIN                4     RAIN                       4
LIGHT RAIN                4     FREEZING RAIN              0
LT FREEZING RAIN          0     HAIL                       0
HEAVY SNOW                0     SNOW                       0
LIGHT SNOW                0     SLEET                      0
FOG                      13     FOG W/VIS <= 1/4 MILE      0
HAZE                      2

-  INDICATES NEGATIVE NUMBERS.
R  INDICATES RECORD WAS SET OR TIED.
MM INDICATES DATA IS MISSING.
T  INDICATES TRACE AMOUNT.

$$

ANM...CORRECTED FOR RECORD LOW TEMPERATURE.
