355
CXUS54 KCRP 011444
CLMCRP

CLIMATE REPORT
NATIONAL WEATHER SERVICE CORPUS CHRISTI TX
824 AM CST SAT DEC 1 2018

...................................

...THE CORPUS CHRISTI CLIMATE SUMMARY FOR THE MONTH OF
NOVEMBER 2018...

CLIMATE NORMAL PERIOD 1981 TO 2010
CLIMATE RECORD PERIOD 1887 TO 2018

WEATHER         OBSERVED          NORMAL  DEPART  LAST YEAR`S
                 VALUE   DATE(S)  VALUE   FROM    VALUE  DATE(S)
                                          NORMAL
................................................................
TEMPERATURE (F)
RECORD
 HIGH              98   11/04/1988
 LOW               27   11/28/2011
HIGHEST            89   11/07        75      14       94  11/05
LOWEST             33   11/14        55     -22       38  11/23
AVG. MAXIMUM     71.8              76.0    -4.2     81.4
AVG. MINIMUM     53.7              56.2    -2.5     58.6
MEAN             62.7              66.1    -3.4     70.0
DAYS MAX >= 90      0               0.4    -0.4        6
DAYS MAX <= 32      0               0.0     0.0        0
DAYS MIN <= 32      0               0.1    -0.1        0
DAYS MIN <= 0       0               0.0     0.0        0

PRECIPITATION (INCHES)
RECORD
 MAXIMUM         8.64   1888
 MINIMUM            T   1949
TOTALS           3.20              1.97    1.23     0.23
DAILY AVG.       0.11              0.07    0.04     0.01
DAYS >= .01        10               6.0     4.0        2
DAYS >= .10         3               2.9     0.1        1
DAYS >= .50         2               1.1     0.9        0
DAYS >= 1.00        1               0.5     0.5        0
GREATEST
 24 HR. TOTAL    1.85   11/09 TO 11/09              0.21

SNOWFALL (INCHES)
RECORDS
 TOTAL              T   2018
 24 HR TOTAL        T   11/13/2018 TO 11/13/2018
TOTALS              TR              0.0     0.0      0.0
SINCE 7/1           T               0.0     0.0      0.0
SNOWDEPTH AVG.      0                 0       0        0
DAYS >= 1.0         0               0.0     0.0        0
GREATEST
 SNOW DEPTH         0   MM                             0
 24 HR TOTAL        TR  11/13 TO 11/13               0.0

DEGREE_DAYS
HEATING TOTAL     155                91      64       43
 SINCE 7/1        185               101      84       64
COOLING TOTAL      95               124     -29      200
 SINCE 1/1       3661              3475     186     3987
.................................................................

WIND (MPH)
AVERAGE WIND SPEED              10.9
HIGHEST WIND SPEED/DIRECTION    32/350    DATE  11/12
HIGHEST GUST SPEED/DIRECTION    42/350    DATE  11/12

SKY COVER
AVERAGE SKY COVER        0.70

AVERAGE RH (PERCENT)     73

WEATHER CONDITIONS. NUMBER OF DAYS WITH
THUNDERSTORM              2     MIXED PRECIP               0
HEAVY RAIN                2     RAIN                       3
LIGHT RAIN               12     FREEZING RAIN              0
LT FREEZING RAIN          0     HAIL                       0
HEAVY SNOW                0     SNOW                       0
LIGHT SNOW                0     SLEET                      1
FOG                      17     FOG W/VIS <= 1/4 MILE      5
HAZE                      2

-  INDICATES NEGATIVE NUMBERS.
R  INDICATES RECORD WAS SET OR TIED.
MM INDICATES DATA IS MISSING.
T  INDICATES TRACE AMOUNT.

$$

KW
