000
CXUS54 KCRP 011516
CLMCRP

CLIMATE REPORT
NATIONAL WEATHER SERVICE CORPUS CHRISTI TX
947 AM CDT FRI JUN 1 2018

...................................

...THE CORPUS CHRISTI CLIMATE SUMMARY FOR THE MONTH OF MAY 2018...

CLIMATE NORMAL PERIOD 1981 TO 2010
CLIMATE RECORD PERIOD 1887 TO 2018

WEATHER         OBSERVED          NORMAL  DEPART  LAST YEAR`S
                 VALUE   DATE(S)  VALUE   FROM    VALUE  DATE(S)
                                          NORMAL
................................................................
TEMPERATURE (F)
RECORD
 HIGH             103   05/10/2006
                        05/03/1984
 LOW               44   05/19/1888
HIGHEST            95   05/17        86       9       94  05/12
LOWEST             56   05/08        70     -14       52  05/05
AVG. MAXIMUM     90.1              86.6     3.5     87.5
AVG. MINIMUM     69.6              70.0    -0.4     68.7
MEAN             79.9              78.3     1.6     78.1
DAYS MAX >= 90     23               6.2    16.8        9
DAYS MAX <= 32      0               0.0     0.0        0
DAYS MIN <= 32      0               0.0     0.0        0
DAYS MIN <= 0       0               0.0     0.0        0

PRECIPITATION (INCHES)
RECORD
 MAXIMUM        14.32   2015
 MINIMUM         0.00   1998
TOTALS           0.68              3.07   -2.39     3.22
DAILY AVG.       0.02              0.10   -0.08     0.10
DAYS >= .01         4               6.0    -2.0        7
DAYS >= .10         1               4.0    -3.0        4
DAYS >= .50         1               1.8    -0.8        2
DAYS >= 1.00        0               1.1    -1.1        1
GREATEST
 24 HR. TOTAL    0.59   05/20 TO 05/20              2.09

SNOWFALL (INCHES)
RECORDS
 TOTAL            0.0   MM
 24 HR TOTAL      0.0   MM
TOTALS            0.0               0.0     0.0      0.0
SINCE 7/1         1.0               0.2     0.8      0.0
SNOWDEPTH AVG.      0                MM      MM        0
DAYS >= 1.0         0               0.0     0.0        0
GREATEST
 SNOW DEPTH         0   MM                             0
 24 HR TOTAL      0.0   05/31 TO 05/31               0.0

DEGREE_DAYS
HEATING TOTAL       0                 0       0        0
 SINCE 7/1        871               898     -27      368
COOLING TOTAL     470               413      57      415
 SINCE 1/1        992               841     151     1190
.................................................................

WIND (MPH)
AVERAGE WIND SPEED              12.0
HIGHEST WIND SPEED/DIRECTION    33/130    DATE  05/02
HIGHEST GUST SPEED/DIRECTION    41/140    DATE  05/02

SKY COVER
AVERAGE SKY COVER           0.50

AVERAGE RH (PERCENT)     76

WEATHER CONDITIONS. NUMBER OF DAYS WITH
THUNDERSTORM              2     MIXED PRECIP               0
HEAVY RAIN                1     RAIN                       1
LIGHT RAIN                6     FREEZING RAIN              0
LT FREEZING RAIN          0     HAIL                       0
HEAVY SNOW                0     SNOW                       0
LIGHT SNOW                0     SLEET                      0
FOG                      13     FOG W/VIS <= 1/4 MILE      1
HAZE                      0


-  INDICATES NEGATIVE NUMBERS.
R  INDICATES RECORD WAS SET OR TIED.
MM INDICATES DATA IS MISSING.
T  INDICATES TRACE AMOUNT.

$$

ANM
