000
CXUS51 KRLX 011617
CLMCRW


CLIMATE REPORT...CORRECTED FOR MONTHLY SNOW TOTAL
NATIONAL WEATHER SERVICE CHARLESTON WV
1215 PM EDT FRI JUN 1 2018

...................................

...THE CHARLESTON WV CLIMATE SUMMARY FOR THE MONTH OF FEBRUARY 2018...

CLIMATE NORMAL PERIOD 1981 TO 2010
CLIMATE RECORD PERIOD 1901 TO 2018

WEATHER         OBSERVED          NORMAL  DEPART  LAST YEAR`S
                 VALUE   DATE(S)  VALUE   FROM    VALUE  DATE(S)
                                          NORMAL
................................................................
TEMPERATURE (F)
RECORD
 HIGH              81   02/20/2018
 LOW              -12   02/05/1996
HIGHEST            81R  02/20                         80
LOWEST             11   02/03                         14
AVG. MAXIMUM     55.2              46.6     8.6     57.3
AVG. MINIMUM     35.5              28.7     6.8     34.2
MEAN             45.4              37.7     7.7     45.8
DAYS MAX >= 90      0               0.0     0.0        0
DAYS MAX <= 32      1               3.7    -2.7        0
DAYS MIN <= 32     13              18.2    -5.2       13
DAYS MIN <= 0       0               0.1    -0.1        0

PRECIPITATION (INCHES)
RECORD
 MAXIMUM         8.11   1887
 MINIMUM         0.64   1968
TOTALS           7.76              3.19    4.57     2.53
DAILY AVG.       0.28              0.11    0.17     0.09
DAYS >= .01        18              13.4     4.6       11
DAYS >= .10        15               7.5     7.5        5
DAYS >= .50         7               1.8     5.2        2
DAYS >= 1.00        1               0.4     0.6        0
GREATEST
 24 HR. TOTAL    1.36   02/16 TO 02/16              0.83

SNOWFALL (INCHES)
RECORDS
 TOTAL           25.6   2010
 24 HR TOTAL      7.1   MM
 SNOW DEPTH         8   02/19/2015
                        02/17/2015
TOTALS            0.8               9.8    -9.0        T
SINCE 7/1        10.4              29.2   -18.8      7.5
SNOWDEPTH AVG.      0                                  0
DAYS >= TRACE       8               6.7     1.3        2
DAYS >= 1.0         0               3.0    -3.0        0
GREATEST
 SNOW DEPTH         0   MM                             0  MM
 24 HR TOTAL      0.4   02/01 TO 02/01                 T

DEGREE_DAYS
HEATING TOTAL     552               766    -214      532
 SINCE 7/1       3271              3454    -183     2707
COOLING TOTAL       9                 0       9        0
 SINCE 1/1          9                 0       9        0
.................................................................

WIND (MPH)
AVERAGE WIND SPEED              5.2
HIGHEST WIND SPEED/DIRECTION    29/210    DATE  02/04
HIGHEST GUST SPEED/DIRECTION    40/300    DATE  02/05

SKY COVER
POSSIBLE SUNSHINE (PERCENT)   MM
AVERAGE SKY COVER           0.80
NUMBER OF DAYS FAIR            2
NUMBER OF DAYS PC              9
NUMBER OF DAYS CLOUDY         17

AVERAGE RH (PERCENT)     76

WEATHER CONDITIONS. NUMBER OF DAYS WITH
  0
 10
  0
  0
  2
  2
  1
HAZE                      1

-  INDICATES NEGATIVE NUMBERS.
R  INDICATES RECORD WAS SET OR TIED.
MM INDICATES DATA IS MISSING.
T  INDICATES TRACE AMOUNT.

$$
