100
CXUS51 KRLX 020936
CLMCRW


CLIMATE REPORT
NATIONAL WEATHER SERVICE CHARLESTON WV
435 AM EST SUN DEC 2 2018

...................................

...THE CHARLESTON WV CLIMATE SUMMARY FOR THE MONTH OF NOVEMBER 2018...

CLIMATE NORMAL PERIOD 1981 TO 2010
CLIMATE RECORD PERIOD 1901 TO 2018

WEATHER         OBSERVED          NORMAL  DEPART  LAST YEAR`S
                 VALUE   DATE(S)  VALUE   FROM    VALUE
                                          NORMAL
.............................................................
TEMPERATURE (F)
RECORD
 HIGH              87   11/23/1931
                        11/17/1931
 LOW                6   11/25/1950
                        11/30/1929
HIGHEST            73   11/01                         79
LOWEST             20   11/29                         22
                        11/11
AVG. MAXIMUM     51.1              57.0    -5.9     58.2
AVG. MINIMUM     34.0              36.9    -2.9     35.4
MEAN             42.5              47.0    -4.5     46.8
DAYS MAX >= 90      0               0.0     0.0        0
DAYS MAX <= 32      2               0.4     1.6        0
DAYS MIN <= 32     14              10.9     3.1       12
DAYS MIN <= 0       0               0.0     0.0        0

PRECIPITATION (INCHES)
RECORD
 MAXIMUM         9.12   2003
 MINIMUM         0.45   1904
TOTALS           4.31              3.73    0.58     1.62
DAILY AVG.       0.14              0.12    0.02     0.05
DAYS >= .01        16              11.7     4.3       10
DAYS >= .10        11               6.8     4.2        3
DAYS >= .50         3               2.7     0.3        1
DAYS >= 1.00        1               0.8     0.2        0
GREATEST
 24 HR. TOTAL    1.19   11/15 TO 11/15

SNOWFALL (INCHES)
RECORDS
 TOTAL           25.8   1950
 24 HR TOTAL     12.6   11/24/1950 TO 11/24/1950
 SNOW DEPTH        19   11/26/1950
TOTALS            2.0               1.3     0.7      0.0
SINCE 7/1         2.0               1.4     0.6      0.0
SNOWDEPTH AVG.      0
DAYS >= TRACE       6               1.6     4.4        0
DAYS >= 1.0         1               0.4     0.6        0
GREATEST
 24 HR TOTAL      1.9   11/27 TO 11/27

DEGREE_DAYS
HEATING TOTAL     666               544     122      537
 SINCE 7/1        982               884      98      786
COOLING TOTAL       0                 2      -2        1
 SINCE 1/1       1576              1096     480     1138
..............................................................

WIND (MPH)
AVERAGE WIND SPEED              5.2
HIGHEST WIND SPEED/DIRECTION    28/220    DATE  11/26
HIGHEST GUST SPEED/DIRECTION    48/260    DATE  11/06

SKY COVER
POSSIBLE SUNSHINE (PERCENT)   MM
AVERAGE SKY COVER           0.70
NUMBER OF DAYS FAIR            2
NUMBER OF DAYS PC             12
NUMBER OF DAYS CLOUDY         16

AVERAGE RH (PERCENT)     76

WEATHER CONDITIONS. NUMBER OF DAYS WITH
  0
  9
  0
  0
  1
  4
  4
HAZE                      1

-  INDICATES NEGATIVE NUMBERS.
R  INDICATES RECORD WAS SET OR TIED.
MM INDICATES DATA IS MISSING.
T  INDICATES TRACE AMOUNT.

$$
