000
CXUS52 KCAE 012223
CLMCUB


CLIMATE REPORT
NATIONAL WEATHER SERVICE COLUMBIA SC
555 PM EDT MON OCT 1 2018

...................................

...THE HAMILTON - OWENS AIRPORT SC CLIMATE SUMMARY FOR THE MONTH OF SEPTEMBER 2018...

CLIMATE NORMAL PERIOD 1981 TO 2010
CLIMATE RECORD PERIOD 9999 TO 9999

WEATHER         OBSERVED          NORMAL  DEPART
                 VALUE   DATE(S)  VALUE   FROM
                                          NORMAL
................................................
TEMPERATURE (F)
HIGHEST            96   09/07        MM      MM
                        09/06
                        09/01
LOWEST             68   09/23        MM      MM
                        09/22
                        09/20
AVG. MAXIMUM     90.1              85.7     4.4
AVG. MINIMUM     72.6              66.0     6.6
MEAN             81.3              75.8     5.5
DAYS MAX >= 90     18               7.2    10.8
DAYS MAX <= 32      0               0.0     0.0
DAYS MIN <= 32      0               0.0     0.0
DAYS MIN <= 0       0               0.0     0.0

PRECIPITATION (INCHES)
TOTALS           6.81              4.04    2.77
DAYS >= .01        10                MM      MM
DAYS >= .10         7                MM      MM
DAYS >= .50         5                MM      MM
DAYS >= 1.00        4                MM      MM
GREATEST
 24 HR. TOTAL    1.61   09/17 TO 09/17

SNOWFALL (INCHES)
DAYS >= TRACE       0

DEGREE_DAYS
HEATING TOTAL       0                 3      -3
 SINCE 7/1          0                 3      -3
COOLING TOTAL     495               329     166
 SINCE 1/1       2564              2147     417
.................................................

WIND (MPH)
AVERAGE WIND SPEED              3.1
RESULTANT WIND SPEED/DIRECTION   1/110
HIGHEST WIND SPEED/DIRECTION    20/220    DATE  09/17
HIGHEST GUST SPEED/DIRECTION    32/340    DATE  09/15

SKY COVER
POSSIBLE SUNSHINE (PERCENT)   MM
AVERAGE SKY COVER           0.30
NUMBER OF DAYS FAIR           22
NUMBER OF DAYS PC              6
NUMBER OF DAYS CLOUDY          2

AVERAGE RH (PERCENT)     70

WEATHER CONDITIONS. NUMBER OF DAYS WITH
THUNDERSTORM              8     MIXED PRECIP               0
HEAVY RAIN                8     RAIN                       8
LIGHT RAIN               12     FREEZING RAIN              0
LT FREEZING RAIN          0     HAIL                       0
HEAVY SNOW                0     SNOW                       0
LIGHT SNOW                0     SLEET                      0
FOG                      17     FOG W/VIS <= 1/4 MILE      1
HAZE                      8


-  INDICATES NEGATIVE NUMBERS.
R  INDICATES RECORD WAS SET OR TIED.
MM INDICATES DATA IS MISSING.
T  INDICATES TRACE AMOUNT.

$$
