000
CXUS53 KUNR 011603
CLMCUT


CLIMATE REPORT
NATIONAL WEATHER SERVICE RAPID CITY SD
1002 AM MDT SUN JUL 1 2018

...................................

...THE CUSTER COUNTY AIRPORT SD CLIMATE SUMMARY FOR THE MONTH OF JUNE 2018...

CLIMATE NORMAL PERIOD 1981 TO 2010
CLIMATE RECORD PERIOD 9999 TO 9999

WEATHER         OBSERVED          NORMAL  DEPART  LAST YEAR`S
                 VALUE   DATE(S)  VALUE   FROM    VALUE  DATE(S)
                                          NORMAL
................................................................
TEMPERATURE (F)
HIGHEST            92   06/14                         88  06/21
LOWEST             39   06/13                         36  06/25
                        06/03
AVG. MAXIMUM     73.0              70.7     2.3     73.7
AVG. MINIMUM     49.1              46.3     2.8     46.9
MEAN             61.0              58.5     2.5     60.3
DAYS MAX >= 90      1                                  0
DAYS MAX <= 32      0                                  0
DAYS MIN <= 32      0                                  0
DAYS MIN <= 0       0                                  0

PRECIPITATION (INCHES)
TOTALS           5.90              3.22    2.68     1.34
DAILY AVG.       0.20              0.11    0.09     0.04
DAYS >= .01        14                                 10
DAYS >= .10        10                                  2
DAYS >= .50         5                                  1
DAYS >= 1.00        2                                  0
GREATEST
 24 HR. TOTAL    1.35   06/19 TO 06/19              0.56

DEGREE_DAYS
HEATING TOTAL     145               220     -75      155
 SINCE 7/1       8139              8389    -250     7599
COOLING TOTAL      34                25       9       20
 SINCE 1/1         35                26       9       20
.................................................................

WIND (MPH)
AVERAGE WIND SPEED              6.8
HIGHEST WIND SPEED/DIRECTION    31/250    DATE  06/01
HIGHEST GUST SPEED/DIRECTION    47/250    DATE  06/01

AVERAGE RH (PERCENT)     63

WEATHER CONDITIONS. NUMBER OF DAYS WITH
THUNDERSTORM              9     MIXED PRECIP               0
HEAVY RAIN                6     RAIN                      10
LIGHT RAIN               14     FREEZING RAIN              0
LT FREEZING RAIN          0     HAIL                       0
HEAVY SNOW                0     SNOW                       0
LIGHT SNOW                0     SLEET                      0
FOG                      18     FOG W/VIS <= 1/4 MILE      6
HAZE                      3

-  INDICATES NEGATIVE NUMBERS.
R  INDICATES RECORD WAS SET OR TIED.
MM INDICATES DATA IS MISSING.
T  INDICATES TRACE AMOUNT.

$$
