000
CXUS52 KCHS 011433
CLMCXM

CAECLMCXM 000
TTAA00 KCHS 011429


CLIMATE REPORT
NATIONAL WEATHER SERVICE CHARLESTON SC
928 AM EST SAT DEC 1 2018

...................................

...THE DOWNTOWN CHARLESTON SC CLIMATE SUMMARY FOR THE MONTH OF
NOVEMBER 2018...

CLIMATE NORMAL PERIOD 1981 TO 2010
CLIMATE RECORD PERIOD 1870 TO 2018

WEATHER         OBSERVED          NORMAL  DEPART  LAST YEAR`S
                 VALUE   DATE(S)  VALUE   FROM    VALUE  DATE(S)
                                          NORMAL
................................................................
TEMPERATURE (F)
RECORD
 HIGH              87   11/01/1961
 LOW               17   11/25/1950
HIGHEST            78   11/06                         79  11/07
LOWEST             33   11/28                         46  11/25
                                                          11/24
                                                          11/20
AVG. MAXIMUM     66.3              67.3    -1.0     67.1
AVG. MINIMUM     52.6              53.6    -1.0     53.7
MEAN             59.5              60.5    -1.0     60.4
DAYS MAX >= 90      0               0.0     0.0        0
DAYS MAX <= 32      0               0.0     0.0        0
DAYS MIN <= 32      0               0.0     0.0        0
DAYS MIN <= 0       0               0.0     0.0        0

PRECIPITATION (INCHES)
RECORD
 MAXIMUM         7.17   2015
 MINIMUM         0.00   2007
TOTALS           4.35              2.19    2.16     0.79
DAYS >= .01        15               6.2     8.8        3
DAYS >= .10         7               3.8     3.2        3
DAYS >= .50         3               1.3     1.7        0
DAYS >= 1.00        1               0.5     0.5        0
GREATEST
 24 HR. TOTAL    1.21   11/15

DEGREE_DAYS
HEATING TOTAL     197               172      25      165
 SINCE 7/1        213               213       0      203
.................................................................

WIND (MPH)
AVERAGE WIND SPEED              7.5
HIGHEST WIND SPEED/DIRECTION    22/030
HIGHEST GUST SPEED/DIRECTION    29/050



-  INDICATES NEGATIVE NUMBERS.
R  INDICATES RECORD WAS SET OR TIED.
MM INDICATES DATA IS MISSING.
T  INDICATES TRACE AMOUNT.

&&

RECORDS ESTABLISHED IN DOWNTOWN CHARLESTON DURING THE MONTH:

*NOV 15 - RECORD PRECIPITATION OF 1.21 INCHES

$$
