000
CXUS56 KSGX 012143
CLMCZZ


CLIMATE REPORT
NATIONAL WEATHER SERVICE SAN DIEGO, CA
142 PM PST FRI FEB 1 2019

...................................

...THE CAMPO ASOS CA CLIMATE SUMMARY FOR THE MONTH OF JANUARY 2019...

CLIMATE NORMAL PERIOD 1981 TO 2010
CLIMATE RECORD PERIOD 1948 TO 2019

WEATHER         OBSERVED          NORMAL  DEPART  LAST YEAR`S
                 VALUE   DATE(S)  VALUE   FROM    VALUE  DATE(S)
                                          NORMAL
................................................................
TEMPERATURE (F)
RECORD
 HIGH              89   01/07/2004
 LOW               10   01/29/1979
HIGHEST            76   01/28        62      14       79  01/30
LOWEST             28   01/22        34      -6       25  01/25
                        01/02
                        01/01
AVG. MAXIMUM     61.7              62.9    -1.2     67.8
AVG. MINIMUM     36.9              34.2     2.7     39.3
MEAN             49.3              48.5     0.8     53.5
DAYS MAX >= 90      0               0.0     0.0        0
DAYS MAX <= 32      0               0.0     0.0        0
DAYS MIN <= 32      7              13.4    -6.4        7
DAYS MIN <= 0       0               0.0     0.0        0

PRECIPITATION (INCHES)
RECORD
 MAXIMUM        18.61   1993
 MINIMUM         0.00   1985
TOTALS           2.22              2.98   -0.76     2.16
DAILY AVG.       0.07              0.10   -0.03     0.07
DAYS >= .01         9               6.9     2.1        5
DAYS >= .10         7               4.7     2.3        1
DAYS >= .50         1               1.9    -0.9        1
DAYS >= 1.00        0               0.9    -0.9        1
GREATEST
 24 HR. TOTAL    0.63   01/14 TO 01/14           01/09 TO 01/09
                                                          01/31 TO 01/31EATHER         OBSERVED          NORMAL  DEPART  LAST YEAR`S
                                                          01/31 TO 01/31EATHER         OBSERVED          NORMAL  DEPART  LAST YEAR`S
 STORM TOTAL       MM                                 MM
 (MM/DD(HH))            MM                    01/09(00) TO 01/09(00)
                                                 01/31(00) TO 01/31(00)1EATHER         OBSERVED          NORMAL  DEPART  LAST YEAR`S
                                                 01/31(00) TO 01/31(00)1EATHER         OBSERVED          NORMAL  DEPART  LAST YEAR`S

DEGREE_DAYS
HEATING TOTAL     478               510     -32      348
 SINCE 7/1       1396              1616    -220     1136
COOLING TOTAL       0                 0       0        0
 SINCE 1/1          0                 0       0        0

FREEZE DATES
RECORD
 EARLIEST     08/25/1978
 LATEST       06/23/1991
EARLIEST                        10/16
LATEST                          05/19
.................................................................

WIND (MPH)
AVERAGE WIND SPEED              8.5
RESULTANT WIND SPEED/DIRECTION   4/058
HIGHEST WIND SPEED/DIRECTION    39/060    DATE  01/26
HIGHEST GUST SPEED/DIRECTION    48/050    DATE  01/26

AVERAGE RH (PERCENT)     56


-  INDICATES NEGATIVE NUMBERS.
R  INDICATES RECORD WAS SET OR TIED.
MM INDICATES DATA IS MISSING.
T  INDICATES TRACE AMOUNT.

$$
