000
CXUS56 KSGX 020741
CLMCZZ


CLIMATE REPORT
NATIONAL WEATHER SERVICE SAN DIEGO, CA
1241 AM PDT TUE OCT 2 2018

...................................

...THE CAMPO ASOS CA CLIMATE SUMMARY FOR THE MONTH OF SEPTEMBER 2018...

CLIMATE NORMAL PERIOD 1981 TO 2010
CLIMATE RECORD PERIOD 1948 TO 2018

WEATHER         OBSERVED          NORMAL  DEPART  LAST YEAR`S
                 VALUE   DATE(S)  VALUE   FROM    VALUE  DATE(S)
                                          NORMAL
................................................................
TEMPERATURE (F)
RECORD
 HIGH             107   09/02/1982
                        09/01/1950
 LOW               29   09/18/1973
                        09/28/1971
                        09/19/1955
HIGHEST           101   09/08        89      12      100  09/01
LOWEST             45   09/19        49      -4       38  09/24
                        09/11                             09/23
AVG. MAXIMUM     91.0              89.6     1.4     83.6
AVG. MINIMUM     51.3              48.7     2.6     50.3
MEAN             71.2              69.1     2.1     67.0
DAYS MAX >= 90     19              17.6     1.4        8
DAYS MAX <= 32      0               0.0     0.0        0
DAYS MIN <= 32      0               0.1    -0.1        0
DAYS MIN <= 0       0               0.0     0.0        0

PRECIPITATION (INCHES)
RECORD
 MAXIMUM         2.85   1976
 MINIMUM         0.00   2009
                        2008
                        1994
TOTALS           0.00R             0.34   -0.34     0.21
DAILY AVG.       0.00              0.01   -0.01     0.01
DAYS >= .01         0               2.1    -2.1        1
DAYS >= .10         0               0.9    -0.9        1
DAYS >= .50         0               0.2    -0.2        0
DAYS >= 1.00        0               0.0     0.0        0
GREATEST
 24 HR. TOTAL    0.00   09/30 TO 09/30           09/09 TO 09/09
                                                          09/30 TO 09/30EATHER         OBSERVED          NORMAL  DEPART  LAST YEAR`S
                                                          09/30 TO 09/30EATHER         OBSERVED          NORMAL  DEPART  LAST YEAR`S
 STORM TOTAL       MM                                 MM
 (MM/DD(HH))            MM                    09/09(00) TO 09/09(00)
                                                 09/30(00) TO 09/30(00)0EATHER         OBSERVED          NORMAL  DEPART  LAST YEAR`S
                                                 09/30(00) TO 09/30(00)0EATHER         OBSERVED          NORMAL  DEPART  LAST YEAR`S

DEGREE_DAYS
HEATING TOTAL       0                36     -36       70
 SINCE 7/1          0                50     -50       74
COOLING TOTAL     191               161      30      136
 SINCE 1/1       1056               811     245     1013

FREEZE DATES
RECORD
 EARLIEST     08/25/1978
 LATEST       06/23/1991
EARLIEST                        10/16
LATEST                          05/19
.................................................................

WIND (MPH)
AVERAGE WIND SPEED              7.7
RESULTANT WIND SPEED/DIRECTION   2/212
HIGHEST WIND SPEED/DIRECTION    24/080    DATE  09/26
HIGHEST GUST SPEED/DIRECTION    33/060    DATE  09/26

AVERAGE RH (PERCENT)     43


-  INDICATES NEGATIVE NUMBERS.
R  INDICATES RECORD WAS SET OR TIED.
MM INDICATES DATA IS MISSING.
T  INDICATES TRACE AMOUNT.

$$
