000
CXUS56 KSGX 012059
CLMCZZ


CLIMATE REPORT
NATIONAL WEATHER SERVICE SAN DIEGO, CA
159 PM PDT FRI JUN 1 2018

...................................

...THE CAMPO ASOS CA CLIMATE SUMMARY FOR THE MONTH OF MAY 2018...

CLIMATE NORMAL PERIOD 1981 TO 2010
CLIMATE RECORD PERIOD 1948 TO 2018

WEATHER         OBSERVED          NORMAL  DEPART  LAST YEAR`S
                 VALUE   DATE(S)  VALUE   FROM    VALUE  DATE(S)
                                          NORMAL
................................................................
TEMPERATURE (F)
RECORD
 HIGH             102   05/28/2003
                        05/29/1984
 LOW               25   05/06/1975
HIGHEST            93   05/09        78      15       96  05/23
                        05/05
LOWEST             32   05/14        41      -9       36  05/01
AVG. MAXIMUM     74.9              79.7    -4.8     75.6
AVG. MINIMUM     44.1              41.8     2.3     44.0
MEAN             59.5              60.7    -1.2     59.8
DAYS MAX >= 90      3               4.7    -1.7        5
DAYS MAX <= 32      0               0.0     0.0        0
DAYS MIN <= 32      1               1.3    -0.3        0
DAYS MIN <= 0       0               0.0     0.0        0

PRECIPITATION (INCHES)
RECORD
 MAXIMUM         2.60   1957
 MINIMUM         0.00   2012
                        2010
                        2009
TOTALS           0.05              0.18   -0.13     0.89
DAILY AVG.       0.00              0.01   -0.01     0.03
DAYS >= .01         1               1.5    -0.5        5
DAYS >= .10         0               0.5    -0.5        1
DAYS >= .50         0               0.1    -0.1        1
DAYS >= 1.00        0               0.0     0.0        0
GREATEST
 24 HR. TOTAL    0.05   05/02 TO 05/02           05/07 TO 05/07
                                                          05/31 TO 05/31EATHER         OBSERVED          NORMAL  DEPART  LAST YEAR`S
                                                          05/31 TO 05/31EATHER         OBSERVED          NORMAL  DEPART  LAST YEAR`S
 STORM TOTAL       MM                                 MM
 (MM/DD(HH))            MM                    05/07(00) TO 05/07(00)
                                                 05/31(00) TO 05/31(00)1EATHER         OBSERVED          NORMAL  DEPART  LAST YEAR`S
                                                 05/31(00) TO 05/31(00)1EATHER         OBSERVED          NORMAL  DEPART  LAST YEAR`S

DEGREE_DAYS
HEATING TOTAL     176               159      17      179
 SINCE 7/1       2468              2927    -459     2667
COOLING TOTAL      13                27     -14       25
 SINCE 1/1         13                30     -17       27

FREEZE DATES
RECORD
 EARLIEST     08/25/1978
 LATEST       06/23/1991
EARLIEST                        10/16
LATEST                          05/19
.................................................................

WIND (MPH)
AVERAGE WIND SPEED              9.1
RESULTANT WIND SPEED/DIRECTION   6/224
HIGHEST WIND SPEED/DIRECTION    25/210    DATE  05/29
HIGHEST GUST SPEED/DIRECTION    33/230    DATE  05/19

AVERAGE RH (PERCENT)     62


-  INDICATES NEGATIVE NUMBERS.
R  INDICATES RECORD WAS SET OR TIED.
MM INDICATES DATA IS MISSING.
T  INDICATES TRACE AMOUNT.

$$
