804
CXUS53 KUNR 011603
CLMD07


CLIMATE REPORT
NATIONAL WEATHER SERVICE RAPID CITY SD
902 AM MST SAT DEC 1 2018

...................................

...THE FAITH SD CLIMATE SUMMARY FOR THE MONTH OF NOVEMBER 2018...

CLIMATE NORMAL PERIOD 1981 TO 2010
CLIMATE RECORD PERIOD 9999 TO 9999

WEATHER         OBSERVED          NORMAL  DEPART  LAST YEAR`S
                 VALUE   DATE(S)  VALUE   FROM    VALUE  DATE(S)
                                          NORMAL
................................................................
TEMPERATURE (F)
HIGHEST            63   11/14                         76  11/23
LOWEST             -4   11/09                          8  11/21
                                                          11/07
AVG. MAXIMUM     39.8              42.7    -2.9     46.5
AVG. MINIMUM     20.5              21.7    -1.2     24.1
MEAN             30.1              32.2    -2.1     35.3
DAYS MAX >= 90      0                                  0
DAYS MAX <= 32      9                                  4
DAYS MIN <= 32     29                                 24
DAYS MIN <= 0       1                                  0

PRECIPITATION (INCHES)
TOTALS           0.65              0.53    0.12     0.18
DAILY AVG.       0.02              0.02    0.00     0.01
DAYS >= .01        10                                  6
DAYS >= .10         2                                  0
DAYS >= .50         0                                  0
DAYS >= 1.00        0                                  0
GREATEST
 24 HR. TOTAL    0.32   11/02 TO 11/02              0.08

DEGREE_DAYS
HEATING TOTAL    1039               984      55      884
 SINCE 7/1       1943              1783     160     1623
COOLING TOTAL       0                 0       0        0
 SINCE 1/1        688               635      53      756
.................................................................

WIND (MPH)
AVERAGE WIND SPEED              11.6
HIGHEST WIND SPEED/DIRECTION    36/310    DATE  11/15
HIGHEST GUST SPEED/DIRECTION    48/310    DATE  11/15

AVERAGE RH (PERCENT)     78


-  INDICATES NEGATIVE NUMBERS.
R  INDICATES RECORD WAS SET OR TIED.
MM INDICATES DATA IS MISSING.
T  INDICATES TRACE AMOUNT.

$$
