000
CXUS53 KUNR 011612
CLMD07


CLIMATE REPORT
NATIONAL WEATHER SERVICE RAPID CITY SD
1010 AM MDT FRI JUN 1 2018

...................................

...THE FAITH SD CLIMATE SUMMARY FOR THE MONTH OF MAY 2018...

CLIMATE NORMAL PERIOD 1981 TO 2010
CLIMATE RECORD PERIOD 9999 TO 9999

WEATHER         OBSERVED          NORMAL  DEPART  LAST YEAR`S
                 VALUE   DATE(S)  VALUE   FROM    VALUE  DATE(S)
                                          NORMAL
................................................................
TEMPERATURE (F)
HIGHEST            88   05/26                         89  05/07
LOWEST             37   05/10                         31  05/21
AVG. MAXIMUM     72.6              66.9     5.7     69.6
AVG. MINIMUM     49.9              43.2     6.7     42.9
MEAN             61.2              55.0     6.2     56.2
DAYS MAX >= 90      0                                  0
DAYS MAX <= 32      0                                  0
DAYS MIN <= 32      0                                  1
DAYS MIN <= 0       0                                  0

PRECIPITATION (INCHES)
TOTALS           2.68              3.07   -0.39     1.21
DAILY AVG.       0.09              0.10   -0.01     0.04
DAYS >= .01         8                                  5
DAYS >= .10         7                                  2
DAYS >= .50         1                                  1
DAYS >= 1.00        0                                  0
GREATEST
 24 HR. TOTAL    0.86   05/17 TO 05/17              0.91

DEGREE_DAYS
HEATING TOTAL     155               320    -165      276
 SINCE 7/1       8115              7619     496     7100
COOLING TOTAL      54                11      43       12
 SINCE 1/1         54                12      42       12
.................................................................

WIND (MPH)
AVERAGE WIND SPEED              11.0
HIGHEST WIND SPEED/DIRECTION    54/250    DATE  05/17
HIGHEST GUST SPEED/DIRECTION    68/260    DATE  05/17

AVERAGE RH (PERCENT)     71


-  INDICATES NEGATIVE NUMBERS.
R  INDICATES RECORD WAS SET OR TIED.
MM INDICATES DATA IS MISSING.
T  INDICATES TRACE AMOUNT.

$$
