000
CXUS53 KUNR 011608
CLMD07


CLIMATE REPORT
NATIONAL WEATHER SERVICE RAPID CITY SD
1005 AM MDT SAT SEP 1 2018

...................................

...THE FAITH SD CLIMATE SUMMARY FOR THE MONTH OF AUGUST 2018...

CLIMATE NORMAL PERIOD 1981 TO 2010
CLIMATE RECORD PERIOD 9999 TO 9999

WEATHER         OBSERVED          NORMAL  DEPART  LAST YEAR`S
                 VALUE   DATE(S)  VALUE   FROM    VALUE  DATE(S)
                                          NORMAL
................................................................
TEMPERATURE (F)
HIGHEST           102   08/11                         98  08/19
LOWEST             44   08/29                         47  08/04
AVG. MAXIMUM     85.3              85.4    -0.1     82.3
AVG. MINIMUM     56.0              58.1    -2.1     54.7
MEAN             70.5              71.7    -1.2     68.5
DAYS MAX >= 90     12                                  4
DAYS MAX <= 32      0                                  0
DAYS MIN <= 32      0                                  0
DAYS MIN <= 0       0                                  0

PRECIPITATION (INCHES)
TOTALS           0.61              1.63   -1.02     1.06
DAILY AVG.       0.02              0.05   -0.03     0.03
DAYS >= .01         9                                 10
DAYS >= .10         3                                  2
DAYS >= .50         0                                  0
DAYS >= 1.00        0                                  0
GREATEST
 24 HR. TOTAL    0.19   08/18 TO 08/18              0.38

DEGREE_DAYS
HEATING TOTAL      38                21      17       12
 SINCE 7/1         38                33       5       12
COOLING TOTAL     202               230     -28      128
 SINCE 1/1        623               575      48      664
.................................................................

WIND (MPH)
AVERAGE WIND SPEED              10.8
HIGHEST WIND SPEED/DIRECTION    49/300    DATE  08/03
HIGHEST GUST SPEED/DIRECTION    65/300    DATE  08/03

AVERAGE RH (PERCENT)     58


-  INDICATES NEGATIVE NUMBERS.
R  INDICATES RECORD WAS SET OR TIED.
MM INDICATES DATA IS MISSING.
T  INDICATES TRACE AMOUNT.

$$
