000
CXUS51 KRNK 020219
CLMDAN


CLIMATE REPORT
NATIONAL WEATHER SERVICE BLACKSBURG VA
852 PM EST SAT DEC 1 2018

...................................

...THE DANVILLE VA CLIMATE SUMMARY FOR THE MONTH OF NOVEMBER 2018...

CLIMATE NORMAL PERIOD 1981 TO 2010
CLIMATE RECORD PERIOD 1916 TO 2018

WEATHER         OBSERVED          NORMAL  DEPART  LAST YEAR`S
                 VALUE   DATE(S)  VALUE   FROM    VALUE
                                          NORMAL
.............................................................
TEMPERATURE (F)
RECORD
 HIGH              87   11/01/1950
 LOW               15   11/19/2014
                        11/25/2013
                        11/25/1970
HIGHEST            72   11/07                         81
                        11/01
LOWEST             22   11/29                         23
AVG. MAXIMUM     54.8              60.2    -5.4     60.5
AVG. MINIMUM     35.8              38.3    -2.5     34.2
MEAN             45.3              49.2    -3.9     47.3
DAYS MAX >= 90      0               0.0     0.0        0
DAYS MAX <= 32      0               0.0     0.0        0
DAYS MIN <= 32     13               8.5     4.5       19
DAYS MIN <= 0       0               0.0     0.0        0

PRECIPITATION (INCHES)
RECORD
 MAXIMUM         8.52   1948
 MINIMUM         0.28   2001
TOTALS           8.29              3.36    4.93     2.07
DAILY AVG.       0.28              0.11    0.17     0.07
DAYS >= .01        14               8.9     5.1       10
DAYS >= .10         8               5.3     2.7        5
DAYS >= .50         7               2.3     4.7        1
DAYS >= 1.00        4               1.0     3.0        0
GREATEST
 24 HR. TOTAL    2.71                               0.52

SNOWFALL (INCHES)
TOTALS              T                                0.0
DAYS >= TRACE       1                                  0
DAYS >= 1.0         0                                  0
GREATEST
 24 HR TOTAL        T                                0.0

DEGREE_DAYS
HEATING TOTAL     583               476     107      523
COOLING TOTAL       0                 3      -3        0
..............................................................

WIND (MPH)
AVERAGE WIND SPEED              5.4
HIGHEST WIND SPEED/DIRECTION    22/240    DATE  11/26
HIGHEST GUST SPEED/DIRECTION    29/300    DATE  11/26

SKY COVER
AVERAGE SKY COVER           0.50

AVERAGE RH (PERCENT)     74

WEATHER CONDITIONS. NUMBER OF DAYS WITH
THUNDERSTORM              0     MIXED PRECIP                 0
HEAVY RAIN                6     RAIN                         8
LIGHT RAIN               15     FREEZING RAIN                0
LIGHT FREEZING RAIN       0     HAIL                         0
HEAVY SNOW                0     SNOW                         0
LIGHT SNOW                1     SLEET                        1
FOG                      15     FOG W/VIS <= 1/4 MILE        5
HAZE                      0

-  INDICATES NEGATIVE NUMBERS.
R  INDICATES RECORD WAS SET OR TIED.
MM INDICATES DATA IS MISSING.
T  INDICATES TRACE AMOUNT.

$$

RAB
