600
CXUS51 KILN 011305
CLMDAY


CLIMATE REPORT
NATIONAL WEATHER SERVICE WILMINGTON OH
853 AM EDT SUN JUL 1 2018

...................................

...THE DAYTON CLIMATE SUMMARY FOR THE MONTH OF JUNE 2018...

CLIMATE NORMAL PERIOD 1981 TO 2010
CLIMATE RECORD PERIOD 1869 TO 2018

WEATHER         OBSERVED          NORMAL  DEPART  LAST YEAR`S
                 VALUE   DATE(S)  VALUE   FROM    VALUE  DATE(S)
                                          NORMAL
................................................................
TEMPERATURE (F)
RECORD
 HIGH             102   06/28/2012
                        06/25/1988
                        06/28/1944
 LOW               40   06/05/1990
                        06/11/1972
                        06/03/1929
HIGHEST            92   06/30        81      11       91  06/12
                        06/18
                        06/17
LOWEST             50   06/06        60     -10       48  06/08
AVG. MAXIMUM     82.5              80.2     2.3     81.1
AVG. MINIMUM     64.2              60.9     3.3     60.1
MEAN             73.3              70.6     2.7     70.6
DAYS MAX >= 90      4               1.6     2.4        1
DAYS MAX <= 32      0               0.0     0.0        0
DAYS MIN <= 32      0               0.0     0.0        0
DAYS MIN <= 0       0               0.0     0.0        0

PRECIPITATION (INCHES)
TOTALS           3.06              4.17   -1.11     7.43
DAILY AVG.       0.10              0.14   -0.04     0.25
DAYS >= .01        14              11.8     2.2       10
DAYS >= .10         9               7.3     1.7        6
DAYS >= .50         2               2.8    -0.8        3
DAYS >= 1.00        1               0.9     0.1        3
GREATEST
 24 HR. TOTAL    1.05   06/08 TO 06/08

SNOWFALL (INCHES)
TOTALS            0.0               0.0     0.0      0.0
SINCE 7/1        26.7              23.3     3.4      8.5
DAYS >= TRACE       0               0.0     0.0        0
DAYS >= 1.0         0               0.0     0.0        0
GREATEST
 24 HR TOTAL      0.0   06/30 TO 06/30

DEGREE_DAYS
HEATING TOTAL       4                22     -18       14
 SINCE 7/1       5571              5642     -71     4569
COOLING TOTAL     261               190      71      188
 SINCE 1/1        464               260     204      280
.................................................................

WIND (MPH)
AVERAGE WIND SPEED              8.0
RESULTANT WIND SPEED/DIRECTION   3/232
HIGHEST WIND SPEED/DIRECTION    30/300    DATE  06/09
HIGHEST GUST SPEED/DIRECTION    37/300    DATE  06/03

SKY COVER
AVERAGE SKY COVER           0.60

AVERAGE RH (PERCENT)     77

WEATHER CONDITIONS. NUMBER OF DAYS WITH
THUNDERSTORM             11     MIXED PRECIP                0
HEAVY RAIN                4     RAIN                        5
LIGHT RAIN               14     FREEZING RAIN               0
LT FREEZING RAIN          0     HAIL                        0
HEAVY SNOW                0     SNOW                        0
LIGHT SNOW                0     SLEET                       0
FOG                      17     FOG W/VIS <= 1/4 MILE       1
HAZE                      2

-  INDICATES NEGATIVE NUMBERS.
R  INDICATES RECORD WAS SET OR TIED.
MM INDICATES DATA IS MISSING.
T  INDICATES TRACE AMOUNT.

$$
