000
CXUS53 KDVN 011158
CLMDBQ

CLIMATE REPORT
NATIONAL WEATHER SERVICE QUAD CITIES IA IL
435 AM CST SAT DEC 1 2018

...................................

...THE DUBUQUE CLIMATE SUMMARY FOR THE MONTH OF NOVEMBER 2018...

CLIMATE NORMAL PERIOD 1981 TO 2010
CLIMATE RECORD PERIOD 1873 TO 2018

WEATHER         OBSERVED          NORMAL  DEPART
                 VALUE   DATE(S)  VALUE   FROM
                                          NORMAL
................................................
TEMPERATURE (F)
RECORD
 HIGH              78   11/01/1933
                        11/07/1915
 LOW              -17   11/26/1977
HIGHEST            51   11/04        53      -2
LOWEST             11   11/18        21     -10
                        11/10
AVG. MAXIMUM     35.9              44.8    -8.9
AVG. MINIMUM     24.1              28.5    -4.4
MEAN             30.0              36.7    -6.7
DAYS MAX >= 90      0               0.0     0.0
DAYS MAX <= 32     12               4.1     7.9
DAYS MIN <= 32     22              18.9     3.1
DAYS MIN <= 0       0               0.0     0.0

PRECIPITATION (INCHES)
RECORD
 MAXIMUM        10.63   1961
 MINIMUM         0.07   1917
TOTALS           1.92              2.35   -0.43
DAILY AVG.       0.06              0.08   -0.02
DAYS >= .01         8               9.8    -1.8
DAYS >= .10         6
DAYS >= .50         1
DAYS >= 1.00        1               0.4     0.6
GREATEST
 24 HR. TOTAL    1.18   11/03 TO 11/04

SNOWFALL (INCHES)
RECORDS
 TOTAL           12.6   1992
TOTALS            4.2               2.8     1.4
SINCE 7/1         4.2               2.8     1.4
SNOWDEPTH AVG.      0
DAYS >= TRACE       8               2.8     5.2
DAYS >= 1.0         2               0.9     1.1
GREATEST
 SNOW DEPTH         2   11/20
                        11/19
                        11/18
 24 HR TOTAL      2.3   11/17 TO 11/17

DEGREE_DAYS
HEATING TOTAL    1042               851     191
 SINCE 7/1       1693              1500     193
COOLING TOTAL       0                 0       0
 SINCE 1/1        848               643     205
.................................................

WIND (MPH)
AVERAGE WIND SPEED              10.4
HIGHEST WIND SPEED/DIRECTION    30/010    DATE  11/25
HIGHEST GUST SPEED/DIRECTION    42/010    DATE  11/25

SKY COVER
POSSIBLE SUNSHINE (PERCENT)   MM
AVERAGE SKY COVER           0.60
NUMBER OF DAYS FAIR            7
NUMBER OF DAYS PC              8
NUMBER OF DAYS CLOUDY         15

AVERAGE RH (PERCENT)     76

WEATHER CONDITIONS. NUMBER OF DAYS WITH
THUNDERSTORM              0     HAIL                     0
SLEET                     0     FOG                     13
FOG W/VIS <= 1/4 MILE     1     HAZE                     4

-  INDICATES NEGATIVE NUMBERS.
R  INDICATES RECORD WAS SET OR TIED.
MM INDICATES DATA IS MISSING.
T  INDICATES TRACE AMOUNT.

NOTE: SUPPLEMENTAL CLIMATE DATA WAS USED FROM A NEARBY
CLIMATOLOGICALLY REPRESENTATIVE STATION.

$$
