000
CXUS53 KDVN 010852
CLMDBQ


CLIMATE REPORT
NATIONAL WEATHER SERVICE QUAD CITIES IA IL
245 AM CST THU FEB 1 2018

...................................

...THE DUBUQUE CLIMATE SUMMARY FOR THE MONTH OF JANUARY 2018...

CLIMATE NORMAL PERIOD 1981 TO 2010
CLIMATE RECORD PERIOD 1873 TO 2018

WEATHER         OBSERVED          NORMAL  DEPART
                 VALUE   DATE(S)  VALUE   FROM
                                          NORMAL
................................................
TEMPERATURE (F)
RECORD
 HIGH              63   01/01/1897
 LOW              -32   01/07/1887
HIGHEST            49   01/26        28      21
LOWEST            -21   01/01        11     -32
AVG. MAXIMUM     27.6              26.7     0.9
AVG. MINIMUM     10.8              11.2    -0.4
MEAN             19.2              19.0     0.2
DAYS MAX >= 90      0               0.0     0.0
DAYS MAX <= 32     18              20.2    -2.2
DAYS MIN <= 32     29              30.0    -1.0
DAYS MIN <= 0      11               6.7     4.3

PRECIPITATION (INCHES)
RECORD
 MAXIMUM         6.04   1960
 MINIMUM         0.11   1925
TOTALS           1.19              1.17    0.02
DAILY AVG.       0.04              0.04    0.00
DAYS >= .01         7               8.7    -1.7
DAYS >= .10         1
DAYS >= .50         1
DAYS >= 1.00        0               0.0     0.0
GREATEST
 24 HR. TOTAL    1.00   01/21 TO 01/22

SNOWFALL (INCHES)
RECORDS
 TOTAL           34.3   1929
TOTALS            3.5              10.0    -6.5
SINCE 7/1         9.2              24.6   -15.4
SNOWDEPTH AVG.      1
DAYS >= TRACE       9               7.2     1.8
DAYS >= 1.0         2               3.3    -1.3
GREATEST
 SNOW DEPTH         3   01/17
                        01/16
                        01/08
 24 HR TOTAL      2.9   01/14 TO 01/15

DEGREE_DAYS
HEATING TOTAL    1413              1427     -14
 SINCE 7/1       4092              4237    -145
COOLING TOTAL       0                 0       0
 SINCE 1/1          0                 0       0
.................................................

WIND (MPH)
AVERAGE WIND SPEED              11.2
HIGHEST WIND SPEED/DIRECTION    29/190    DATE  01/26
HIGHEST GUST SPEED/DIRECTION    40/180    DATE  01/31

SKY COVER
POSSIBLE SUNSHINE (PERCENT)   MM
AVERAGE SKY COVER           0.40
NUMBER OF DAYS FAIR           16
NUMBER OF DAYS PC              6
NUMBER OF DAYS CLOUDY          9

AVERAGE RH (PERCENT)     76

WEATHER CONDITIONS. NUMBER OF DAYS WITH
THUNDERSTORM              1     HAIL                       0
SLEET                     1     FOG                       15
FOG W/VIS <= 1/4 MILE     4     HAZE                       8

-  INDICATES NEGATIVE NUMBERS.
R  INDICATES RECORD WAS SET OR TIED.
MM INDICATES DATA IS MISSING.
T  INDICATES TRACE AMOUNT.

Data includes supplimental snow and precipitation reports from DUBI4

$$
