842
CXUS51 KLWX 010925
CLMDCA

CLIMATE REPORT
NATIONAL WEATHER SERVICE BALTIMORE MD/WASHINGTON DC
525 AM EDT MON OCT 1 2018

...................................

...THE WASHINGTON NATIONAL DC CLIMATE SUMMARY FOR THE MONTH OF SEPTEMBER 2018...

CLIMATE NORMAL PERIOD 1981 TO 2010
CLIMATE RECORD PERIOD 1871 TO 2018

WEATHER         OBSERVED          NORMAL  DEPART  LAST YEAR`S
                 VALUE   DATE(S)  VALUE   FROM    VALUE
                                          NORMAL
.............................................................
TEMPERATURE (F)
RECORD
 HIGH             104   09/07/1881
 LOW               36   09/23/1904
HIGHEST            95   09/04        92       3
LOWEST             59   09/27        48      11
AVG. MAXIMUM     81.8              79.5     2.3     80.8
AVG. MINIMUM     69.1              62.4     6.7     64.2
MEAN             75.4              71.0     4.4
DAYS MAX >= 90      5               2.4     2.6
DAYS MAX <= 32      0               0.0     0.0
DAYS MIN <= 32      0               0.0     0.0
DAYS MIN <= 0       0               0.0     0.0

PRECIPITATION (INCHES)
RECORD
 MAXIMUM        17.45   1934
 MINIMUM         0.11   2005
TOTALS           9.73              3.72    6.01     1.43
DAILY AVG.       0.32              0.12    0.20
DAYS >= .01        16               8.3     7.7
DAYS >= .10        13               5.5     7.5
DAYS >= .50         6               2.4     3.6
DAYS >= 1.00        3               1.0     2.0
GREATEST
 24 HR. TOTAL    2.89   09/07 TO 09/07

DEGREE_DAYS
HEATING TOTAL       1                24     -23        6
 SINCE 7/1          1                24     -23        6
COOLING TOTAL     324               202     122      241
 SINCE 1/1       1927              1513     414     1732
..............................................................

WIND (MPH)
AVERAGE WIND SPEED              8.1
HIGHEST WIND SPEED/DIRECTION    25/050    DATE  09/09
HIGHEST GUST SPEED/DIRECTION    34/190    DATE  09/01

SKY COVER
POSSIBLE SUNSHINE (PERCENT)   MM
AVERAGE SKY COVER           0.70
NUMBER OF DAYS FAIR            3
NUMBER OF DAYS PC             10
NUMBER OF DAYS CLOUDY         17

AVERAGE RH (PERCENT)     77

WEATHER CONDITIONS. NUMBER OF DAYS WITH
THUNDERSTORM              M     MIXED PRECIP               0
HEAVY RAIN                M     RAIN                      12
LIGHT RAIN                M     FREEZING RAIN              0
LT FREEZING RAIN          M     HAIL                       0
HEAVY SNOW                M     SNOW                       0
LIGHT SNOW                M     SLEET                      0
FOG                       M     FOG W/VIS <= 1/4 MILE      2
HAZE                      3

-  INDICATES NEGATIVE NUMBERS.
R  INDICATES RECORD WAS SET OR TIED.
MM INDICATES DATA IS MISSING.
T  INDICATES TRACE AMOUNT.

&&

WASHINGTON DC...RONALD REAGAN WASHINGTON NATIONAL AIRPORT...

THE AVERAGE TEMPERATURE IN SEPTEMBER 2018 WAS WELL ABOVE NORMAL. IN
FACT, THE DEGREE OF WARMTH MADE SEPTEMBER 2018 THE 5HT WARMEST
SEPTEMBER ON RECORD. IT WAS THE WARMEST SEPTEMBER SINCE 2016, WHEN
THE AVERAGE TEMPERATURE WAS 76.0 DEGREES.

MONTHLY PRECIPITATION WAS 262 PERCENT OF NORMAL. THIS MADE SEPTEMBER
2018 THE 5TH WETTEST ON RECORD. IT WAS THE WETTEST SEPTEMBER SINCE
1999, WHEN 9.73 INCHES OF PRECIPITATION FELL.

A DAILY RECORD HIGH MAXIMUM TEMPERATURE OF 95 DEGREES WAS TIED ON
SEPTEMBER 4TH. THIS TIED THE RECORD PREVIOUSLY SET MOST RECENTLY
BACK IN 2008.

A MONTHLY AND DAILY RECORD HIGH MINIMUM TEMPERATURE OF 79 DEGREES
WAS ALSO SET ON SEPTEMBER 4TH. THIS BROKE THE DAILY RECORD FOR
SEPTEMBER 4TH OF 76 DEGREES, SET BACK IN 2012. THIS ALSO TIED THE
MONTHLY RECORD HIGH MINIMUM TEMPERATURE WHICH WAS MOST RECENTLY SET
ON SEPTEMBER 3RD 1993.

A DAILY RECORD HIGH MINIMUM TEMPERATURE OF 78 DEGREES WAS TIED ON
SEPTEMBER 5TH. THE RECORD WAS PREVIOUSLY SET BACK IN 2012.

A DAILY RECORD HIGH MINIMUM TEMPERATURE OF 78 DEGREES WAS SET ON
SEPTEMBER 6TH. THIS BROKE THE OLD RECORD OF 77 SET BACK IN 1983.

A DAILY RECORD MAXIMUM TOTAL PRECIPITATION OF 1.59 INCHES WAS SET ON
SEPTEMBER 9TH. THIS BROKE THE OLD RECORD OF 1.48 INCHES SET BACK IN
1880.

A DAILY RECORD HIGH MINIMUM TEMPERATURE OF 73 DEGREES WAS TIED ON
SEPTEMBER 18TH. THE RECORD WAS PREVIOUSLY SET BACK IN 1991.

A DAILY RECORD HIGH MINIMUM TEMPERATURE OF 72 DEGREES WAS TIED ON
SEPTEMBER 26TH. THE RECORD WAS PREVIOUSLY SET BACK IN 1970.

WEATHER RECORDS FOR THE WASHINGTON DC AREA HAVE BEEN RECORDED AT
WHAT IS NOW RONALD REAGAN WASHINGTON NATIONAL AIRPORT SINCE 1941.
THE OFFICIAL WEATHER RECORD CONSISTS OF THAT DATA BACK TO 1945, AND
OBSERVATIONS TAKEN IN DOWNTOWN WASHINGTON FROM 1871 THROUGH 1944.
TEMPERATURE RECORDS FOR THE WASHINGTON DC AREA EXTEND BACK TO
JANUARY OF 1872, WITH PRECIPITATION RECORDS EXTENDING BACK TO
JANUARY OF 1871 AND SNOWFALL RECORDS EXTENDING BACK TO JANUARY OF
1884.

ALL CLIMATE DATA ARE CONSIDERED PRELIMINARY UNTIL REVIEWED BY THE
NATIONAL CENTERS FOR ENVIRONMENTAL INFORMATION (NCEI)

$$

RCM
