000
CXUS51 KALY 010919
CLMDDH


CLIMATE REPORT
NATIONAL WEATHER SERVICE ALBANY NY
515 AM EDT FRI JUN 1 2018

...................................

...THE BENNINGTON VT CLIMATE SUMMARY FOR THE MONTH OF MAY 2018...

CLIMATE NORMAL PERIOD 1981 TO 2010
CLIMATE RECORD PERIOD 9999 TO 9999

WEATHER         OBSERVED          NORMAL  DEPART  LAST YEAR`S
                 VALUE   DATE(S)  VALUE   FROM    VALUE  DATE(S)
                                          NORMAL
................................................................
TEMPERATURE (F)
HIGHEST            87   05/02                         90  05/18
LOWEST             38   05/08                         29  05/04
AVG. MAXIMUM     73.7              67.0     6.7     65.1
AVG. MINIMUM     49.0              43.3     5.7     44.5
MEAN             61.3              55.1     6.2     54.8
DAYS MAX >= 90      0               0.1    -0.1        1
DAYS MAX <= 32      0               0.0     0.0        0
DAYS MIN <= 32      0               3.3    -3.3        1
DAYS MIN <= 0       0               0.0     0.0        0

PRECIPITATION (INCHES)
TOTALS           1.85              3.66   -1.81     7.13
DAILY AVG.       0.06              0.12   -0.06     0.24
DAYS >= .01        11                                 16
DAYS >= .10         6                                 13
DAYS >= .50         1                                  7
DAYS >= 1.00        0                                  2
GREATEST
 24 HR. TOTAL    0.52   05/04 TO 05/04

DEGREE_DAYS
HEATING TOTAL     134               316    -182      320
 SINCE 7/1       6702              7139    -437     6399
COOLING TOTAL      27                11      16       12
 SINCE 1/1         27                14      13       15

FREEZE DATES
EARLIEST                        10/01
LATEST                          05/10
.................................................................

WIND (MPH)
AVERAGE WIND SPEED              4.6
HIGHEST WIND SPEED/DIRECTION    36/190    DATE  05/04
HIGHEST GUST SPEED/DIRECTION    53/290    DATE  05/04

SKY COVER
AVERAGE SKY COVER           0.40

AVERAGE RH (PERCENT)     63

-  INDICATES NEGATIVE NUMBERS.
R  INDICATES RECORD WAS SET OR TIED.
MM INDICATES DATA IS MISSING.
T  INDICATES TRACE AMOUNT.

$$
