463
CXUS51 KALY 010743
CLMDDH


CLIMATE REPORT
NATIONAL WEATHER SERVICE ALBANY NY
338 AM EDT SAT SEP 1 2018

...................................

...THE BENNINGTON VT CLIMATE SUMMARY FOR THE MONTH OF AUGUST 2018...

CLIMATE NORMAL PERIOD 1981 TO 2010
CLIMATE RECORD PERIOD 9999 TO 9999

WEATHER         OBSERVED          NORMAL  DEPART  LAST YEAR`S
                 VALUE   DATE(S)  VALUE   FROM    VALUE  DATE(S)
                                          NORMAL
................................................................
TEMPERATURE (F)
HIGHEST            92   08/29                         88  08/22
LOWEST             50   08/24                         42  08/26
AVG. MAXIMUM     81.7              77.7     4.0     77.6
AVG. MINIMUM     61.4              55.2     6.2     53.7
MEAN             71.6              66.4     5.2     65.7
DAYS MAX >= 90      2               0.3     1.7        0
DAYS MAX <= 32      0               0.0     0.0        0
DAYS MIN <= 32      0               0.0     0.0        0
DAYS MIN <= 0       0               0.0     0.0        0

PRECIPITATION (INCHES)
TOTALS           4.84              4.00    0.84     2.83
DAILY AVG.       0.16              0.13    0.03     0.09
DAYS >= .01        17                                  9
DAYS >= .10         9                                  5
DAYS >= .50         2                                  1
DAYS >= 1.00        2                                  1
GREATEST
 24 HR. TOTAL    1.51   08/03 TO 08/03

DEGREE_DAYS
HEATING TOTAL       2                48     -46       54
 SINCE 7/1          8                72     -64       67
COOLING TOTAL     211                93     118       86
 SINCE 1/1        514               288     226      307

FREEZE DATES
EARLIEST                        10/01
LATEST                          05/10
.................................................................

WIND (MPH)
AVERAGE WIND SPEED              3.2
HIGHEST WIND SPEED/DIRECTION    17/190    DATE  08/17
HIGHEST GUST SPEED/DIRECTION    26/190    DATE  08/17

SKY COVER
AVERAGE SKY COVER           0.50

AVERAGE RH (PERCENT)     77

-  INDICATES NEGATIVE NUMBERS.
R  INDICATES RECORD WAS SET OR TIED.
MM INDICATES DATA IS MISSING.
T  INDICATES TRACE AMOUNT.

$$
