000
CXUS51 KALY 040059
CLMDDH


CLIMATE REPORT
NATIONAL WEATHER SERVICE ALBANY NY
754 PM EST MON DEC 3 2018

...................................

...THE BENNINGTON VT CLIMATE SUMMARY FOR THE MONTH OF NOVEMBER 2018...

CLIMATE NORMAL PERIOD 1981 TO 2010
CLIMATE RECORD PERIOD 9999 TO 9999

WEATHER         OBSERVED          NORMAL  DEPART  LAST YEAR`S
                 VALUE   DATE(S)  VALUE   FROM    VALUE  DATE(S)
                                          NORMAL
................................................................
TEMPERATURE (F)
HIGHEST            67   11/02                         68  11/02
LOWEST              0R  11/23                         14  11/11
AVG. MAXIMUM     42.3              47.5    -5.2     48.5
AVG. MINIMUM     28.9              29.7    -0.8     27.7
MEAN             35.6              38.6    -3.0     38.1
DAYS MAX >= 90      0               0.0     0.0        0
DAYS MAX <= 32      4               2.0     2.0        1
DAYS MIN <= 32     21              18.7     2.3       24
DAYS MIN <= 0       1               0.0     1.0        0

PRECIPITATION (INCHES)
TOTALS           5.73              3.11    2.62     1.45
DAILY AVG.       0.19              0.10    0.09     0.05
DAYS >= .01        19                                 12
DAYS >= .10        13                                  5
DAYS >= .50         4                                  0
DAYS >= 1.00        1                                  0
GREATEST
 24 HR. TOTAL    1.18   11/02 TO 11/02

DEGREE_DAYS
HEATING TOTAL     874               792      82      799
 SINCE 7/1       1505              1613    -108     1300
COOLING TOTAL       0                 0       0        0
 SINCE 1/1        637               313     324      395

FREEZE DATES
EARLIEST                        10/01
LATEST                          05/10
.................................................................

WIND (MPH)
AVERAGE WIND SPEED              5.5
HIGHEST WIND SPEED/DIRECTION    28/130    DATE  11/26
HIGHEST GUST SPEED/DIRECTION    42/070    DATE  11/16

SKY COVER
AVERAGE SKY COVER           0.70

AVERAGE RH (PERCENT)     72

WEATHER CONDITIONS. NUMBER OF DAYS WITH
  0
  5
  0
  0
  4
  0
  2
HAZE                      1

-  INDICATES NEGATIVE NUMBERS.
R  INDICATES RECORD WAS SET OR TIED.
MM INDICATES DATA IS MISSING.
T  INDICATES TRACE AMOUNT.

$$
