000
CXUS56 KOTX 011229 AAA
CLMDEW

CLIMATE REPORT
NATIONAL WEATHER SERVICE SPOKANE, WA
402 AM PST SAT DEC 1 2018

...................................

...THE DEER_PARK WA AIRPORT CLIMATE SUMMARY FOR THE MONTH OF NOVEMBER 2018...

CLIMATE NORMAL PERIOD 1981 TO 2010
CLIMATE RECORD PERIOD 9999 TO 9999

WEATHER         OBSERVED          NORMAL  DEPART  LAST YEAR`S
                 VALUE   DATE(S)  VALUE   FROM    VALUE  DATE(S)
                                          NORMAL
................................................................
TEMPERATURE (F)
RECORD
 HIGH              MM   MM
 LOW               MM   MM
HIGHEST            59   11/04        MM      MM       58  11/23
                        11/02
LOWEST             15   11/08        MM      MM        8  11/06
AVG. MAXIMUM     42.6              41.6     1.0     42.3
AVG. MINIMUM     26.4              26.1     0.3     30.4
MEAN             34.5              33.9     0.6     36.3
DAYS MAX >= 90      0               0.0     0.0        0
DAYS MAX <= 32      0               3.5    -3.5        2
DAYS MIN <= 32     23              22.4     0.6       16
DAYS MIN <= 0       0               0.2    -0.2        0

PRECIPITATION (INCHES)
RECORD
 MAXIMUM           MM   MM
 MINIMUM           MM   MM
TOTALS           2.48              3.33   -0.85     4.30
DAILY AVG.       0.08              0.11   -0.03     0.14
DAYS >= .01        13                MM      MM       20
DAYS >= .10         7                MM      MM       14
DAYS >= .50         2                MM      MM        1
DAYS >= 1.00        0                MM      MM        0
GREATEST
 24 HR. TOTAL    0.67   11/27 TO 11/27              0.95

DEGREE_DAYS
HEATING TOTAL     910               935     -25      851
 SINCE 7/1       1962              2003     -41     1792
COOLING TOTAL       0                 0       0        0
 SINCE 1/1        234               187      47      305
.................................................................

WIND (MPH)
AVERAGE WIND SPEED              3.5
HIGHEST WIND SPEED/DIRECTION    22/220    DATE  11/22
HIGHEST GUST SPEED/DIRECTION    39/030    DATE  11/17

SKY COVER
POSSIBLE SUNSHINE (PERCENT)   MM
AVERAGE SKY COVER           0.60
NUMBER OF DAYS FAIR            6
NUMBER OF DAYS PC             10
NUMBER OF DAYS CLOUDY         14

AVERAGE RH (PERCENT)     84

WEATHER CONDITIONS. NUMBER OF DAYS WITH
THUNDERSTORM              0     MIXED PRECIP               0
HEAVY RAIN                0     RAIN                       4
LIGHT RAIN               13     FREEZING RAIN              0
LT FREEZING RAIN          0     HAIL                       0
HEAVY SNOW                0     SNOW                       0
LIGHT SNOW                5     SLEET                      0
FOG                      26     FOG W/VIS <= 1/4 MILE     10
HAZE                      6

-  INDICATES NEGATIVE NUMBERS.
R  INDICATES RECORD WAS SET OR TIED.
MM INDICATES DATA IS MISSING.
T  INDICATES TRACE AMOUNT.

$$
