000
CXUS56 KOTX 011300
CLMDEW


CLIMATE REPORT
NATIONAL WEATHER SERVICE SPOKANE, WA
509 AM PDT FRI JUN 1 2018

...................................

...THE DEER_PARK WA AIRPORT CLIMATE SUMMARY FOR THE MONTH OF MAY 2018...

CLIMATE NORMAL PERIOD 1981 TO 2010
CLIMATE RECORD PERIOD 9999 TO 9999

WEATHER         OBSERVED          NORMAL  DEPART  LAST YEAR`S
                 VALUE   DATE(S)  VALUE   FROM    VALUE  DATE(S)
                                          NORMAL
................................................................
TEMPERATURE (F)
RECORD
 HIGH              MM   MM
 LOW               MM   MM
HIGHEST            85   05/23        MM      MM       88  05/30
                        05/22
LOWEST             31   05/02        MM      MM       27  05/15
AVG. MAXIMUM     73.8              66.2     7.6     68.1
AVG. MINIMUM     44.7              38.0     6.7     39.7
MEAN             59.3              52.1     7.2     53.9
DAYS MAX >= 90      0               0.0     0.0        0
DAYS MAX <= 32      0               0.0     0.0        0
DAYS MIN <= 32      1               6.5    -5.5        5
DAYS MIN <= 0       0               0.0     0.0        0

PRECIPITATION (INCHES)
RECORD
 MAXIMUM           MM   MM
 MINIMUM           MM   MM
TOTALS           1.71              1.84   -0.13     1.84
DAILY AVG.       0.06              0.06    0.00     0.06
DAYS >= .01         7                MM      MM        9
DAYS >= .10         5                MM      MM        4
DAYS >= .50         1                MM      MM        1
DAYS >= 1.00        0                MM      MM        0
GREATEST
 24 HR. TOTAL    0.72   05/17 TO 05/17              0.73

DEGREE_DAYS
HEATING TOTAL     178               403    -225      345
 SINCE 7/1       6797              7214    -417     7318
COOLING TOTAL       7                 3       4        6
 SINCE 1/1          7                 3       4        6
.................................................................

WIND (MPH)
AVERAGE WIND SPEED              5.5
HIGHEST WIND SPEED/DIRECTION    28/070    DATE  05/23
HIGHEST GUST SPEED/DIRECTION    40/020    DATE  05/23

SKY COVER
POSSIBLE SUNSHINE (PERCENT)   MM
AVERAGE SKY COVER           0.30
NUMBER OF DAYS FAIR           21
NUMBER OF DAYS PC              6
NUMBER OF DAYS CLOUDY          4

AVERAGE RH (PERCENT)     64

WEATHER CONDITIONS. NUMBER OF DAYS WITH
THUNDERSTORM              3     MIXED PRECIP               0
HEAVY RAIN                3     RAIN                       3
LIGHT RAIN               12     FREEZING RAIN              0
LT FREEZING RAIN          0     HAIL                       0
HEAVY SNOW                0     SNOW                       0
LIGHT SNOW                0     SLEET                      0
FOG                       6     FOG W/VIS <= 1/4 MILE      1
HAZE                      0

-  INDICATES NEGATIVE NUMBERS.
R  INDICATES RECORD WAS SET OR TIED.
MM INDICATES DATA IS MISSING.
T  INDICATES TRACE AMOUNT.

$$
