000
CXUS56 KOTX 011654 CCA
CLMDEW

CLIMATE REPORT
NATIONAL WEATHER SERVICE SPOKANE, WA
541 AM PDT SAT SEP 1 2018

...................................

...THE DEER_PARK WA AIRPORT CLIMATE SUMMARY FOR THE MONTH OF AUGUST 2018...

CLIMATE NORMAL PERIOD 1981 TO 2010
CLIMATE RECORD PERIOD 9999 TO 9999

WEATHER         OBSERVED          NORMAL  DEPART  LAST YEAR`S
                 VALUE   DATE(S)  VALUE   FROM    VALUE  DATE(S)
                                          NORMAL
................................................................
TEMPERATURE (F)
RECORD
 HIGH              MM   MM
 LOW               MM   MM
HIGHEST           105   08/10        MM      MM       99  08/29
LOWEST             39   08/22        MM      MM       35  08/25
AVG. MAXIMUM     84.5              83.4     1.1     88.3
AVG. MINIMUM     47.6              46.7     0.9     47.8
MEAN             66.0              65.1     0.9     68.0
DAYS MAX >= 90      9               6.2     2.8       16
DAYS MAX <= 32      0               0.0     0.0        0
DAYS MIN <= 32      0               0.1    -0.1        0
DAYS MIN <= 0       0               0.0     0.0        0

PRECIPITATION (INCHES)
RECORD
 MAXIMUM           MM   MM
 MINIMUM           MM   MM
TOTALS           0.34              0.84   -0.50     0.02
DAILY AVG.       0.01              0.03   -0.02     0.00
DAYS >= .01         3                MM      MM        1
DAYS >= .10         2                MM      MM        0
DAYS >= .50         0                MM      MM        0
DAYS >= 1.00        0                MM      MM        0
GREATEST
 24 HR. TOTAL    0.18   08/27 TO 08/27              0.02

DEGREE_DAYS
HEATING TOTAL      54                76     -22       26
 SINCE 7/1        102               144     -42       37
COOLING TOTAL      95                78      17      127
 SINCE 1/1        234               175      59      269
.................................................................

WIND (MPH)
AVERAGE WIND SPEED              5.3
HIGHEST WIND SPEED/DIRECTION    25/050    DATE  08/20
HIGHEST GUST SPEED/DIRECTION    34/050    DATE  08/20

SKY COVER
POSSIBLE SUNSHINE (PERCENT)   MM
AVERAGE SKY COVER           0.10
NUMBER OF DAYS FAIR           28
NUMBER OF DAYS PC              3
NUMBER OF DAYS CLOUDY          0

AVERAGE RH (PERCENT)     49

WEATHER CONDITIONS. NUMBER OF DAYS WITH
THUNDERSTORM              3     MIXED PRECIP               0
HEAVY RAIN                0     RAIN                       1
LIGHT RAIN                6     FREEZING RAIN              0
LT FREEZING RAIN          0     HAIL                       0
HEAVY SNOW                0     SNOW                       0
LIGHT SNOW                0     SLEET                      0
FOG                       6     FOG W/VIS <= 1/4 MILE      1
HAZE                     21

-  INDICATES NEGATIVE NUMBERS.
R  INDICATES RECORD WAS SET OR TIED.
MM INDICATES DATA IS MISSING.
T  INDICATES TRACE AMOUNT.

$$
