000
CXUS54 KFWD 010848
CLMDFW

CLIMATE REPORT
NATIONAL WEATHER SERVICE FORT WORTH TX
339 AM CDT THU NOV 1 2018

...................................

...THE DALLAS FORT WORTH CLIMATE SUMMARY FOR THE MONTH OF OCTOBER
2018...

CLIMATE NORMAL PERIOD 1981 TO 2010
CLIMATE RECORD PERIOD 1898 TO 2018

WEATHER         OBSERVED          NORMAL  DEPART  LAST YEAR`S
                 VALUE   DATE(S)  VALUE   FROM    VALUE  DATE(S)
                                          NORMAL
................................................................
TEMPERATURE (F)
RECORD
 HIGH             106   10/03/1951
 LOW               24   10/30/1917
HIGHEST            91   10/03        92      -1       96  10/09
LOWEST             41   10/15        41       0       34  10/28
AVG. MAXIMUM     74.1              78.3    -4.2     82.5
AVG. MINIMUM     58.3              56.8     1.5     56.6
MEAN             66.2              67.5    -1.3     69.6
DAYS MAX >= 90      2               1.9     0.1        8
DAYS MAX <= 32      0               0.0     0.0        0
DAYS MAX >= 100     0                                  0
DAYS MIN <= 32      0               0.1    -0.1        0
DAYS MIN <= 0       0               0.0     0.0        0
DAYS MIN >= 80      0                                  0

PRECIPITATION (INCHES)
RECORD
 MAXIMUM        14.18   1981
 MINIMUM            T   1975
                        1924
TOTALS          15.66R             4.22   11.44     2.12
DAILY AVG.       0.51              0.14    0.37     0.07
DAYS >= .01        14               7.4     6.6        7
DAYS >= .10        12               4.9     7.1        4
DAYS >= .50        10               2.7     7.3        1
DAYS >= 1.00        7               1.4     5.6        1
GREATEST
 24 HR. TOTAL    2.93   10/15 TO 10/15              1.21

SNOWFALL (INCHES)
RECORDS
 TOTAL              T   1993
                        1925
 24 HR TOTAL        T   10/29/1993 TO 10/29/1993
                        10/28/1925 TO 10/28/1925
TOTALS            0.0               0.0     0.0      0.0
SINCE 7/1         0.0               0.0     0.0      0.0
SNOWDEPTH AVG.      0                MM      MM        0
DAYS >= TRACE       0                                  0
DAYS >= 1.0         0               0.0     0.0        0
GREATEST
 SNOW DEPTH         0   MM                             0  MM

DEGREE_DAYS
HEATING TOTAL     103                66      37       59
 SINCE 7/1        103                72      31       59
COOLING TOTAL     148               146       2      209
 SINCE 1/1       3148              2723     425     3186
.................................................................

WIND (MPH)
AVERAGE WIND SPEED              9.0
HIGHEST WIND SPEED/DIRECTION    36/130    DATE  10/07
HIGHEST GUST SPEED/DIRECTION    48/130    DATE  10/07

SKY COVER
POSSIBLE SUNSHINE (PERCENT)   MM
AVERAGE SKY COVER           0.60
NUMBER OF DAYS FAIR            9
NUMBER OF DAYS PC              7
NUMBER OF DAYS CLOUDY         15

AVERAGE RH (PERCENT)     75

WEATHER CONDITIONS. NUMBER OF DAYS WITH
THUNDERSTORM              8     MIXED PRECIP                0
HEAVY RAIN               11     RAIN                       12
LIGHT RAIN               18     FREEZING RAIN               0
LT FREEZING RAIN          0     HAIL                        0
HEAVY SNOW                0     SNOW                        0
LIGHT SNOW                0     SLEET                       0
FOG                      16     FOG W/VIS <= 1/4 MILE       0
HAZE                      5

-  INDICATES NEGATIVE NUMBERS.
R  INDICATES RECORD WAS SET OR TIED.
MM INDICATES DATA IS MISSING.
T  INDICATES TRACE AMOUNT.

$$
