000
CXUS54 KFWD 101539
CLMDFW


CLIMATE REPORT
NATIONAL WEATHER SERVICE FORT WORTH TX
1038 AM CDT THU MAY 10 2018

...................................

...THE DALLAS FORT WORTH CLIMATE SUMMARY FOR THE MONTH OF APRIL 2018...

CLIMATE NORMAL PERIOD 1981 TO 2010
CLIMATE RECORD PERIOD 1898 TO 2018

WEATHER         OBSERVED          NORMAL  DEPART  LAST YEAR`S
                 VALUE   DATE(S)  VALUE   FROM    VALUE  DATE(S)
                                          NORMAL
................................................................
TEMPERATURE (F)
RECORD
 HIGH             101   04/17/2006
 LOW               29   04/11/1989
HIGHEST            88   04/13        89      -1       91  04/29
LOWEST             34   04/07        38      -4       46  04/27
AVG. MAXIMUM     74.4              76.3    -1.9     79.8
AVG. MINIMUM     48.9              54.8    -5.9     58.7
MEAN             61.6              65.5    -3.9     69.3
DAYS MAX >= 90      0               0.7    -0.7        1
DAYS MAX <= 32      0               0.0     0.0        0
DAYS MAX >= 100     0                                  0
DAYS MIN <= 32      0               0.1    -0.1        0
DAYS MIN <= 0       0               0.0     0.0        0
DAYS MIN >= 80      0                                  0

PRECIPITATION (INCHES)
RECORD
 MAXIMUM        17.64   1922
 MINIMUM         0.11   1987
TOTALS           0.77              3.07   -2.30     3.38
DAILY AVG.       0.03              0.10   -0.07     0.11
DAYS >= .01         5               6.6    -1.6        6
DAYS >= .10         3               4.3    -1.3        4
DAYS >= .50         0               2.2    -2.2        2
DAYS >= 1.00        0               1.0    -1.0        1
GREATEST
 24 HR. TOTAL    0.45   04/21 TO 04/21              2.14

SNOWFALL (INCHES)
RECORDS
 TOTAL              T   2007
                        1938
                        1928
 24 HR TOTAL        T   04/07/2007 TO 04/07/2007
                        04/07/1938 TO 04/08/1938
                        04/14/1928 TO 04/14/1928
TOTALS            0.0               0.0     0.0      0.0
SINCE 7/1           T               1.6    -1.6      0.1
SNOWDEPTH AVG.      0                MM      MM        0
DAYS >= TRACE       0                                  0
DAYS >= 1.0         0               0.0     0.0        0
GREATEST
 SNOW DEPTH         0   MM                             0  MM
 24 HR TOTAL      0.0   04/30 TO 04/30               0.0

DEGREE_DAYS
HEATING TOTAL     150                83      67       24
 SINCE 7/1       1931              2276    -345     1305
COOLING TOTAL      57                99     -42      160
 SINCE 1/1        149               138      11      351
.................................................................

WIND (MPH)
AVERAGE WIND SPEED              13.2
HIGHEST WIND SPEED/DIRECTION    37/310    DATE  04/13
HIGHEST GUST SPEED/DIRECTION    47/190    DATE  04/12

SKY COVER
POSSIBLE SUNSHINE (PERCENT)   MM
AVERAGE SKY COVER           0.50
NUMBER OF DAYS FAIR           10
NUMBER OF DAYS PC             14
NUMBER OF DAYS CLOUDY          6

AVERAGE RH (PERCENT)     59

WEATHER CONDITIONS. NUMBER OF DAYS WITH
  0
  3
  0
  0
  0
  0
  0
HAZE                      0

-  INDICATES NEGATIVE NUMBERS.
R  INDICATES RECORD WAS SET OR TIED.
MM INDICATES DATA IS MISSING.
T  INDICATES TRACE AMOUNT.

$$
