536
CXUS54 KFWD 010843
CLMDFW

CLIMATE REPORT
NATIONAL WEATHER SERVICE FORT WORTH TX
343 AM CDT WED AUG 1 2018

...................................

...THE DALLAS FORT WORTH CLIMATE SUMMARY FOR THE MONTH OF JULY 2018...

CLIMATE NORMAL PERIOD 1981 TO 2010
CLIMATE RECORD PERIOD 1898 TO 2018

WEATHER         OBSERVED          NORMAL  DEPART  LAST YEAR`S
                 VALUE   DATE(S)  VALUE   FROM    VALUE  DATE(S)
                                          NORMAL
................................................................
TEMPERATURE (F)
RECORD
 HIGH             110   07/12/1998
                        07/18/1980
                        07/02/1980
 LOW               56   07/05/1924
                        07/10/1905
HIGHEST           109   07/22       103       6      102  07/28
                        07/21
LOWEST             72   07/31        68       4       70  07/04
                        07/30                             07/01
                        07/13
AVG. MAXIMUM    100.0              95.6     4.4     96.1
AVG. MINIMUM     77.6              75.1     2.5     77.2
MEAN             88.8              85.3     3.5     86.6
DAYS MAX >= 90     31              27.4     3.6       30
DAYS MAX <= 32      0               0.0     0.0        0
DAYS MAX >= 100    17                                  6
DAYS MIN <= 32      0               0.0     0.0        0
DAYS MIN <= 0       0               0.0     0.0        0
DAYS MIN >= 80     10                                  7

PRECIPITATION (INCHES)
RECORD
 MAXIMUM        11.13   1973
 MINIMUM         0.00   1993
TOTALS           0.25              2.16   -1.91     4.12
DAILY AVG.       0.01              0.07   -0.06     0.13
DAYS >= .01         4               4.5    -0.5        8
DAYS >= .10         1               3.1    -2.1        6
DAYS >= .50         0               1.5    -1.5        3
DAYS >= 1.00        0               0.7    -0.7        1
GREATEST
 24 HR. TOTAL    0.16   07/12 TO 07/12              1.20

DEGREE_DAYS
HEATING TOTAL       0                 0       0        0
 SINCE 7/1          0                 0       0        0
COOLING TOTAL     746               631     115      677
 SINCE 1/1       1965              1544     421     1891
.................................................................

WIND (MPH)
AVERAGE WIND SPEED              9.1
HIGHEST WIND SPEED/DIRECTION    43/360    DATE  07/30
HIGHEST GUST SPEED/DIRECTION    50/360    DATE  07/30

SKY COVER
POSSIBLE SUNSHINE (PERCENT)   MM
AVERAGE SKY COVER           0.50
NUMBER OF DAYS FAIR           10
NUMBER OF DAYS PC             16
NUMBER OF DAYS CLOUDY          5

AVERAGE RH (PERCENT)     51

WEATHER CONDITIONS. NUMBER OF DAYS WITH
THUNDERSTORM              4     MIXED PRECIP                0
HEAVY RAIN                1     RAIN                        2
LIGHT RAIN                8     FREEZING RAIN               0
LT FREEZING RAIN          0     HAIL                        0
HEAVY SNOW                0     SNOW                        0
LIGHT SNOW                0     SLEET                       0
FOG                       0     FOG W/VIS <= 1/4 MILE       0
HAZE                      3

-  INDICATES NEGATIVE NUMBERS.
R  INDICATES RECORD WAS SET OR TIED.
MM INDICATES DATA IS MISSING.
T  INDICATES TRACE AMOUNT.

$$
