000
CXUS54 KFWD 010849
CLMDFW

CLIMATE REPORT
NATIONAL WEATHER SERVICE FORT WORTH TX
243 AM CST FRI FEB 1 2019

...................................

...THE DALLAS FORT WORTH CLIMATE SUMMARY FOR THE MONTH OF JANUARY
2019...

CLIMATE NORMAL PERIOD 1981 TO 2010
CLIMATE RECORD PERIOD 1898 TO 2019

WEATHER         OBSERVED          NORMAL  DEPART  LAST YEAR`S
                 VALUE   DATE(S)  VALUE   FROM    VALUE  DATE(S)
                                          NORMAL
................................................................
TEMPERATURE (F)
RECORD
 HIGH              93   01/31/1911
 LOW               -2   01/31/1949
HIGHEST            74   01/07        77      -3       77  01/31
                                                          01/21
LOWEST             25   01/20        17       8       13  01/17
AVG. MAXIMUM     55.5              56.4    -0.9     57.4
AVG. MINIMUM     36.2              35.5     0.7     34.3
MEAN             45.8              45.9    -0.1     45.8
DAYS MAX >= 90      0               0.0     0.0        0
DAYS MAX <= 32      0               0.8    -0.8        3
DAYS MAX >= 100     0                                  0
DAYS MIN <= 32      9              11.0    -2.0       14
DAYS MIN <= 0       0               0.0     0.0        0
DAYS MIN >= 80      0                                  0

PRECIPITATION (INCHES)
RECORD
 MAXIMUM         9.07   1932
 MINIMUM            T   1986
TOTALS           1.58              2.13   -0.55     0.85
DAILY AVG.       0.05              0.07   -0.02     0.03
DAYS >= .01         6               6.6    -0.6        5
DAYS >= .10         3               3.7    -0.7        2
DAYS >= .50         1               1.4    -0.4        1
DAYS >= 1.00        0               0.4    -0.4        0
GREATEST
 24 HR. TOTAL    0.70   01/02 TO 01/02              0.56

SNOWFALL (INCHES)
RECORDS
 TOTAL           12.1   1964
 24 HR TOTAL     12.1   01/15/1964 TO 01/16/1964
TOTALS              T               0.2    -0.2        T
SINCE 7/1           T               0.5    -0.5        T
SNOWDEPTH AVG.      0                MM      MM        0
DAYS >= TRACE       2                                  3
DAYS >= 1.0         0               0.1    -0.1        0
GREATEST
 SNOW DEPTH         0   MM                             0  MM
 24 HR TOTAL        T   01/22 TO 01/22                 T

DEGREE_DAYS
HEATING TOTAL     588               593      -5      588
 SINCE 7/1       1567              1505      62     1267
COOLING TOTAL       0                 2      -2        3
 SINCE 1/1          0                 0       0        3
.................................................................

WIND (MPH)
AVERAGE WIND SPEED              10.8
HIGHEST WIND SPEED/DIRECTION    39/320    DATE  01/19
HIGHEST GUST SPEED/DIRECTION    50/320    DATE  01/19

SKY COVER
POSSIBLE SUNSHINE (PERCENT)   MM
AVERAGE SKY COVER           0.70
NUMBER OF DAYS FAIR            5
NUMBER OF DAYS PC             13
NUMBER OF DAYS CLOUDY         13

AVERAGE RH (PERCENT)     64

WEATHER CONDITIONS. NUMBER OF DAYS WITH
THUNDERSTORM              0     MIXED PRECIP                1
HEAVY RAIN                1     RAIN                        3
LIGHT RAIN               10     FREEZING RAIN               0
LT FREEZING RAIN          0     HAIL                        0
HEAVY SNOW                0     SNOW                        0
LIGHT SNOW                2     SLEET                       0
FOG                       9     FOG W/VIS <= 1/4 MILE       0
HAZE                      1

-  INDICATES NEGATIVE NUMBERS.
R  INDICATES RECORD WAS SET OR TIED.
MM INDICATES DATA IS MISSING.
T  INDICATES TRACE AMOUNT.

$$
