000
CXUS54 KFWD 010838
CLMDFW


CLIMATE REPORT
NATIONAL WEATHER SERVICE FORT WORTH TX
231 AM CST THU FEB 1 2018

...................................

...THE DALLAS FORT WORTH CLIMATE SUMMARY FOR THE MONTH OF JANUARY 2018...

CLIMATE NORMAL PERIOD 1981 TO 2010
CLIMATE RECORD PERIOD 1898 TO 2018

WEATHER         OBSERVED          NORMAL  DEPART  LAST YEAR`S
                 VALUE   DATE(S)  VALUE   FROM    VALUE  DATE(S)
                                          NORMAL
................................................................
TEMPERATURE (F)
RECORD
 HIGH              93   01/31/1911
 LOW               -2   01/31/1949
HIGHEST            77   01/31        77       0       80  01/31
                        01/21                             01/24
                                                          01/11
LOWEST             13   01/17        17      -4       14  01/07
AVG. MAXIMUM     57.4              56.4     1.0     62.0
AVG. MINIMUM     34.3              35.5    -1.2     40.4
MEAN             45.8              45.9    -0.1     51.2
DAYS MAX >= 90      0               0.0     0.0        0
DAYS MAX <= 32      3               0.8     2.2        1
DAYS MAX >= 100     0                                  0
DAYS MIN <= 32     14              11.0     3.0        5
DAYS MIN <= 0       0               0.0     0.0        0
DAYS MIN >= 80      0                                  0

PRECIPITATION (INCHES)
RECORD
 MAXIMUM         9.07   1932
 MINIMUM            T   1986
TOTALS           0.85              2.13   -1.28     4.39
DAILY AVG.       0.03              0.07   -0.04     0.14
DAYS >= .01         5               6.6    -1.6       10
DAYS >= .10         2               3.7    -1.7        5
DAYS >= .50         1               1.4    -0.4        2
DAYS >= 1.00        0               0.4    -0.4        1
GREATEST
 24 HR. TOTAL    0.56   01/21 TO 01/21              3.17

SNOWFALL (INCHES)
RECORDS
 TOTAL           12.1   1964
 24 HR TOTAL     12.1   01/15/1964 TO 01/16/1964
TOTALS              T               0.2    -0.2      0.1
SINCE 7/1           T               0.5    -0.5      0.1
SNOWDEPTH AVG.      0                                  0
DAYS >= TRACE       3                                  1
DAYS >= 1.0         0               0.1    -0.1        0
GREATEST
 SNOW DEPTH         0                                  0
 24 HR TOTAL        T   01/16 TO 01/16               0.1

DEGREE_DAYS
HEATING TOTAL     588               593      -5      427
 SINCE 7/1       1267              1505    -238     1013
COOLING TOTAL       3                 2       1        6
 SINCE 1/1          3                 0       3        6
.................................................................

WIND (MPH)
AVERAGE WIND SPEED              11.6
HIGHEST WIND SPEED/DIRECTION    37/330    DATE  01/11
HIGHEST GUST SPEED/DIRECTION    47/320    DATE  01/11

SKY COVER
POSSIBLE SUNSHINE (PERCENT)   MM
AVERAGE SKY COVER           0.40
NUMBER OF DAYS FAIR           15
NUMBER OF DAYS PC             10
NUMBER OF DAYS CLOUDY          6

AVERAGE RH (PERCENT)     52

WEATHER CONDITIONS. NUMBER OF DAYS WITH
THUNDERSTORM              2     MIXED PRECIP               0
HEAVY RAIN                1     RAIN                       2
LIGHT RAIN                7     FREEZING RAIN              0
LT FREEZING RAIN          0     HAIL                       0
HEAVY SNOW                0     SNOW                       0
LIGHT SNOW                3     SLEET                      1
FOG                       8     FOG W/VIS <= 1/4 MILE      1
HAZE                      4

-  INDICATES NEGATIVE NUMBERS.
R  INDICATES RECORD WAS SET OR TIED.
MM INDICATES DATA IS MISSING.
T  INDICATES TRACE AMOUNT.

$$
